{"id":9630,"date":"2025-09-17T15:23:00","date_gmt":"2025-09-17T13:23:00","guid":{"rendered":"https:\/\/semmelweis.hu\/registrar\/?page_id=9630"},"modified":"2025-09-17T15:29:19","modified_gmt":"2025-09-17T13:29:19","slug":"istvan-szivos-sports-scholarship","status":"publish","type":"page","link":"https:\/\/semmelweis.hu\/registrar\/information\/scholarships\/istvan-szivos-sports-scholarship\/","title":{"rendered":"Istv\u00e1n Sz\u00edv\u00f3s Sports Scholarship"},"content":{"rendered":"<h1 class=\"entry-title text-uppercase\"><a href=\"https:\/\/semmelweis.hu\/sportkozpont\/en\/callforapplication\/english\/istvan-szivos-sports-scholarship\/\" target=\"_blank\" rel=\"noopener\">CALL FOR APPLICATIONS<\/a><\/h1>\n<p>The primary purpose of the Istv\u00e1n Sz\u00edv\u00f3s Sports Scholarship is to support and motivate students who are active in competitive sports and help them achieve outstanding sports results while pursuing their studies<\/p>\n<p><strong>Eligibility criteria<\/strong><\/p>\n<ul>\n<li>active student status;<\/li>\n<li>completion of the required credits in the last 2 active semesters;<\/li>\n<li>one year or longer Semmelweis University Sports Club (SE SK) and division membership;<\/li>\n<li>active membership status of a Semmelweis University Sports Club division at the time of application and during the period of the scholarship, if awarded;<\/li>\n<li>active participation in sports competitions as an SE SK Member;<\/li>\n<li>attendance and exemplary participation at training sessions as set by the coach<\/li>\n<\/ul>\n<p><strong>Contents of the Application<\/strong><\/p>\n<ul>\n<li>the completed Application Form,<\/li>\n<li>confirmation of an active student status,<\/li>\n<li>CV and motivational letter,<\/li>\n<li>the recommendation and letter of support by the student\u2019s coach and head of the division,<\/li>\n<li>SE SK membership card and proof of fee payments (2025 spring and autum semester),<\/li>\n<li>two records of sports competition performance,<\/li>\n<li>certificate by the student\u2019s sports club containing sports achievements (2025 year).<\/li>\n<\/ul>\n<p><strong>Submission and evaluation<\/strong><\/p>\n<p>The Call for Applications is issued by the Rector of Semmelweis University, Dr B\u00e9la Merkely<\/p>\n<p>The Application is to be submitted in Neptun with the deadline between 12 p.m. on 20. 09. 2025. \u2013 6 p.m. 4. 10. 2025<\/p>\n<p>The evaluation deadline is 11. october. Notification to the students awarded shall be sent electronically only, through Neptun.<\/p>\n<p>&nbsp;<\/p>\n<p><strong>The Committee evaluating the applications:<\/strong><\/p>\n<p>Dr Ferenc B\u00e1nhidy, Vice-Rector for General Affairs<\/p>\n<p>Korn\u00e9lia V\u00e1rszegi, Physical Education and Sport Center<\/p>\n<p>Petra G\u00e1l, Students\u2019 Union<\/p>\n<p><strong>Evaluation criteria:<\/strong><\/p>\n<p>Based on the documents submitted, the committee will establish a ranking regarding performance in training and in the university championships, and regarding the recommendation of the coach or head of the sports division.<\/p>\n<p>The scholarship of 150,000 HUF will be awarded on the basis of proven achievement in a first or second class competition series announced by the sports federation, a place 1\u20133 in a university championship, or a result in a top competition event in the professional judgement of the Evaluation Committee.<\/p>\n<p><strong>The amount of the scholarship<\/strong><\/p>\n<p>Based on the student\u2019s sports achievements and on the recommendation of the coach and the head of the sports division, the following 3 sums may be awarded for a five-month long period:<\/p>\n<ul>\n<li>150,000 HUF per month<\/li>\n<li>100,000 HUF per month<\/li>\n<li>50,000 HUF per month<\/li>\n<\/ul>\n<p><strong>Publication of the results<\/strong><\/p>\n<p>The list of the scholarship winners shall be published on the website of the Physical Education and Sport Center and the University 10 days after the submission deadline.<\/p>\n<p><strong>Scholarship disbursement<\/strong><\/p>\n<p>The Evaluation Committee shall notify the Directorate of Educational Networking Management about the result of the application within 3 days of the evaluation of the application, which shall ensure the disbursement of the scholarship to the student in the schedule and amount decided by the Committee, by the 10th day of the respective month at the latest. If the application procedure requires a payment different from the one provided for in this paragraph, the Directorate shall disburse the scholarship to the student within 15 days of receipt of the decision.<\/p>\n<p>&nbsp;<\/p>\n<p>If you have any questions about the application, please contact Korn\u00e9lia V\u00e1rszegi, the Director of the Physical Education and Sport Center at the following email address:\u00a0<a href=\"mailto:varszegi.kornelia@semmelweis.hu\">varszegi.kornelia@semmelweis.hu<\/a><\/p>\n<p>&nbsp;<\/p>\n","protected":false},"excerpt":{"rendered":"<p><a href=\"https:\/\/semmelweis.hu\/sportkozpont\/en\/callforapplication\/english\/istvan-szivos-sports-scholarship\/\" target=\"_blank\" rel=\"noopener\">CALL FOR APPLICATIONS<\/a> The primary purpose of the Istv\u00e1n Sz\u00edv\u00f3s Sports Scholarship is to support and motivate students who are active in competitive sports and help them achieve outstanding sports results while pursuing their studies Eligibility criteria active student status; completion of the required credits in the last 2 active semesters; one year or longer Semmelweis University Sports &hellip;<\/p>\n","protected":false},"author":102334,"featured_media":0,"parent":6665,"menu_order":8,"comment_status":"closed","ping_status":"closed","template":"","meta":{"_acf_changed":false,"footnotes":""},"categories":[],"tags":[],"class_list":["post-9630","page","type-page","status-publish","hentry"],"acf":[],"_links":{"self":[{"href":"https:\/\/semmelweis.hu\/registrar\/wp-json\/wp\/v2\/pages\/9630","targetHints":{"allow":["GET"]}}],"collection":[{"href":"https:\/\/semmelweis.hu\/registrar\/wp-json\/wp\/v2\/pages"}],"about":[{"href":"https:\/\/semmelweis.hu\/registrar\/wp-json\/wp\/v2\/types\/page"}],"author":[{"embeddable":true,"href":"https:\/\/semmelweis.hu\/registrar\/wp-json\/wp\/v2\/users\/102334"}],"replies":[{"embeddable":true,"href":"https:\/\/semmelweis.hu\/registrar\/wp-json\/wp\/v2\/comments?post=9630"}],"version-history":[{"count":7,"href":"https:\/\/semmelweis.hu\/registrar\/wp-json\/wp\/v2\/pages\/9630\/revisions"}],"predecessor-version":[{"id":9646,"href":"https:\/\/semmelweis.hu\/registrar\/wp-json\/wp\/v2\/pages\/9630\/revisions\/9646"}],"up":[{"embeddable":true,"href":"https:\/\/semmelweis.hu\/registrar\/wp-json\/wp\/v2\/pages\/6665"}],"wp:attachment":[{"href":"https:\/\/semmelweis.hu\/registrar\/wp-json\/wp\/v2\/media?parent=9630"}],"wp:term":[{"taxonomy":"category","embeddable":true,"href":"https:\/\/semmelweis.hu\/registrar\/wp-json\/wp\/v2\/categories?post=9630"},{"taxonomy":"post_tag","embeddable":true,"href":"https:\/\/semmelweis.hu\/registrar\/wp-json\/wp\/v2\/tags?post=9630"}],"curies":[{"name":"wp","href":"https:\/\/api.w.org\/{rel}","templated":true}]}}