{"id":144,"date":"2020-12-28T16:23:45","date_gmt":"2020-12-28T15:23:45","guid":{"rendered":"http:\/\/semmelweis.hu\/raoulwallenberg\/?page_id=144"},"modified":"2021-02-10T14:20:36","modified_gmt":"2021-02-10T13:20:36","slug":"global-goals","status":"publish","type":"page","link":"https:\/\/semmelweis.hu\/raoulwallenberg\/iskolankrol\/kulfoldi-kapcsolatok\/diakcsere-program\/global-goals\/","title":{"rendered":"Global Goals &#8211; Di\u00e1ktal\u00e1lkoz\u00f3 Hollandi\u00e1ban 2012"},"content":{"rendered":"<p><strong>MI EZ?<\/strong><\/p>\n<p><strong>Hogy ker\u00fcl 12 magyar di\u00e1k egy 40 m\u00e9teres skingeni sz\u00e9lmalom tetej\u00e9re, vitorl\u00e1zik a fr\u00edziai csatorn\u00e1kon, jut el a tengerfen\u00e9ken s\u00e9t\u00e1lva, hajnalok-hajnal\u00e1n Amelandra \u00e9s m\u00e1rt\u00f3zik meg az \u00c9szaki tengerben?<\/strong><\/p>\n<p>2012 J\u00falius\u00e1ban a Raoul Wallenberg Szakk\u00f6z\u00e9piskola \u00e9s Szakiskola 12 di\u00e1kja &#8211; szakk\u00f6z\u00e9piskol\u00e1sok \u00e9s szakk\u00e9pz\u0151s\u00f6k vegyesen &#8211; nyolc napot t\u00f6lt\u00f6tt Fr\u00edzi\u00e1ban, Hollandia \u00e9szaki tartom\u00e1ny\u00e1ban egy di\u00e1ktal\u00e1lkoz\u00f3n.<\/p>\n<p>A projekt kezdem\u00e9nyez\u0151je \u00e9s megval\u00f3s\u00edt\u00f3ja a Present Promotions nev\u0171, t\u00f6bb holland iskola di\u00e1kjait t\u00f6m\u00f6r\u00edt\u0151 di\u00e1ksz\u00f6vetkezet. A 24 holland \u00e9s magyar di\u00e1k az Eur\u00f3pai Uni\u00f3 Youth in Action programj\u00e1nak k\u00f6sz\u00f6nhet\u0151en kapott lehet\u0151s\u00e9get arra, hogy \u00e9lm\u00e9nyekben gazdag 8 napot t\u00f6lts\u00f6n el egy\u00fctt. A magyar di\u00e1kok utaz\u00e1s\u00e1t a M\u00f3ra Alap\u00edtv\u00e1ny is t\u00e1mogatta.<\/p>\n<p><img loading=\"lazy\" decoding=\"async\" class=\"size-full wp-image-145 aligncenter\" src=\"https:\/\/semmelweis.hu\/raoulwallenberg\/files\/2020\/12\/logo.jpg\" alt=\"\" width=\"250\" height=\"95\" \/>A Youth in Action program a fiatalok inform\u00e1lis tanul\u00e1st t\u00e1mogatja. A r\u00e9sztvev\u0151k vegyes csoportokban, workshopok, vit\u00e1k \u00e9s kreat\u00edv feladatok keret\u00e9ben gondolkodtak a fenntarthat\u00f3 fejl\u0151d\u00e9shez \u00e9s a Milleniumi C\u00e9lokhoz kapcsol\u00f3d\u00f3 k\u00e9rd\u00e9seken, haj\u00f3ztak napaelemek \u00e1ltal m\u0171k\u00f6dtetett haj\u00f3n az Alde Feanen nemzeti parkban \u00e9s ell\u00e1togattak egy skingeni gazdas\u00e1gba, melynek energiaig\u00e9ny\u00e9t meg\u00fajul\u00f3 energiaforr\u00e1sokb\u00f3l fedezik. A vitorl\u00e1z\u00e1s, a v\u00e1rosismereti \u00e9s hagyom\u00e1nyos holland j\u00e1t\u00e9kok, illetve az embert pr\u00f3b\u00e1l\u00f3 wadlopen \u2013 t\u00f6bb mint h\u00e1rom \u00f3r\u00e1s t\u00fara az ap\u00e1ly idej\u00e9n felsz\u00ednre ker\u00fcl\u0151 tengerfen\u00e9ken &#8211; lehet\u0151s\u00e9get teremtettek arra, hogy a fiatalok a k\u00f6z\u00f6s tev\u00e9kenys\u00e9gek sor\u00e1n megismerj\u00e9k egym\u00e1st, tanuljanak egym\u00e1sr\u00f3l \u00e9s egym\u00e1st\u00f3l \u00e9s v\u00e9g\u00fcl arra jussanak, hogy b\u00e1r m\u00e1shol \u00e9s m\u00e1shogy \u00e9l\u00fcnk, v\u00e9gs\u0151 soron nem is igaz\u00e1n k\u00fcl\u00f6nb\u00f6z\u00fcnk egym\u00e1st\u00f3l.<\/p>\n<p><strong>R\u00c9SZTVEV\u0150K<\/strong><\/p>\n<p>1. Bal\u00e1zs Paulina<\/p>\n<p>2. Csete Krisztina<\/p>\n<p>3. Feny\u0151 Bogl\u00e1rka Kinga<\/p>\n<p>4. Filep No\u00e9mi<\/p>\n<p>5. Forg\u00e1cs L\u00edvia<\/p>\n<p>6. Galambos Szilveszter<\/p>\n<p>7. Hud\u00e1k T\u00edmea<\/p>\n<p>8. Juh\u00e1sz J\u00f3zsef<\/p>\n<p>9. Karb\u00e9ly M\u00e1t\u00e9<\/p>\n<p>10. Kiss Gabriella<\/p>\n<p>11. Misti Evelin<\/p>\n<p>12. N\u00e9meth Di\u00e1na Kitti<\/p>\n<p>\u00bb GAL\u00c9RIA<\/p>\n<p><strong>\u00cdGY L\u00c1TT\u00c1K A R\u00c9SZTVEV\u0150K<\/strong><\/p>\n<p><strong>Magyar di\u00e1kok a fenntarthat\u00f3 fejl\u0151d\u00e9s\u00e9rt<\/strong><\/p>\n<p>A k\u00f6rnyezetv\u00e9delem sokak sz\u00e1m\u00e1ra jelent\u00e9ktelen t\u00e9ma, m\u00e9gis a t\u00fal\u00e9l\u00e9s egyik alapfelt\u00e9tele. Fenntartani a vil\u00e1g egyre gyorsul\u00f3 fejl\u0151d\u00e9s\u00e9t, mellyel a term\u00e9szet m\u00e1r nem k\u00e9pes l\u00e9p\u00e9st tartani \u00fagy, hogy k\u00f6zben m\u00e9gis megv\u00e9dj\u00fck k\u00f6rnyezet\u00fcnket a pusztul\u00e1st\u00f3l nem egyszer\u0171 feladat az emberis\u00e9g sz\u00e1m\u00e1ra.<\/p>\n<p>Mi\u00e9rt foglalkoztatja ez a di\u00e1kokat? Egyike lesz\u00fcnk azoknak a gener\u00e1ci\u00f3knak, akik elszenved\u0151i lesznek azon meggondolatlan cselekedetek k\u00f6vetkezm\u00e9nyeinek, melyek a F\u00f6ld lass\u00fa, de biztos pusztul\u00e1s\u00e1hoz vezetnek. \u00dagy gondoljuk, hogy e puszt\u00edt\u00f3 folyamat lelass\u00edt\u00e1sa, le\u00e1ll\u00edt\u00e1sa \u00e9rdek\u00e9ben nek\u00fcnk, di\u00e1koknak is tenn\u00fcnk kell valamit.<\/p>\n<p>Erre kaptak lehet\u0151s\u00e9get a Raoul Wallenberg Szakk\u00f6z\u00e9p \u00e9s Szakiskola di\u00e1kjai az Eur\u00f3pai Uni\u00f3 Youth in Action nev\u0171 programj\u00e1nak keretein bel\u00fcl megval\u00f3sul\u00f3 projekt keret\u00e9ben. Egy di\u00e1kkonferenci\u00e1n vett\u00fcnk r\u00e9szt Hollandi\u00e1ban, ahol hozz\u00e1nk hasonl\u00f3 elsz\u00e1nt di\u00e1kokkal k\u00fcl\u00f6nb\u00f6z\u0151 el\u0151ad\u00e1sok, vit\u00e1k, kir\u00e1ndul\u00e1sok keretein bel\u00fcl k\u00f6z\u00f6sen szedt\u00fck \u00f6ssze azokat az emberi tev\u00e9kenys\u00e9geket, melyek k\u00e1ros\u00edtj\u00e1k a k\u00f6rnyezetet \u00e9s megpr\u00f3b\u00e1ltunk megtal\u00e1lni minden lehet\u0151s\u00e9get, melyekkel ezeket le lehetne \u00e1ll\u00edtani. K\u00fcl\u00f6nb\u00f6z\u0151 a k\u00f6rnyezettudatos gondolkod\u00e1st \u00f6szt\u00f6nz\u0151 programon vett\u00fcnk r\u00e9szt \u00e9s b\u00e1r a tantermeket messze elker\u00fclt\u00fck, m\u00e9gis sokat tanultunk \u00e9s nem mellesleg \u00faj bar\u00e1ts\u00e1gokat \u00e9p\u00edtett\u00fcnk \u00e9s remek\u00fcl sz\u00f3rakoztunk.<\/p>\n<p>Voltunk az Alde Feanen nemzeti parkban, ahov\u00e1 \u00f6nmagunk vezette vitorl\u00e1s haj\u00f3val jutottunk el a csatorn\u00e1kon, ott pedig egy napkollektorok \u00e1ltal m\u0171k\u00f6dtetett, szinte hangtalan haj\u00f3val vittek k\u00f6rbe minket. Megmutatt\u00e1k nek\u00fcnk a Philips vill\u00e1t illetve m\u00e1s h\u00edress\u00e9gek birodalm\u00e1ba is betekint\u00e9st nyert\u00fcnk. Egyik nagy f\u00e9lelm\u00fcnket, a t\u00e9riszonyt is legy\u0151zhett\u00fck egy program keret\u00e9ben, melynek sor\u00e1n egy hagyom\u00e1nyos holland farmra l\u00e1togattunk Skingenbe, ahol lehet\u0151s\u00e9g\u00fcnk ny\u00edlt felm\u00e1szni egy 40 m\u00e9ter magas sz\u00e9lturbina tetej\u00e9re, ami \u00e1ltal a helyi \u00fajs\u00e1gba is beker\u00fclt\u00fcnk.<\/p>\n<p>Jutott lehet\u0151s\u00e9g\u00fcnk a sz\u00f3rakoz\u00e1sra is. R\u00e9szt vehett\u00fcnk egy egynapos zenei fesztiv\u00e1lon Leeuwarden v\u00e1ros\u00e1ban, ahol egy vil\u00e1gh\u00edr\u0171 Dj j\u00e1tszotta a leg\u00fajabb house zen\u00e9ket, ezen k\u00edv\u00fcl holland bar\u00e1taink elvittek minket egy v\u00e1rosn\u00e9z\u0151 haj\u00f3\u00fatra Leeuwardenben. Az utols\u00f3 napon egy barbecue partit rendeztek nek\u00fcnk.<\/p>\n<p>V\u00e9g\u00fcl, de nem utols\u00f3 sorban meg szeretn\u00e9nk megeml\u00edteni, hogy milyen pozit\u00edv benyom\u00e1st gyakorolt r\u00e1nk a hollandok k\u00f6zvetlens\u00e9ge, kedvess\u00e9ge \u00e9s bar\u00e1ts\u00e1goss\u00e1ga. \u00c9letre sz\u00f3l\u00f3 eml\u00e9kekkel lett\u00fcnk gazdagabbak t\u00edznapos hollandiai utunk sor\u00e1n.<\/p>\n<p>Feny\u0151 Bogl\u00e1rka \u00e9s Misti Evelin<\/p>\n<p><strong>SZERVEZ\u0150K<\/strong><\/p>\n<p><strong>Present Promotions<\/strong><\/p>\n<p>Aukje Postma<br \/>Simon Szilvia<\/p>\n<p><strong>Raoul Wallenberg Szakk\u00f6z\u00e9p \u00e9s Szakiskola<\/strong><\/p>\n<p>Sz\u00e1lteleki Szilvia<br \/>Sz\u00e9kely \u00c9va<\/p>\n","protected":false},"excerpt":{"rendered":"<p>MI EZ? Hogy ker\u00fcl 12 magyar di\u00e1k egy 40 m\u00e9teres skingeni sz\u00e9lmalom tetej\u00e9re, vitorl\u00e1zik a fr\u00edziai csatorn\u00e1kon, jut el a tengerfen\u00e9ken s\u00e9t\u00e1lva, hajnalok-hajnal\u00e1n Amelandra \u00e9s m\u00e1rt\u00f3zik meg az \u00c9szaki tengerben? 2012 J\u00falius\u00e1ban a Raoul Wallenberg Szakk\u00f6z\u00e9piskola \u00e9s Szakiskola 12 di\u00e1kja &#8211; szakk\u00f6z\u00e9piskol\u00e1sok \u00e9s szakk\u00e9pz\u0151s\u00f6k vegyesen &#8211; nyolc napot t\u00f6lt\u00f6tt Fr\u00edzi\u00e1ban, Hollandia \u00e9szaki tartom\u00e1ny\u00e1ban egy di\u00e1ktal\u00e1lkoz\u00f3n. &hellip;<\/p>\n","protected":false},"author":101765,"featured_media":0,"parent":65,"menu_order":0,"comment_status":"closed","ping_status":"closed","template":"","meta":{"_acf_changed":false,"footnotes":""},"categories":[],"tags":[],"class_list":["post-144","page","type-page","status-publish","hentry"],"acf":[],"_links":{"self":[{"href":"https:\/\/semmelweis.hu\/raoulwallenberg\/wp-json\/wp\/v2\/pages\/144","targetHints":{"allow":["GET"]}}],"collection":[{"href":"https:\/\/semmelweis.hu\/raoulwallenberg\/wp-json\/wp\/v2\/pages"}],"about":[{"href":"https:\/\/semmelweis.hu\/raoulwallenberg\/wp-json\/wp\/v2\/types\/page"}],"author":[{"embeddable":true,"href":"https:\/\/semmelweis.hu\/raoulwallenberg\/wp-json\/wp\/v2\/users\/101765"}],"replies":[{"embeddable":true,"href":"https:\/\/semmelweis.hu\/raoulwallenberg\/wp-json\/wp\/v2\/comments?post=144"}],"version-history":[{"count":2,"href":"https:\/\/semmelweis.hu\/raoulwallenberg\/wp-json\/wp\/v2\/pages\/144\/revisions"}],"predecessor-version":[{"id":710,"href":"https:\/\/semmelweis.hu\/raoulwallenberg\/wp-json\/wp\/v2\/pages\/144\/revisions\/710"}],"up":[{"embeddable":true,"href":"https:\/\/semmelweis.hu\/raoulwallenberg\/wp-json\/wp\/v2\/pages\/65"}],"wp:attachment":[{"href":"https:\/\/semmelweis.hu\/raoulwallenberg\/wp-json\/wp\/v2\/media?parent=144"}],"wp:term":[{"taxonomy":"category","embeddable":true,"href":"https:\/\/semmelweis.hu\/raoulwallenberg\/wp-json\/wp\/v2\/categories?post=144"},{"taxonomy":"post_tag","embeddable":true,"href":"https:\/\/semmelweis.hu\/raoulwallenberg\/wp-json\/wp\/v2\/tags?post=144"}],"curies":[{"name":"wp","href":"https:\/\/api.w.org\/{rel}","templated":true}]}}