{"id":834,"date":"2020-04-20T00:00:24","date_gmt":"2020-04-19T22:00:24","guid":{"rendered":"http:\/\/semmelweis.hu\/pulmonologia\/?page_id=834"},"modified":"2025-10-01T10:28:55","modified_gmt":"2025-10-01T08:28:55","slug":"igazgatoi-koszonto","status":"publish","type":"page","link":"https:\/\/semmelweis.hu\/pulmonologia\/a-klinikarol\/igazgatoi-koszonto\/","title":{"rendered":"Igazgat\u00f3i k\u00f6sz\u00f6nt\u0151"},"content":{"rendered":"<p><span style=\"color: #000000\"><strong>Tisztelt L\u00e1togat\u00f3!<\/strong><\/span><\/p>\n<p><img loading=\"lazy\" decoding=\"async\" class=\"wp-image-3561 alignleft\" src=\"https:\/\/semmelweis.hu\/pulmonologia\/files\/2023\/12\/MV.jpg\" alt=\"\" width=\"324\" height=\"324\" srcset=\"https:\/\/semmelweis.hu\/pulmonologia\/files\/2023\/12\/MV.jpg 934w, https:\/\/semmelweis.hu\/pulmonologia\/files\/2023\/12\/MV-400x400.jpg 400w, https:\/\/semmelweis.hu\/pulmonologia\/files\/2023\/12\/MV-150x150.jpg 150w, https:\/\/semmelweis.hu\/pulmonologia\/files\/2023\/12\/MV-768x767.jpg 768w, https:\/\/semmelweis.hu\/pulmonologia\/files\/2023\/12\/MV-753x752.jpg 753w\" sizes=\"auto, (max-width: 324px) 100vw, 324px\" \/><\/p>\n<p style=\"text-align: left\"><span style=\"color: #000000\">Szeretettel k\u00f6sz\u00f6nt\u00f6m \u00d6nt munkat\u00e1rsaimmal egy\u00fctt a Semmelweis Egyetem Pulmonol\u00f3giai Klinika honlapj\u00e1n.<\/span><\/p>\n<p style=\"text-align: justify\"><span style=\"color: #000000\">Nagy \u00f6r\u00f6m sz\u00e1momra, hogy egy olyan Klinik\u00e1t vezethetek, ahol az orvosok, \u00e1pol\u00f3k, asszisztensek \u00e9s valamennyi dolgoz\u00f3 legfontosabb c\u00e9lja, hogy seg\u00edtse a t\u00fcd\u0151betegs\u00e9gben szenved\u0151k gy\u00f3gyul\u00e1s\u00e1t \u00e9s \u00e9letmin\u0151s\u00e9g\u00e9nek javul\u00e1s\u00e1t.<\/span><\/p>\n<p style=\"text-align: justify\"><span style=\"color: #000000\">Az orvosi feladatok ell\u00e1t\u00e1sa mellett a legszebb munk\u00e1nk az oktat\u00e1s. C\u00e9lunk, hogy egy t\u00fcd\u0151betegs\u00e9gek fontoss\u00e1g\u00e1t \u00e9rt\u0151 \u00e9s \u00edgy a gy\u00f3gy\u00edt\u00e1sban is elk\u00f6telezett orvosi \u00e9s szakdolgoz\u00f3i fiatal nemzed\u00e9k kapcsol\u00f3dhasson be n\u00e9h\u00e1ny \u00e9v m\u00falva a t\u00fcd\u0151gy\u00f3gy\u00e1szati munk\u00e1ba Magyarorsz\u00e1gon.<\/span><\/p>\n<p style=\"text-align: justify\"><span style=\"color: #000000\">Nemzetk\u00f6zi kapcsolatainkkal \u00e9s kutat\u00e1saink eredm\u00e9ny\u00e9vel az eur\u00f3pai t\u00fcd\u0151gy\u00f3gy\u00e1szat meghat\u00e1roz\u00f3 szerepl\u0151iv\u00e9 k\u00edv\u00e1nunk el\u0151re l\u00e9pni.<\/span><\/p>\n<p style=\"text-align: justify\"><span style=\"color: #000000\">T\u00e1mogat\u00e1sukat \u00e9s a Klinika m\u0171k\u00f6d\u00e9s\u00e9nek jobb\u00edt\u00e1s\u00e1t c\u00e9lz\u00f3 javaslataikat \u00f6r\u00f6mmel fogadjuk.<\/p>\n<p><\/span><strong><span style=\"font-size: 14pt\"><span style=\"color: #000000\">Tisztelettel,<\/span><\/span><\/strong><\/p>\n<p style=\"text-align: center\"><strong>Prof. Dr. M\u00fcller Veronika\u00a0<br \/>\n\u00a0 \u00a0 \u00a0 \u00a0 \u00a0 \u00a0 \u00a0 \u00a0 \u00a0 \u00a0 \u00a0 \u00a0 \u00a0 \u00a0 \u00a0 \u00a0 \u00a0 \u00a0 \u00a0 \u00a0 \u00a0 \u00a0 \u00a0 \u00a0 \u00a0 \u00a0 \u00a0 \u00a0 \u00a0 \u00a0 \u00a0 \u00a0 \u00a0 \u00a0 \u00a0 \u00a0 \u00a0 \u00a0 \u00a0 \u00a0 \u00a0 \u00a0 \u00a0 \u00a0 \u00a0 \u00a0 \u00a0 \u00a0 \u00a0 \u00a0 \u00a0 \u00a0 \u00a0 \u00a0 \u00a0 \u00a0 \u00a0 \u00a0 \u00a0 \u00a0 \u00a0 \u00a0 \u00a0 \u00a0 \u00a0 \u00a0 \u00a0 MTA Doktora, klinikaigazgat\u00f3 egyetemi tan\u00e1r\u00a0<\/p>\n<p><\/strong><\/p>\n<p>&nbsp;<\/p>\n<p style=\"text-align: left\"><span style=\"color: #000000\"><span style=\"font-size: 10pt\">Friss\u00edtve: 2025.05.16. K\u00e9sz\u00edtette: Prof. Dr. M\u00fcller Veronika. \u00c9rv\u00e9nyes: visszavon\u00e1sig.<\/span><\/span><\/p>\n","protected":false},"excerpt":{"rendered":"<p>Tisztelt L\u00e1togat\u00f3! Szeretettel k\u00f6sz\u00f6nt\u00f6m \u00d6nt munkat\u00e1rsaimmal egy\u00fctt a Semmelweis Egyetem Pulmonol\u00f3giai Klinika honlapj\u00e1n. Nagy \u00f6r\u00f6m sz\u00e1momra, hogy egy olyan Klinik\u00e1t vezethetek, ahol az orvosok, \u00e1pol\u00f3k, asszisztensek \u00e9s valamennyi dolgoz\u00f3 legfontosabb c\u00e9lja, hogy seg\u00edtse a t\u00fcd\u0151betegs\u00e9gben szenved\u0151k gy\u00f3gyul\u00e1s\u00e1t \u00e9s \u00e9letmin\u0151s\u00e9g\u00e9nek javul\u00e1s\u00e1t. Az orvosi feladatok ell\u00e1t\u00e1sa mellett a legszebb munk\u00e1nk az oktat\u00e1s. C\u00e9lunk, hogy egy t\u00fcd\u0151betegs\u00e9gek fontoss\u00e1g\u00e1t &hellip;<\/p>\n","protected":false},"author":112,"featured_media":0,"parent":377,"menu_order":1,"comment_status":"closed","ping_status":"closed","template":"","meta":{"_acf_changed":false,"footnotes":""},"categories":[],"tags":[],"class_list":["post-834","page","type-page","status-publish","hentry"],"acf":[],"_links":{"self":[{"href":"https:\/\/semmelweis.hu\/pulmonologia\/wp-json\/wp\/v2\/pages\/834","targetHints":{"allow":["GET"]}}],"collection":[{"href":"https:\/\/semmelweis.hu\/pulmonologia\/wp-json\/wp\/v2\/pages"}],"about":[{"href":"https:\/\/semmelweis.hu\/pulmonologia\/wp-json\/wp\/v2\/types\/page"}],"author":[{"embeddable":true,"href":"https:\/\/semmelweis.hu\/pulmonologia\/wp-json\/wp\/v2\/users\/112"}],"replies":[{"embeddable":true,"href":"https:\/\/semmelweis.hu\/pulmonologia\/wp-json\/wp\/v2\/comments?post=834"}],"version-history":[{"count":11,"href":"https:\/\/semmelweis.hu\/pulmonologia\/wp-json\/wp\/v2\/pages\/834\/revisions"}],"predecessor-version":[{"id":4690,"href":"https:\/\/semmelweis.hu\/pulmonologia\/wp-json\/wp\/v2\/pages\/834\/revisions\/4690"}],"up":[{"embeddable":true,"href":"https:\/\/semmelweis.hu\/pulmonologia\/wp-json\/wp\/v2\/pages\/377"}],"wp:attachment":[{"href":"https:\/\/semmelweis.hu\/pulmonologia\/wp-json\/wp\/v2\/media?parent=834"}],"wp:term":[{"taxonomy":"category","embeddable":true,"href":"https:\/\/semmelweis.hu\/pulmonologia\/wp-json\/wp\/v2\/categories?post=834"},{"taxonomy":"post_tag","embeddable":true,"href":"https:\/\/semmelweis.hu\/pulmonologia\/wp-json\/wp\/v2\/tags?post=834"}],"curies":[{"name":"wp","href":"https:\/\/api.w.org\/{rel}","templated":true}]}}