{"id":8,"date":"2020-04-20T00:00:05","date_gmt":"2020-04-19T22:00:05","guid":{"rendered":"http:\/\/semmelweis-egyetem.hu\/pulmonologia\/?page_id=8"},"modified":"2026-03-02T09:21:29","modified_gmt":"2026-03-02T08:21:29","slug":"altalanos-informaciok","status":"publish","type":"page","link":"https:\/\/semmelweis.hu\/pulmonologia\/altalanos-informaciok\/","title":{"rendered":"Gy\u00f3gy\u00edt\u00e1s"},"content":{"rendered":"<div style=\"text-align: justify\"><strong><span style=\"font-size: 14pt\"><span style=\"font-size: 18pt\">S\u00falyos t\u00fcd\u0151betegek kezel\u00e9se \u00faj, hat\u00e9konyabb ell\u00e1t\u00e1si form\u00e1ban<\/span><\/span><\/strong><\/div>\n<div>\u00a0<\/div>\n<p style=\"text-align: justify\">A Klinika szakemberei els\u0151k k\u00f6z\u00f6tt szervezt\u00e9k meg az \u00fagynevezet<span style=\"color: #000000\">t <strong>Nem- invaz\u00edv l\u00e9gz\u00e9ster\u00e1pi\u00e1s oszt\u00e1ly<\/strong>t, <\/span>ahov\u00e1 az orsz\u00e1g minden pontj\u00e1r\u00f3l k\u00fcldenek s\u00falyos l\u00e9gz\u00e9si el\u00e9gtelens\u00e9ggel k\u00fczd\u0151 betegeket. Itt nem a hagyom\u00e1nyosan alkalmazott intub\u00e1l\u00e1ssal, hanem maszkkal seg\u00edtik a l\u00e9gz\u00e9st.<\/p>\n<p style=\"text-align: justify\">Ez az \u00fajonnan l\u00e9tes\u00edtett r\u00e9szleg els\u0151sorban az el\u0151rehaladott st\u00e1dium\u00fa COPD-s betegek ell\u00e1t\u00e1s\u00e1t biztos\u00edtja; az \u0151 \u00e1llapotukon \u2013 a hagyom\u00e1nyos gy\u00f3gyszeres ell\u00e1t\u00e1s mellett \u2013 sok esetben csak a l\u00e9gz\u0151izmok pihentet\u00e9s\u00e9vel, illetve l\u00e9gz\u00e9si fizioter\u00e1pi\u00e1val lehet jav\u00edtani. Az intub\u00e1l\u00e1s kiv\u00e1lt\u00e1s\u00e1nak k\u00f6sz\u00f6nhet\u0151en itt a betegek nem szorulnak altat\u00e1sra \u00e9s nincsenek folyamatosan g\u00e9phez k\u00f6tve, \u00edgy fel\u00e9p\u00fcl\u00e9s\u00fck is gyorsabb.<\/p>\n<p style=\"text-align: justify\">Az oszt\u00e1ly feladata emellett a tart\u00f3s l\u00e9gz\u00e9st\u00e1mogat\u00e1sra szorul\u00f3 betegek kisz\u0171r\u00e9se, kezel\u00e9se \u00e9s otthoni ell\u00e1t\u00e1s\u00e1nak be\u00e1ll\u00edt\u00e1sa; ezeket a feladatokat az orsz\u00e1gban csak egy-k\u00e9t int\u00e9zm\u00e9nyben v\u00e9gzik. Az oszt\u00e1ly orvoscsapata intenz\u00edves orvosokb\u00f3l \u00e9s t\u00fcd\u0151gy\u00f3gy\u00e1szokb\u00f3l \u00e1ll, a n\u0151v\u00e9rek speci\u00e1lis felk\u00e9sz\u00fclts\u00e9g\u0171ek, 24 \u00f3r\u00e1n \u00e1t fel\u00fcgyelik a betegeket. Emellett nagy szerep h\u00e1rul a gy\u00f3gytorn\u00e1szokra m\u00e1r akkor is, mikor a betegek m\u00e9g teljesen \u00e1gyhoz k\u00f6t\u00f6ttek.<\/p>\n<figure id=\"attachment_4343\" aria-describedby=\"caption-attachment-4343\" style=\"width: 203px\" class=\"wp-caption alignleft\"><img loading=\"lazy\" decoding=\"async\" class=\"wp-image-4343\" src=\"https:\/\/semmelweis.hu\/pulmonologia\/files\/2025\/05\/KK.jpg\" alt=\"\" width=\"203\" height=\"304\" \/><figcaption id=\"caption-attachment-4343\" class=\"wp-caption-text\">Dr. Karl\u00f3cai Krist\u00f3f klinikai f\u0151orvos, a PAH Centrum vezet\u0151je. Fot\u00f3 forr\u00e1sa a Semmelweis M\u00e9diat\u00e1r.<\/figcaption><\/figure>\n<p style=\"text-align: justify\"><span style=\"color: #000000\">A Pulmonol\u00f3giai Klinik\u00e1n alakult meg Magyarorsz\u00e1g egyik <strong>nagy Pulmon\u00e1lis Hipert\u00f3nia Centruma<\/strong>, mely abban is k\u00fcl\u00f6nleges, hogy biztos\u00edtja e nehezen kezelhet\u0151, s\u00falyos betegs\u00e9g diagn\u00f3zis\u00e1hoz \u00e9s kezel\u00e9s\u00e9hez elengedhetetlen kardiol\u00f3gus-t\u00fcd\u0151gy\u00f3gy\u00e1sz-intenz\u00edves egy\u00fcttm\u0171k\u00f6d\u00e9st.<\/span><\/p>\n<p style=\"text-align: justify\"><span style=\"color: #000000\">A Klinik\u00e1n 15 \u00e9ve m\u0171k\u00f6dik a terhess\u00e9g alatti asztm\u00e1val k\u00fczd\u0151 betegeket ell\u00e1t\u00f3 <strong>Asztm\u00e1s Terhes Ambulancia<\/strong>, az ide \u00e9rkez\u0151k gondoz\u00e1sa kiterjed a terhess\u00e9g el\u0151tti, alatti \u00e9s ut\u00e1ni h\u00f3napokra, \u00e9vekre is. Az asztma terhess\u00e9g alatti megfelel\u0151 kezel\u00e9se rendk\u00edv\u00fcl fontos a magzat fejl\u0151d\u00e9se szempontj\u00e1b\u00f3l. Emellett l\u00e9gz\u0151szervi, illetve t\u00f6bbszervi immunbetegs\u00e9gekben, diff\u00faz t\u00fcd\u0151betegs\u00e9gben szenved\u0151ket is gondoznak szakembereink.<\/span><\/p>\n<div style=\"text-align: justify\"><span style=\"font-size: 14pt\"><span style=\"font-size: 18pt\"><strong>Interstitialis t\u00fcd\u0151beteg (ILD) centrum: <\/strong>K<span style=\"font-size: 14pt\">\u00fcl\u00f6nb\u00f6z\u0151 t\u00fcd\u0151-interstitium\u00e1t \u00e9rint\u0151 k\u00f3rk\u00e9pek, t\u00fcd\u0151fibr\u00f3zisok kezel\u00e9s\u00e9re alakult szakell\u00e1t\u00f3 egys\u00e9g \u00e9s ILD-team.<\/span><\/span><\/span><\/div>\n<figure id=\"attachment_1520\" aria-describedby=\"caption-attachment-1520\" style=\"width: 400px\" class=\"wp-caption alignright\"><a href=\"https:\/\/semmelweis.hu\/pulmonologia\/files\/2020\/04\/RS85190_IMG_0871-scr-1.jpg\"><img loading=\"lazy\" decoding=\"async\" class=\"wp-image-1520 size-medium\" src=\"https:\/\/semmelweis.hu\/pulmonologia\/files\/2020\/04\/RS85190_IMG_0871-scr-1-400x267.jpg\" alt=\"\" width=\"400\" height=\"267\" srcset=\"https:\/\/semmelweis.hu\/pulmonologia\/files\/2020\/04\/RS85190_IMG_0871-scr-1-400x267.jpg 400w, https:\/\/semmelweis.hu\/pulmonologia\/files\/2020\/04\/RS85190_IMG_0871-scr-1-768x512.jpg 768w, https:\/\/semmelweis.hu\/pulmonologia\/files\/2020\/04\/RS85190_IMG_0871-scr-1-450x300.jpg 450w, https:\/\/semmelweis.hu\/pulmonologia\/files\/2020\/04\/RS85190_IMG_0871-scr-1-753x502.jpg 753w, https:\/\/semmelweis.hu\/pulmonologia\/files\/2020\/04\/RS85190_IMG_0871-scr-1-203x135.jpg 203w, https:\/\/semmelweis.hu\/pulmonologia\/files\/2020\/04\/RS85190_IMG_0871-scr-1.jpg 950w\" sizes=\"auto, (max-width: 400px) 100vw, 400px\" \/><\/a><figcaption id=\"caption-attachment-1520\" class=\"wp-caption-text\">A fot\u00f3 forr\u00e1sa a Semmelweis M\u00e9dit\u00e1r<\/figcaption><\/figure>\n<p style=\"text-align: justify\">A Pulmonol\u00f3giai Klinika orvosainak kezdem\u00e9nyez\u00e9s\u00e9re 2014 \u00f3ta m\u0171k\u00f6dik az orsz\u00e1gban els\u0151k\u00e9nt alakult ILD-team a Semmelweis Egyetem K\u00e9palkot\u00f3 Klinika \u00e9s a CVC Radiol\u00f3giai r\u00e9szleg\u00e9nek, az I.sz. Patol\u00f3giai Int\u00e9zet \u00e9s az ORFI munkat\u00e1rsainak csapatmunk\u00e1j\u00e1val az intersititalis betegek orsz\u00e1gos ell\u00e1t\u00e1s\u00e1ra. Minden \u201et\u00fcd\u0151fibr\u00f3zis\u201d, illetve nem fibrotiz\u00e1l\u00f3 t\u00fcd\u0151betegs\u00e9g ell\u00e1t\u00e1s\u00e1ban kiemelt szerepet v\u00e1llalunk.<\/p>\n<p>Az ismeretlen t\u00fcd\u0151fibr\u00f3zis (IPF) mellett az autoimmun k\u00f3rk\u00e9peket k\u00eds\u00e9r\u0151 t\u00fcd\u0151betegs\u00e9gek, a t\u00fal\u00e9rz\u00e9kenys\u00e9gi t\u00fcd\u0151t \u00e9rint\u0151 gyullad\u00e1sos k\u00f3rk\u00e9pek (hypersensit\u00edv pneumonitis), sarcoidosis ter\u00fclet\u00e9n kiv\u00e1l\u00f3 eredm\u00e9nyeket tudunk felmutatni. \u00d6r\u00f6mmel t\u00e1mogattuk a Magyar T\u00fcd\u0151fibr\u00f3zis Egyes\u00fcletet mely az orvosi-\u00e1pol\u00f3i munka mellett az \u00e9rintettek ig\u00e9nyeihez igyekszik az ell\u00e1t\u00e1st igaz\u00edtani.<\/p>\n<div style=\"text-align: justify\"><span style=\"color: #000000\"><span style=\"font-size: 14pt\"><strong><span style=\"font-size: 18pt\">Egyed\u00fcl\u00e1ll\u00f3 szerep a transzplant\u00e1ltak ut\u00f3gondoz\u00e1s\u00e1ban<\/span><\/strong><\/span><\/span><\/div>\n<div style=\"text-align: justify\"><span style=\"color: #000000\"><span style=\"color: #000000\"><span style=\"font-size: 14pt\"><strong><br \/>\n<\/strong><\/span><\/span><\/span><br \/>\n<figure id=\"attachment_3606\" aria-describedby=\"caption-attachment-3606\" style=\"width: 270px\" class=\"wp-caption alignright\"><img loading=\"lazy\" decoding=\"async\" class=\"wp-image-3606 size-medium\" src=\"https:\/\/semmelweis.hu\/pulmonologia\/files\/2024\/01\/Bohacs-Aniko-Dr-270x400.jpg\" alt=\"\" width=\"270\" height=\"400\" \/><figcaption id=\"caption-attachment-3606\" class=\"wp-caption-text\">Dr. Boh\u00e1cs Anik\u00f3 egyetemi docens, a Magyar T\u00fcd\u0151transzplant\u00e1ci\u00f3s V\u00e1r\u00f3lista Bizotts\u00e1g eln\u00f6ke. Fot\u00f3 forr\u00e1sa a Semmelweis M\u00e9diat\u00e1r<\/figcaption><\/figure><br \/>\n<span style=\"color: #000000\">A t\u00fcd\u0151transzplant\u00e1ci\u00f3s m\u0171t\u00e9t az Orsz\u00e1gos Onkol\u00f3giai Int\u00e9zet Mellkasseb\u00e9szeti oszt\u00e1ly\u00e1nak \u2013 amely egyben a Semmelweis Egyetem Mellkasseb\u00e9szeti Klinik\u00e1ja \u2013 j\u00f3l felszerelt seb\u00e9szeti \u00e9p\u00fclet\u00e9ben t\u00f6rt\u00e9nik 2015. \u00f3ta. A m\u0171t\u00e9ten \u00e1tesett p\u00e1ciensek ut\u00f3gondoz\u00e1s\u00e1t a Pulmonol\u00f3giai Klinika munkat\u00e1rsai l\u00e1tj\u00e1k el.\u00a0<\/span><\/div>\n<p>A s\u00falyosabb \u00e1llapotban l\u00e9v\u0151 betegek a transzplant\u00e1ci\u00f3 el\u0151tti heteket, h\u00f3napokat a Klinika k\u00f6zelm\u00faltban fel\u00faj\u00edtott, eur\u00f3pai k\u00f6vetelm\u00e9nyeknek is megfelel\u0151 nem-invaz\u00edv l\u00e9gz\u00e9ster\u00e1pi\u00e1s oszt\u00e1ly\u00e1n t\u00f6ltik.<\/p>\n<p style=\"text-align: justify\">A beavatkoz\u00e1sra alkalmas betegek kiv\u00e1laszt\u00e1sa a T\u00fcd\u0151transzplant\u00e1ci\u00f3s V\u00e1r\u00f3lista Bizotts\u00e1g feladata, melyben a Klinika is k\u00e9pviselteti mag\u00e1t. <span style=\"color: #000000\">Az eur\u00f3pai akkredit\u00e1ci\u00f3val rendelkez\u0151 alv\u00e1sdiagnosztika-vagyis az alv\u00e1s alatti l\u00e9gz\u00e9szavarok kivizsg\u00e1l\u00e1sa \u00e9s kezel\u00e9se \u2013 a t\u00fcd\u0151gy\u00f3gy\u00e1szat egyre jelent\u0151sebb szakir\u00e1nya, melyhez szint\u00e9n elengedhetetlen az \u00e9p\u00fcleten bel\u00fcli neminvaz\u00edv l\u00e9gz\u00e9st\u00e1mogat\u00f3 ell\u00e1t\u00e1s.<\/span><\/p>\n<p style=\"text-align: justify\"><span style=\"font-size: 18pt;color: #000000\"><strong>Onkol\u00f3giai centrum \u00e9s akkredit\u00e1lt szakorvosk\u00e9pz\u0151 int\u00e9zm\u00e9ny:<\/strong><\/span><\/p>\n<figure id=\"attachment_3630\" aria-describedby=\"caption-attachment-3630\" style=\"width: 267px\" class=\"wp-caption alignleft\"><img loading=\"lazy\" decoding=\"async\" class=\"wp-image-3630 size-medium\" src=\"https:\/\/semmelweis.hu\/pulmonologia\/files\/2024\/01\/TL-onk-cikk-267x400.jpg\" alt=\"\" width=\"267\" height=\"400\" srcset=\"https:\/\/semmelweis.hu\/pulmonologia\/files\/2024\/01\/TL-onk-cikk-267x400.jpg 267w, https:\/\/semmelweis.hu\/pulmonologia\/files\/2024\/01\/TL-onk-cikk.jpg 600w\" sizes=\"auto, (max-width: 267px) 100vw, 267px\" \/><figcaption id=\"caption-attachment-3630\" class=\"wp-caption-text\">Prof. Dr. Tam\u00e1si Lilla klinikaigazgat\u00f3 helyettes egyetemi tan\u00e1r, az onkol\u00f3giai profil vezet\u0151je Fot\u00f3 forr\u00e1sa a Semmelweis M\u00e9diat\u00e1r<\/figcaption><\/figure>\n<p style=\"text-align: justify\"><span style=\"color: #000000\">A Klinika t\u00fcd\u0151gy\u00f3gy\u00e1sz onkol\u00f3gusai \u00e9vente t\u00f6bb sz\u00e1z t\u00fcd\u0151r\u00e1kos beteget kezelnek. Mivel az itt dolgoz\u00f3 szakorvosok sz\u00e1mos klinikai vizsg\u00e1latban r\u00e9szt vesznek, ennek r\u00e9v\u00e9n a legkorszer\u0171bb, \u00fagynevezett c\u00e9lzott kezel\u00e9sek m\u00e1r a nemzetk\u00f6zi vagy hazai regisztr\u00e1ci\u00f3 el\u0151tt, illetve nem sokkal azt k\u00f6vet\u0151en itt is el\u00e9rhet\u0151ek a betegek sz\u00e1m\u00e1ra.<\/span><\/p>\n<p style=\"text-align: justify\">A Klinika a betegell\u00e1t\u00e1s mellett az orvostanhallgat\u00f3k k\u00e9pz\u00e9s\u00e9t is kiemelt feladat\u00e1nak tekinti, akkredit\u00e1lt Eur\u00f3pai T\u00fcd\u0151gy\u00f3gy\u00e1sz Szakorvosk\u00e9pz\u0151 K\u00f6zpontk\u00e9nt pedig a tov\u00e1bbk\u00e9pz\u00e9sben is nagy szerepet j\u00e1tszanak munkat\u00e1rsai.<\/p>\n<p style=\"text-align: justify\"><span style=\"font-size: 12pt\">Friss\u00edtve 2025.05.20. K\u00e9sz\u00edtette \u00e9s j\u00f3v\u00e1hagyta Prof. Dr. M\u00fcller Veronika<\/span><\/p>\n<p style=\"text-align: justify\">\u00a0<\/p>\n","protected":false},"excerpt":{"rendered":"<p style=\"text-align: justify\">A Semmelweis Egyetem Pulmonol\u00f3giai Klinik\u00e1ja a legnagyobb magyarorsz\u00e1gi egyetemi t\u00fcd\u0151gy\u00f3gy\u00e1szati betegell\u00e1t\u00f3 int\u00e9zm\u00e9ny. A l\u00e9g\u00fati, t\u00fcd\u0151daganatos, infekt\u00edv t\u00fcd\u0151betegs\u00e9gek mellett kiemelt centrumk\u00e9nt m\u0171k\u00f6d\u00fcnk interst\u00edci\u00e1lis \u00e9s autoimmun t\u00fcd\u0151folyamatok, alv\u00e1szavarok, pulmon\u00e1lis hypertonia, szervtransztranszplant\u00e1ltak pulmonol\u00f3giai ell\u00e1t\u00e1s\u00e1ban. Int\u00e9zm\u00e9ny\u00fcnkben nemzetk\u00f6zi szint\u0171 nem invaz\u00edv l\u00e9gz\u00e9ster\u00e1pi\u00e1s oszt\u00e1ly, bronchol\u00f3giai \u00e9s jobb sz\u00edvf\u00e9l kat\u00e9teres invaz\u00edv diagnosztikus, komplex l\u00e9gz\u00e9sfunkci\u00f3s \u00e9s ergospirometriai, mellkasi- \u00e9s sz\u00edvultrahang laborat\u00f3rium m\u0171k\u00f6dik. A betegell\u00e1t\u00e1s mellett az egyetem t\u00f6bb kar\u00e1n, a doktori k\u00e9pz\u00e9sben, k\u00f6z\u00e9piskol\u00e1sok oktat\u00e1s\u00e1ban vesznek r\u00e9szt a munkat\u00e1rsak. T\u00fcd\u0151gy\u00f3gy\u00e1szati t\u00e9m\u00e1ban sz\u00e1mos klinikai \u00e9s alapkutat\u00e1sban vesz r\u00e9szt a klinika. <\/p>\n","protected":false},"author":112,"featured_media":3224,"parent":0,"menu_order":2,"comment_status":"open","ping_status":"closed","template":"","meta":{"_acf_changed":false,"footnotes":""},"categories":[],"tags":[],"class_list":["post-8","page","type-page","status-publish","has-post-thumbnail","hentry"],"acf":[],"_links":{"self":[{"href":"https:\/\/semmelweis.hu\/pulmonologia\/wp-json\/wp\/v2\/pages\/8","targetHints":{"allow":["GET"]}}],"collection":[{"href":"https:\/\/semmelweis.hu\/pulmonologia\/wp-json\/wp\/v2\/pages"}],"about":[{"href":"https:\/\/semmelweis.hu\/pulmonologia\/wp-json\/wp\/v2\/types\/page"}],"author":[{"embeddable":true,"href":"https:\/\/semmelweis.hu\/pulmonologia\/wp-json\/wp\/v2\/users\/112"}],"replies":[{"embeddable":true,"href":"https:\/\/semmelweis.hu\/pulmonologia\/wp-json\/wp\/v2\/comments?post=8"}],"version-history":[{"count":11,"href":"https:\/\/semmelweis.hu\/pulmonologia\/wp-json\/wp\/v2\/pages\/8\/revisions"}],"predecessor-version":[{"id":5011,"href":"https:\/\/semmelweis.hu\/pulmonologia\/wp-json\/wp\/v2\/pages\/8\/revisions\/5011"}],"wp:featuredmedia":[{"embeddable":true,"href":"https:\/\/semmelweis.hu\/pulmonologia\/wp-json\/wp\/v2\/media\/3224"}],"wp:attachment":[{"href":"https:\/\/semmelweis.hu\/pulmonologia\/wp-json\/wp\/v2\/media?parent=8"}],"wp:term":[{"taxonomy":"category","embeddable":true,"href":"https:\/\/semmelweis.hu\/pulmonologia\/wp-json\/wp\/v2\/categories?post=8"},{"taxonomy":"post_tag","embeddable":true,"href":"https:\/\/semmelweis.hu\/pulmonologia\/wp-json\/wp\/v2\/tags?post=8"}],"curies":[{"name":"wp","href":"https:\/\/api.w.org\/{rel}","templated":true}]}}