{"id":53,"date":"2021-05-27T10:04:01","date_gmt":"2021-05-27T08:04:01","guid":{"rendered":"http:\/\/semmelweis-egyetem.hu\/pulmonologia\/?page_id=53"},"modified":"2026-02-17T14:23:17","modified_gmt":"2026-02-17T13:23:17","slug":"gradualis-oktatas","status":"publish","type":"page","link":"https:\/\/semmelweis.hu\/pulmonologia\/oktatas\/gradualis-oktatas\/","title":{"rendered":"Gradu\u00e1lis oktat\u00e1s"},"content":{"rendered":"<div id=\"GroupWiseSection_1622028972000_ruzsas.marta-zsuzsanna@med.semmelweis-univ.hu_AE1723811A5E0000B4706F6435643037_\" class=\"GroupWiseMessageBody\">\n<p style=\"text-align: justify\">A t\u00fcd\u0151gy\u00f3gy\u00e1szat oktat\u00e1sa 2018 \u00f3ta blokkos\u00edtott form\u00e1ban t\u00f6rt\u00e9nik.\u00a0 \u00a0 \u00a0 \u00a0 \u00a0 \u00a0 \u00a0 \u00a0<br \/>\n<strong><a href=\"https:\/\/itc.semmelweis.hu\/moodle\/course\/view.php?id=966\" target=\"_blank\" rel=\"noopener noreferrer\">Tov\u00e1bb a Semmelweis Egyetem e-learning rendszer\u00e9re \u2192<\/a><\/strong><\/p>\n<p style=\"text-align: justify\"><strong>T\u00e1j\u00e9koztatjuk \u00d6n\u00f6ket, hogy Klinik\u00e1nkon a tanulm\u00e1nyi \u00fcgyint\u00e9z\u00e9s a f\u00f6ldszinten tal\u00e1lhat\u00f3 oktat\u00e1si helyis\u00e9g\u00fcnkben t\u00f6rt\u00e9nik.<\/strong><\/p>\n<p><strong>Klinikai oktat\u00e1sszervez\u0151, tansz\u00e9ki adminisztr\u00e1tor:<\/strong> Ruzs\u00e1s M\u00e1rta Zsuzsanna<br \/>\n<strong>Email:<\/strong> <a href=\"mailto:ruzsas.marta-zsuzsanna@med.semmelweis-univ.hu\">ruzsas.marta-zsuzsanna@semmelweis.hu<\/a><\/p>\n<p style=\"text-align: justify\"><strong>Oktat\u00e1si adminisztr\u00e1tor<\/strong>: Galk\u00f3n\u00e9 dr. Szab\u00f3 Nat\u00e1lia<\/p>\n<p style=\"text-align: justify\">A vizsg\u00e1ra minden vizsg\u00e1z\u00f3 k\u00f6teles f\u00e9nyk\u00e9pes, szem\u00e9lyazonos\u00edt\u00e1s\u00e1ra alkalmas igazolv\u00e1nyt mag\u00e1val hozni \u00e9s azt a vizsga el\u0151tt bemutatni.<\/p>\n<\/div>\n<div style=\"text-align: justify\">\u00a0<\/div>\n<div id=\"GroupWiseSection_1622028972000_ruzsas.marta-zsuzsanna@med.semmelweis-univ.hu_AE1723811A5E0000B4706F6435643037_\" class=\"GroupWiseMessageBody\" style=\"text-align: justify\">\n<div>\u00a0<\/div>\n<div><strong>Oktat\u00e1s:<\/strong><\/div>\n<div>\u00a0<\/div>\n<div>\n<ul>\n<li>Az el\u0151ad\u00e1sok \u00e9s a gyakorlatok is szem\u00e9lyes r\u00e9szv\u00e9tellel folynak a klinik\u00e1n 2021. m\u00e1jus 17-t\u0151l\u00a0 .\u00a0 \u00a0 \u00a0 \u00a0 \u00a0 \u00a0 \u00a0 \u00a0 \u00a0 \u00a0 \u00a0 \u00a0<\/li>\n<li>A mellkasseb\u00e9szeti modul a Mellkasseb\u00e9szeti Tansz\u00e9k \u00fatmutat\u00e1sa szerint zajlik.<\/li>\n<\/ul>\n<p><strong>T\u00e9telsor: <a href=\"https:\/\/semmelweis.hu\/pulmonologia\/files\/2026\/02\/Semmelweis-Egyetem-AOK-Pulmonologiai-Klinika-Tetelsor.pdf\">Semmelweis Egyetem \u00c1OK Pulmonol\u00f3giai Klinika T\u00e9telsor<\/a><\/strong><\/p>\n<p>&nbsp;<\/p>\n<p><strong style=\"font-size: 1rem\">Sz\u00e1monk\u00e9r\u00e9s:\u00a0 \u00a0 \u00a0 \u00a0 \u00a0 \u00a0 \u00a0 \u00a0 \u00a0 \u00a0 \u00a0 \u00a0 \u00a0 \u00a0 \u00a0 \u00a0 \u00a0 \u00a0 \u00a0 \u00a0 \u00a0 \u00a0 \u00a0 \u00a0 \u00a0 \u00a0 \u00a0 \u00a0 \u00a0 \u00a0 \u00a0 \u00a0 \u00a0 \u00a0 \u00a0 \u00a0 \u00a0 \u00a0 \u00a0 \u00a0 \u00a0 \u00a0 \u00a0 \u00a0 \u00a0 \u00a0 \u00a0 \u00a0 \u00a0 \u00a0 \u00a0 \u00a0 \u00a0 \u00a0 \u00a0 \u00a0 \u00a0 \u00a0 \u00a0 \u00a0 \u00a0 \u00a0 \u00a0 \u00a0 \u00a0 \u00a0<\/strong><\/p>\n<p>&nbsp;<\/p>\n<\/div>\n<\/div>\n<div id=\"GroupWiseSection_1622028972000_ruzsas.marta-zsuzsanna@med.semmelweis-univ.hu_AE1723811A5E0000B4706F6435643037_\" class=\"GroupWiseMessageBody\">\n<ul style=\"text-align: justify\">\n<li>A vizsg\u00e1k szem\u00e9lyes jelenl\u00e9ttel t\u00f6rt\u00e9nnek az oktat\u00e1s harmadik het\u00e9ben a klinik\u00e1n\u00a0<\/li>\n<li>Vizsga a TVSZ szerint<\/li>\n<\/ul>\n<\/div>\n<p>Tant\u00e1rgyi le\u00edr\u00e1sok:<\/p>\n<ul>\n<li><a href=\"https:\/\/semmelweis.hu\/pulmonologia\/files\/2026\/02\/2025-26.-Pulmonologia-es-mellkassebeszet-magyar.pdf\">2025-26. Pulmonol\u00f3gia \u00e9s mellkasseb\u00e9szet magyar<\/a><\/li>\n<li><a href=\"https:\/\/semmelweis.hu\/pulmonologia\/files\/2026\/02\/2025-26.-6-hetes-szigorlo-gyakorlat.pdf\">2025-26. 6 hetes szigorl\u00f3 gyakorlat<\/a><\/li>\n<li><a href=\"https:\/\/semmelweis.hu\/pulmonologia\/files\/2026\/02\/2025-26.-Moszkito-kurzus.pdf\">2025-26. Moszk\u00edt\u00f3 kurzus<\/a><\/li>\n<li><a href=\"https:\/\/semmelweis.hu\/pulmonologia\/files\/2026\/02\/2025-26.-Cardiopulmonary-clinical-physiology-and-rehabilitation.pdf\">2025-26. Cardiopulmonary clinical physiology and rehabilitation<\/a> (Kiz\u00e1r\u00f3lag angol nyelven indul.)<\/li>\n<\/ul>\n<p>&nbsp;<\/p>\n<div id=\"GroupWiseSection_1622028972000_ruzsas.marta-zsuzsanna@med.semmelweis-univ.hu_AE1723811A5E0000B4706F6435643037_\" class=\"GroupWiseMessageBody\">\n<p style=\"text-align: justify\">\n<p>\u00a0 \u00a0 \u00a0 \u00a0 \u00a0 \u00a0 \u00a0 \u00a0 \u00a0 \u00a0 \u00a0 \u00a0 \u00a0 \u00a0 \u00a0 \u00a0 \u00a0 \u00a0 \u00a0 \u00a0 \u00a0 \u00a0 \u00a0Prof. Dr.\u00a0 M\u00fcller Veronika<\/p>\n<p>&nbsp;<\/p>\n<\/div>\n","protected":false},"excerpt":{"rendered":"<p>A t\u00fcd\u0151gy\u00f3gy\u00e1szat oktat\u00e1sa 2018 \u00f3ta blokkos\u00edtott form\u00e1ban t\u00f6rt\u00e9nik.\u00a0 \u00a0 \u00a0 \u00a0 \u00a0 \u00a0 \u00a0 \u00a0 <a href=\"https:\/\/itc.semmelweis.hu\/moodle\/course\/view.php?id=966\" target=\"_blank\" rel=\"noopener noreferrer\">Tov\u00e1bb a Semmelweis Egyetem e-learning rendszer\u00e9re \u2192<\/a> T\u00e1j\u00e9koztatjuk \u00d6n\u00f6ket, hogy Klinik\u00e1nkon a tanulm\u00e1nyi \u00fcgyint\u00e9z\u00e9s a f\u00f6ldszinten tal\u00e1lhat\u00f3 oktat\u00e1si helyis\u00e9g\u00fcnkben t\u00f6rt\u00e9nik. Klinikai oktat\u00e1sszervez\u0151, tansz\u00e9ki adminisztr\u00e1tor: Ruzs\u00e1s M\u00e1rta Zsuzsanna Email: <a href=\"mailto:ruzsas.marta-zsuzsanna@med.semmelweis-univ.hu\">ruzsas.marta-zsuzsanna@semmelweis.hu<\/a> Oktat\u00e1si adminisztr\u00e1tor: Galk\u00f3n\u00e9 dr. Szab\u00f3 Nat\u00e1lia A vizsg\u00e1ra minden vizsg\u00e1z\u00f3 k\u00f6teles f\u00e9nyk\u00e9pes, szem\u00e9lyazonos\u00edt\u00e1s\u00e1ra alkalmas igazolv\u00e1nyt mag\u00e1val hozni \u00e9s azt &hellip;<\/p>\n","protected":false},"author":112,"featured_media":0,"parent":44,"menu_order":0,"comment_status":"closed","ping_status":"closed","template":"","meta":{"_acf_changed":false,"footnotes":""},"categories":[],"tags":[],"class_list":["post-53","page","type-page","status-publish","hentry"],"acf":[],"_links":{"self":[{"href":"https:\/\/semmelweis.hu\/pulmonologia\/wp-json\/wp\/v2\/pages\/53","targetHints":{"allow":["GET"]}}],"collection":[{"href":"https:\/\/semmelweis.hu\/pulmonologia\/wp-json\/wp\/v2\/pages"}],"about":[{"href":"https:\/\/semmelweis.hu\/pulmonologia\/wp-json\/wp\/v2\/types\/page"}],"author":[{"embeddable":true,"href":"https:\/\/semmelweis.hu\/pulmonologia\/wp-json\/wp\/v2\/users\/112"}],"replies":[{"embeddable":true,"href":"https:\/\/semmelweis.hu\/pulmonologia\/wp-json\/wp\/v2\/comments?post=53"}],"version-history":[{"count":14,"href":"https:\/\/semmelweis.hu\/pulmonologia\/wp-json\/wp\/v2\/pages\/53\/revisions"}],"predecessor-version":[{"id":4962,"href":"https:\/\/semmelweis.hu\/pulmonologia\/wp-json\/wp\/v2\/pages\/53\/revisions\/4962"}],"up":[{"embeddable":true,"href":"https:\/\/semmelweis.hu\/pulmonologia\/wp-json\/wp\/v2\/pages\/44"}],"wp:attachment":[{"href":"https:\/\/semmelweis.hu\/pulmonologia\/wp-json\/wp\/v2\/media?parent=53"}],"wp:term":[{"taxonomy":"category","embeddable":true,"href":"https:\/\/semmelweis.hu\/pulmonologia\/wp-json\/wp\/v2\/categories?post=53"},{"taxonomy":"post_tag","embeddable":true,"href":"https:\/\/semmelweis.hu\/pulmonologia\/wp-json\/wp\/v2\/tags?post=53"}],"curies":[{"name":"wp","href":"https:\/\/api.w.org\/{rel}","templated":true}]}}