{"id":395,"date":"2021-05-27T10:24:25","date_gmt":"2021-05-27T08:24:25","guid":{"rendered":"http:\/\/semmelweis.hu\/pulmonologia\/?page_id=395"},"modified":"2026-08-31T12:03:16","modified_gmt":"2026-08-31T10:03:16","slug":"betegjogi-kepviselo","status":"publish","type":"page","link":"https:\/\/semmelweis.hu\/pulmonologia\/altalanos-informaciok\/betegjogi-kepviselo\/","title":{"rendered":"Betegjogi k\u00e9pvisel\u0151"},"content":{"rendered":"<p style=\"text-align: center\"><strong>Ter\u00fcletileg illet\u00e9kes betegjogi k\u00e9pvisel\u0151:<\/strong><\/p>\n<p><img loading=\"lazy\" decoding=\"async\" class=\"wp-image-5351 aligncenter\" src=\"https:\/\/semmelweis.hu\/pulmonologia\/files\/2026\/08\/betegjogi-kepviselo-jpeg-400x283.jpg\" alt=\"\" width=\"757\" height=\"536\" srcset=\"https:\/\/semmelweis.hu\/pulmonologia\/files\/2026\/08\/betegjogi-kepviselo-jpeg-400x283.jpg 400w, https:\/\/semmelweis.hu\/pulmonologia\/files\/2026\/08\/betegjogi-kepviselo-jpeg-1024x724.jpg 1024w, https:\/\/semmelweis.hu\/pulmonologia\/files\/2026\/08\/betegjogi-kepviselo-jpeg-768x543.jpg 768w, https:\/\/semmelweis.hu\/pulmonologia\/files\/2026\/08\/betegjogi-kepviselo-jpeg-1536x1086.jpg 1536w, https:\/\/semmelweis.hu\/pulmonologia\/files\/2026\/08\/betegjogi-kepviselo-jpeg-753x532.jpg 753w, https:\/\/semmelweis.hu\/pulmonologia\/files\/2026\/08\/betegjogi-kepviselo-jpeg.jpg 1683w\" sizes=\"auto, (max-width: 757px) 100vw, 757px\" \/><\/p>\n<hr \/>\n<p style=\"text-align: justify\"><span style=\"color: #000000;font-size: 14pt\"><strong>A betegjogi k\u00e9pvisel\u0151 tev\u00e9kenys\u00e9ge:\u00a0<\/strong><\/span><\/p>\n<ul style=\"text-align: justify\">\n<li><span style=\"color: #000000;font-size: 14pt\">seg\u00edti a beteget az eg\u00e9szs\u00e9g\u00fcgyi dokument\u00e1ci\u00f3hoz val\u00f3 hozz\u00e1jut\u00e1sban, azzal kapcsolatos megjegyz\u00e9sek, k\u00e9rd\u00e9sek felt\u00e9tel\u00e9ben<\/span><\/li>\n<li><span style=\"color: #000000;font-size: 14pt\">seg\u00edt a betegnek panasza megfogalmaz\u00e1s\u00e1ban, kezdem\u00e9nyezheti annak kivizsg\u00e1l\u00e1s\u00e1t<\/span><\/li>\n<li><span style=\"color: #000000;font-size: 14pt\">a beteg \u00edr\u00e1sbeli meghatalmaz\u00e1sa alapj\u00e1n panaszt tehet az eg\u00e9szs\u00e9g\u00fcgyi szolg\u00e1ltat\u00f3 vezet\u0151j\u00e9n\u00e9l, fenntart\u00f3j\u00e1n\u00e1l, illetve \u2013 a beteg gy\u00f3gykezel\u00e9s\u00e9vel \u00f6sszef\u00fcgg\u0151 \u00fcgyekben- elj\u00e1r az arra hat\u00e1sk\u00f6rrel \u00e9s illet\u00e9kess\u00e9ggel rendelkez\u0151 hat\u00f3s\u00e1gn\u00e1l, \u00e9s ennek sor\u00e1n k\u00e9pviseli a beteget<\/span><\/li>\n<\/ul>\n<p>&nbsp;<\/p>\n<p><span style=\"font-size: 12pt\">Friss\u00edtve 2026.08.31. K\u00e9sz\u00edtette Schifter Judit, j\u00f3v\u00e1hagyta Prof. Dr. M\u00fcller Veronika<\/span><\/p>\n<p>&nbsp;<\/p>\n<p>&nbsp;<\/p>\n","protected":false},"excerpt":{"rendered":"<p>Ter\u00fcletileg illet\u00e9kes betegjogi k\u00e9pvisel\u0151: A betegjogi k\u00e9pvisel\u0151 tev\u00e9kenys\u00e9ge:\u00a0 seg\u00edti a beteget az eg\u00e9szs\u00e9g\u00fcgyi dokument\u00e1ci\u00f3hoz val\u00f3 hozz\u00e1jut\u00e1sban, azzal kapcsolatos megjegyz\u00e9sek, k\u00e9rd\u00e9sek felt\u00e9tel\u00e9ben seg\u00edt a betegnek panasza megfogalmaz\u00e1s\u00e1ban, kezdem\u00e9nyezheti annak kivizsg\u00e1l\u00e1s\u00e1t a beteg \u00edr\u00e1sbeli meghatalmaz\u00e1sa alapj\u00e1n panaszt tehet az eg\u00e9szs\u00e9g\u00fcgyi szolg\u00e1ltat\u00f3 vezet\u0151j\u00e9n\u00e9l, fenntart\u00f3j\u00e1n\u00e1l, illetve \u2013 a beteg gy\u00f3gykezel\u00e9s\u00e9vel \u00f6sszef\u00fcgg\u0151 \u00fcgyekben- elj\u00e1r az arra hat\u00e1sk\u00f6rrel \u00e9s illet\u00e9kess\u00e9ggel rendelkez\u0151 &hellip;<\/p>\n","protected":false},"author":112,"featured_media":0,"parent":8,"menu_order":4,"comment_status":"closed","ping_status":"closed","template":"","meta":{"_acf_changed":false,"footnotes":""},"categories":[],"tags":[],"class_list":["post-395","page","type-page","status-publish","hentry"],"acf":[],"_links":{"self":[{"href":"https:\/\/semmelweis.hu\/pulmonologia\/wp-json\/wp\/v2\/pages\/395","targetHints":{"allow":["GET"]}}],"collection":[{"href":"https:\/\/semmelweis.hu\/pulmonologia\/wp-json\/wp\/v2\/pages"}],"about":[{"href":"https:\/\/semmelweis.hu\/pulmonologia\/wp-json\/wp\/v2\/types\/page"}],"author":[{"embeddable":true,"href":"https:\/\/semmelweis.hu\/pulmonologia\/wp-json\/wp\/v2\/users\/112"}],"replies":[{"embeddable":true,"href":"https:\/\/semmelweis.hu\/pulmonologia\/wp-json\/wp\/v2\/comments?post=395"}],"version-history":[{"count":11,"href":"https:\/\/semmelweis.hu\/pulmonologia\/wp-json\/wp\/v2\/pages\/395\/revisions"}],"predecessor-version":[{"id":4296,"href":"https:\/\/semmelweis.hu\/pulmonologia\/wp-json\/wp\/v2\/pages\/395\/revisions\/4296"}],"up":[{"embeddable":true,"href":"https:\/\/semmelweis.hu\/pulmonologia\/wp-json\/wp\/v2\/pages\/8"}],"wp:attachment":[{"href":"https:\/\/semmelweis.hu\/pulmonologia\/wp-json\/wp\/v2\/media?parent=395"}],"wp:term":[{"taxonomy":"category","embeddable":true,"href":"https:\/\/semmelweis.hu\/pulmonologia\/wp-json\/wp\/v2\/categories?post=395"},{"taxonomy":"post_tag","embeddable":true,"href":"https:\/\/semmelweis.hu\/pulmonologia\/wp-json\/wp\/v2\/tags?post=395"}],"curies":[{"name":"wp","href":"https:\/\/api.w.org\/{rel}","templated":true}]}}

Betegjogi képviselő

<p style="text-align: center"><strong>Területileg illetékes betegjogi képviselő:</strong></p>
<p><img loading="lazy" decoding="async" class="wp-image-5351 aligncenter" src="https://semmelweis.hu/pulmonologia/files/2026/08/betegjogi-kepviselo-jpeg-400x283.jpg" alt="" width="757" height="536" srcset="https://semmelweis.hu/pulmonologia/files/2026/08/betegjogi-kepviselo-jpeg-400x283.jpg 400w, https://semmelweis.hu/pulmonologia/files/2026/08/betegjogi-kepviselo-jpeg-1024x724.jpg 1024w, https://semmelweis.hu/pulmonologia/files/2026/08/betegjogi-kepviselo-jpeg-768x543.jpg 768w, https://semmelweis.hu/pulmonologia/files/2026/08/betegjogi-kepviselo-jpeg-1536x1086.jpg 1536w, https://semmelweis.hu/pulmonologia/files/2026/08/betegjogi-kepviselo-jpeg-753x532.jpg 753w, https://semmelweis.hu/pulmonologia/files/2026/08/betegjogi-kepviselo-jpeg.jpg 1683w" sizes="auto, (max-width: 757px) 100vw, 757px" /></p>
<hr />
<p style="text-align: justify"><span style="color: #000000;font-size: 14pt"><strong>A betegjogi képviselő tevékenysége: </strong></span></p>
<ul style="text-align: justify">
<li><span style="color: #000000;font-size: 14pt">segíti a beteget az egészségügyi dokumentációhoz való hozzájutásban, azzal kapcsolatos megjegyzések, kérdések feltételében</span></li>
<li><span style="color: #000000;font-size: 14pt">segít a betegnek panasza megfogalmazásában, kezdeményezheti annak kivizsgálását</span></li>
<li><span style="color: #000000;font-size: 14pt">a beteg írásbeli meghatalmazása alapján panaszt tehet az egészségügyi szolgáltató vezetőjénél, fenntartójánál, illetve – a beteg gyógykezelésével összefüggő ügyekben- eljár az arra hatáskörrel és illetékességgel rendelkező hatóságnál, és ennek során képviseli a beteget</span></li>
</ul>
<p>&nbsp;</p>
<p><span style="font-size: 12pt">Frissítve 2026.08.31. Készítette Schifter Judit, jóváhagyta Prof. Dr. Müller Veronika</span></p>
<p>&nbsp;</p>
<p>&nbsp;</p>

<p>Területileg illetékes betegjogi képviselő: A betegjogi képviselő tevékenysége:  segíti a beteget az egészségügyi dokumentációhoz való hozzájutásban, azzal kapcsolatos megjegyzések, kérdések feltételében segít a betegnek panasza megfogalmazásában, kezdeményezheti annak kivizsgálását a beteg írásbeli meghatalmazása alapján panaszt tehet az egészségügyi szolgáltató vezetőjénél, fenntartójánál, illetve – a beteg gyógykezelésével összefüggő ügyekben- eljár az arra hatáskörrel és illetékességgel rendelkező &hellip;</p>
