{"id":377,"date":"2021-10-12T10:00:25","date_gmt":"2021-10-12T08:00:25","guid":{"rendered":"http:\/\/semmelweis.hu\/pulmonologia\/?page_id=377"},"modified":"2025-05-20T12:41:06","modified_gmt":"2025-05-20T10:41:06","slug":"a-klinikarol","status":"publish","type":"page","link":"https:\/\/semmelweis.hu\/pulmonologia\/a-klinikarol\/","title":{"rendered":"A Pulmonol\u00f3giai Klinika bemutat\u00e1sa"},"content":{"rendered":"<p style=\"text-align: justify\"><strong>A Semmelweis Egyetem Pulmonol\u00f3gai Klinik\u00e1ja kiemelt gy\u00f3gy\u00edt\u00f3, oktat\u00f3 \u00e9s kutat\u00f3 t\u00fcd\u0151gy\u00f3gy\u00e1szati centrum. Szakemberei a korszer\u0171 orvostechnol\u00f3giai eszk\u00f6z\u00f6k haszn\u00e1lata mellett, \u00faj diagnosztikus, ter\u00e1pi\u00e1s elj\u00e1r\u00e1sok \u00e9s leg\u00fajabb gy\u00f3gyszerek kifejleszt\u00e9s\u00e9hez is hozz\u00e1j\u00e1rulnak. Akkredit\u00e1lt eur\u00f3pai t\u00fcd\u0151gy\u00f3gy\u00e1sz szakorvosk\u00e9pz\u0151 int\u00e9zm\u00e9nyk\u00e9nt a t\u00fcd\u0151gy\u00f3gy\u00e1sz szakorvosk\u00e9pz\u00e9sben \u00e9s tov\u00e1bbk\u00e9pz\u00e9sben is kiemelked\u0151 region\u00e1lis szerepet j\u00e1tszik.<\/strong><\/p>\n<p style=\"text-align: justify\">A l\u00e9g\u00fati betegs\u00e9gek (asztma, COPD, als\u00f3 l\u00e9g\u00fati fert\u0151z\u00e9seik), a t\u00fcd\u0151gyullad\u00e1s, a t\u00fcd\u0151r\u00e1k, intersitialis t\u00fcd\u0151betegs\u00e9gek (\u201et\u00fcd\u0151fibr\u00f3zisok\u201d), alv\u00e1szavarok \u00e9s minden, t\u00fcd\u0151t \u00e9rint\u0151 ritka k\u00f3rk\u00e9p diagn\u00f3zisa, kezel\u00e9se a Semmelweis Egyetem Pulmonol\u00f3giai Klinik\u00e1j\u00e1nak f\u0151 profilja. Az \u00e9vente kb. 4000 fekv\u0151- \u00e9s 35 ezer j\u00e1r\u00f3beteget ell\u00e1t\u00f3 int\u00e9zm\u00e9nynek emellett az orsz\u00e1gban egyed\u00fcl\u00e1ll\u00f3 szerepe van a t\u00fcd\u0151transzplant\u00e1ci\u00f3ra alkalmas betegek kiv\u00e1laszt\u00e1s\u00e1ban, pulmonalis hypertonia, interstitialis \u00e9s egy\u00e9b ritka betegs\u00e9gek, s\u00falyos asztma, \u00e9lsportol\u00f3k \u00e9s s\u00falyos komplik\u00e1lt \u00e9s infekt\u00edv t\u00fcd\u0151betegek\u00a0 komplex ell\u00e1t\u00e1s\u00e1ban.<\/p>\n<p style=\"text-align: justify\"><span style=\"color: #808080\"><span style=\"color: #000000\">A t\u00fcd\u0151gy\u00f3gy\u00e1szat 1942 \u00f3ta v\u00e1lt az orvosi oktat\u00e1s r\u00e9sz\u00e9v\u00e9, amikor megalap\u00edtott\u00e1k a T\u00fcd\u0151gy\u00f3gy\u00e1szati Tansz\u00e9ket. A t\u00fcd\u0151gy\u00f3gy\u00e1szat oktat\u00e1s\u00e1ban 1960-ig a phtiziol\u00f3gia\u00a0 <em>(a g\u00fcm\u0151k\u00f3ros betegs\u00e9gekkel, f\u0151leg a t\u00fcd\u0151tuberkul\u00f3zissal foglalkoz\u00f3 orvostudom\u00e1nyi \u00e1g)<\/em> domin\u00e1lt. Az\u00f3ta a hangs\u00faly \u00e1thelyez\u0151d\u00f6tt az aspecifikus t\u00fcd\u0151betegs\u00e9gekre. Az ut\u00f3bbi negyedsz\u00e1zadban a t\u00fcd\u0151gy\u00f3gy\u00e1szat fokozatosan a belgy\u00f3gy\u00e1szat egyik fontos speci\u00e1lis ter\u00fclet\u00e9v\u00e9 v\u00e1lt. A tansz\u00e9ket 1953-ban min\u0151s\u00edtett\u00e9k \u00e1t Pulmonol\u00f3giai Klinik\u00e1v\u00e1.<\/span><\/span><\/p>\n<p>&nbsp;<\/p>\n<p>&nbsp;<\/p>\n<figure id=\"attachment_2624\" aria-describedby=\"caption-attachment-2624\" style=\"width: 312px\" class=\"wp-caption alignleft\"><img loading=\"lazy\" decoding=\"async\" class=\"wp-image-2624\" src=\"https:\/\/semmelweis.hu\/pulmonologia\/files\/2021\/10\/RS85201_IMG_0808-scr.jpg\" alt=\"\" width=\"312\" height=\"477\" \/><figcaption id=\"caption-attachment-2624\" class=\"wp-caption-text\"><span style=\"font-size: 12pt\">A Klinika igazgat\u00f3ja 2018-t\u00f3l Prof. Dr. M\u00fcller Veronika<\/span><\/figcaption><\/figure>\n<p style=\"text-align: justify\">A pulmonol\u00f3gia \u00e9s mellkasseb\u00e9szet t\u00e1rgy oktat\u00e1sa jelenleg mag\u00e1ban foglalja a t\u00fcd\u0151, a pleura, a l\u00e9gutak \u00e9s r\u00e9szben a mediastinum csaknem valamennyi betegs\u00e9g\u00e9t \u00e9s ezek speci\u00e1lis diagnosztikus m\u00f3dszereit. A k\u00e9pz\u00e9ssel kapcsolatos feladatok jelent\u0151sen b\u0151v\u00fcltek, 1986 \u00f3ta n\u00e9met nyelv\u0171 gradu\u00e1lis t\u00fcd\u0151gy\u00f3gy\u00e1szati k\u00e9pz\u00e9s folyik, 1990 \u00f3ta pedig angol nyelven is. A pulmonol\u00f3gia oktat\u00e1s a <a href=\"https:\/\/semmelweis.hu\/250\/\">Semmelweis Egyetem 250. <\/a>tan\u00e9v\u00e9t\u0151l blokkoktat\u00e1s form\u00e1j\u00e1ban t\u00f6rt\u00e9nik, amelynek k\u00f6zponti eleme a sz\u00e9les kitekint\u00e9st ny\u00fajt\u00f3, diagnosztikus \u00e9s ter\u00e1pi\u00e1s m\u00f3dszerek bemutat\u00e1sa, betegk\u00f6zpont\u00fa gyakorlati ismeretek megszerz\u00e9se. A COVID j\u00e1rv\u00e1nyt k\u00f6vet\u0151en a t\u00fcd\u0151 infekt\u00edv k\u00f3rk\u00e9peinek ell\u00e1t\u00e1s\u00e1ra infektol\u00f3giai r\u00e9szleggel b\u0151v\u00fclt az ell\u00e1t\u00e1si k\u00f6r.\u00a0<\/p>\n<p style=\"text-align: justify\"><span style=\"color: #000000\">Az ut\u00f3bbi \u00e9vekben a posztgradu\u00e1lis k\u00e9pz\u00e9sben is alapvet\u0151 szerepet j\u00e1tszanak klinik\u00e1nk oktat\u00f3i. T\u00fcd\u0151gy\u00f3gy\u00e1szok k\u00e9pz\u00e9se mellett a Klinika r\u00e9szt vesz <strong>csal\u00e1dorvosok, allergol\u00f3gus-immunol\u00f3gus- onkol\u00f3gus szakorvosok, belgy\u00f3gy\u00e1szok, infektol\u00f3gusok oktat\u00e1s\u00e1ban, fels\u0151fok\u00fa n\u0151v\u00e9r, pulmonol\u00f3gus szakasszisztens, gy\u00f3gytorn\u00e1sz \u00e9s ment\u0151tiszt k\u00e9pz\u00e9sben,<\/strong> tov\u00e1bb\u00e1 minden \u00e9vben speci\u00e1lis szaktanfolyamokat is ind\u00edt.<\/span><\/p>\n<p>&nbsp;<\/p>\n<p style=\"text-align: justify\"><span style=\"color: #000000\">A Pulmonol\u00f3giai Klinika r\u00e9gen v\u00e1rt \u00e9s sz\u00e1mos el\u0151nnyel j\u00e1r\u00f3 k\u00f6lt\u00f6z\u00e9se 2019-ben megval\u00f3sult. A modernebb, t\u00e1gasabb \u00e9p\u00fcletben a betegell\u00e1t\u00e1s, oktat\u00e1s \u00e9s kutat\u00e1s eur\u00f3pai k\u00f6zponthoz ill\u0151 folyamatos fel\u00faj\u00edt\u00e1sa \u00e9s korszer\u0171s\u00edt\u00e9se zajlik. A Klinika vezet\u00e9se arra t\u00f6rekszik, hogy a t\u00e1rszakm\u00e1kkal szoros egy\u00fcttm\u0171k\u00f6d\u00e9sben mind a hozz\u00e1nk ker\u00fcl\u0151 betegek, mind az orvostanhallgat\u00f3k \u00e9s a szakk\u00e9pz\u00e9sben r\u00e9sztvev\u0151 valamennyi koll\u00e9ga sz\u00e1m\u00e1ra az orsz\u00e1gban a legmagasabb szint\u0171 ell\u00e1t\u00e1st \u00e9s oktat\u00e1st ny\u00fajthassuk.\u00a0<\/span><\/p>\n<p style=\"text-align: justify\"><span style=\"color: #000000\"><strong><span style=\"font-size: 14pt\"><a href=\"https:\/\/semmelweis.hu\/pulmonologia\/files\/2019\/10\/DSCF0861-3.jpg\"><img loading=\"lazy\" decoding=\"async\" class=\"alignright  wp-image-925\" src=\"https:\/\/semmelweis.hu\/pulmonologia\/files\/2019\/10\/DSCF0861-3-267x300.jpg\" alt=\"\" width=\"283\" height=\"318\" srcset=\"https:\/\/semmelweis.hu\/pulmonologia\/files\/2019\/10\/DSCF0861-3-267x300.jpg 267w, https:\/\/semmelweis.hu\/pulmonologia\/files\/2019\/10\/DSCF0861-3-768x864.jpg 768w, https:\/\/semmelweis.hu\/pulmonologia\/files\/2019\/10\/DSCF0861-3.jpg 837w\" sizes=\"auto, (max-width: 283px) 100vw, 283px\" \/><\/a>A klinika kor\u00e1bbi igazgat\u00f3i:<\/span><\/strong><\/span><\/p>\n<p style=\"padding-left: 40px\">Prof. Dr. Kov\u00e1ts Ferenc (1942-1961)<br \/>\nProf. Dr. Miskovits Guszt\u00e1v (1961-1988)<br \/>\nProf. Dr. Hut\u00e1s Imre (1988-1993)<br \/>\nProf. Dr. Magyar P\u00e1l (1994-2007)<br \/>\nProf. Dr. Losonczy Gy\u00f6rgy (2007-2018)<br \/>\nProf. Dr. M\u00fcller Veronika (2018-<\/p>\n<p>&nbsp;<\/p>\n<p><span style=\"font-size: 12pt\">Friss\u00edtve: 2025.05.16. K\u00e9sz\u00edtette Prof. Dr. M\u00fcller Veronika. \u00c9rv\u00e9nyes: visszavon\u00e1sig.<\/span><\/p>\n<p style=\"text-align: justify\">\u00a0<\/p>\n","protected":false},"excerpt":{"rendered":"<p>A Semmelweis Egyetem Pulmonol\u00f3gai Klinik\u00e1ja kiemelt gy\u00f3gy\u00edt\u00f3, oktat\u00f3 \u00e9s kutat\u00f3 t\u00fcd\u0151gy\u00f3gy\u00e1szati centrum. Szakemberei a korszer\u0171 orvostechnol\u00f3giai eszk\u00f6z\u00f6k haszn\u00e1lata mellett, \u00faj diagnosztikus, ter\u00e1pi\u00e1s elj\u00e1r\u00e1sok \u00e9s leg\u00fajabb gy\u00f3gyszerek kifejleszt\u00e9s\u00e9hez is hozz\u00e1j\u00e1rulnak. Akkredit\u00e1lt eur\u00f3pai t\u00fcd\u0151gy\u00f3gy\u00e1sz szakorvosk\u00e9pz\u0151 int\u00e9zm\u00e9nyk\u00e9nt a t\u00fcd\u0151gy\u00f3gy\u00e1sz szakorvosk\u00e9pz\u00e9sben \u00e9s tov\u00e1bbk\u00e9pz\u00e9sben is kiemelked\u0151 region\u00e1lis szerepet j\u00e1tszik. A l\u00e9g\u00fati betegs\u00e9gek (asztma, COPD, als\u00f3 l\u00e9g\u00fati fert\u0151z\u00e9seik), a t\u00fcd\u0151gyullad\u00e1s, a &hellip;<\/p>\n","protected":false},"author":112,"featured_media":0,"parent":0,"menu_order":0,"comment_status":"closed","ping_status":"closed","template":"","meta":{"_acf_changed":false,"footnotes":""},"categories":[],"tags":[],"class_list":["post-377","page","type-page","status-publish","hentry"],"acf":[],"_links":{"self":[{"href":"https:\/\/semmelweis.hu\/pulmonologia\/wp-json\/wp\/v2\/pages\/377","targetHints":{"allow":["GET"]}}],"collection":[{"href":"https:\/\/semmelweis.hu\/pulmonologia\/wp-json\/wp\/v2\/pages"}],"about":[{"href":"https:\/\/semmelweis.hu\/pulmonologia\/wp-json\/wp\/v2\/types\/page"}],"author":[{"embeddable":true,"href":"https:\/\/semmelweis.hu\/pulmonologia\/wp-json\/wp\/v2\/users\/112"}],"replies":[{"embeddable":true,"href":"https:\/\/semmelweis.hu\/pulmonologia\/wp-json\/wp\/v2\/comments?post=377"}],"version-history":[{"count":11,"href":"https:\/\/semmelweis.hu\/pulmonologia\/wp-json\/wp\/v2\/pages\/377\/revisions"}],"predecessor-version":[{"id":4341,"href":"https:\/\/semmelweis.hu\/pulmonologia\/wp-json\/wp\/v2\/pages\/377\/revisions\/4341"}],"wp:attachment":[{"href":"https:\/\/semmelweis.hu\/pulmonologia\/wp-json\/wp\/v2\/media?parent=377"}],"wp:term":[{"taxonomy":"category","embeddable":true,"href":"https:\/\/semmelweis.hu\/pulmonologia\/wp-json\/wp\/v2\/categories?post=377"},{"taxonomy":"post_tag","embeddable":true,"href":"https:\/\/semmelweis.hu\/pulmonologia\/wp-json\/wp\/v2\/tags?post=377"}],"curies":[{"name":"wp","href":"https:\/\/api.w.org\/{rel}","templated":true}]}}

A Pulmonológiai Klinika bemutatása

<p style="text-align: justify"><strong>A Semmelweis Egyetem Pulmonológai Klinikája kiemelt gyógyító, oktató és kutató tüdőgyógyászati centrum. Szakemberei a korszerű orvostechnológiai eszközök használata mellett, új diagnosztikus, terápiás eljárások és legújabb gyógyszerek kifejlesztéséhez is hozzájárulnak. Akkreditált európai tüdőgyógyász szakorvosképző intézményként a tüdőgyógyász szakorvosképzésben és továbbképzésben is kiemelkedő regionális szerepet játszik.</strong></p>
<p style="text-align: justify">A légúti betegségek (asztma, COPD, alsó légúti fertőzéseik), a tüdőgyulladás, a tüdőrák, intersitialis tüdőbetegségek („tüdőfibrózisok”), alvászavarok és minden, tüdőt érintő ritka kórkép diagnózisa, kezelése a Semmelweis Egyetem Pulmonológiai Klinikájának fő profilja. Az évente kb. 4000 fekvő- és 35 ezer járóbeteget ellátó intézménynek emellett az országban egyedülálló szerepe van a tüdőtranszplantációra alkalmas betegek kiválasztásában, pulmonalis hypertonia, interstitialis és egyéb ritka betegségek, súlyos asztma, élsportolók és súlyos komplikált és infektív tüdőbetegek  komplex ellátásában.</p>
<p style="text-align: justify"><span style="color: #808080"><span style="color: #000000">A tüdőgyógyászat 1942 óta vált az orvosi oktatás részévé, amikor megalapították a Tüdőgyógyászati Tanszéket. A tüdőgyógyászat oktatásában 1960-ig a phtiziológia  <em>(a gümőkóros betegségekkel, főleg a tüdőtuberkulózissal foglalkozó orvostudományi ág)</em> dominált. Azóta a hangsúly áthelyeződött az aspecifikus tüdőbetegségekre. Az utóbbi negyedszázadban a tüdőgyógyászat fokozatosan a belgyógyászat egyik fontos speciális területévé vált. A tanszéket 1953-ban minősítették át Pulmonológiai Klinikává.</span></span></p>
<p>&nbsp;</p>
<p>&nbsp;</p>
<figure id="attachment_2624" aria-describedby="caption-attachment-2624" style="width: 312px" class="wp-caption alignleft"><img loading="lazy" decoding="async" class="wp-image-2624" src="https://semmelweis.hu/pulmonologia/files/2021/10/RS85201_IMG_0808-scr.jpg" alt="" width="312" height="477" /><figcaption id="caption-attachment-2624" class="wp-caption-text"><span style="font-size: 12pt">A Klinika igazgatója 2018-tól Prof. Dr. Müller Veronika</span></figcaption></figure>
<p style="text-align: justify">A pulmonológia és mellkassebészet tárgy oktatása jelenleg magában foglalja a tüdő, a pleura, a légutak és részben a mediastinum csaknem valamennyi betegségét és ezek speciális diagnosztikus módszereit. A képzéssel kapcsolatos feladatok jelentősen bővültek, 1986 óta német nyelvű graduális tüdőgyógyászati képzés folyik, 1990 óta pedig angol nyelven is. A pulmonológia oktatás a <a href="https://semmelweis.hu/250/">Semmelweis Egyetem 250. </a>tanévétől blokkoktatás formájában történik, amelynek központi eleme a széles kitekintést nyújtó, diagnosztikus és terápiás módszerek bemutatása, betegközpontú gyakorlati ismeretek megszerzése. A COVID járványt követően a tüdő infektív kórképeinek ellátására infektológiai részleggel bővült az ellátási kör. </p>
<p style="text-align: justify"><span style="color: #000000">Az utóbbi években a posztgraduális képzésben is alapvető szerepet játszanak klinikánk oktatói. Tüdőgyógyászok képzése mellett a Klinika részt vesz <strong>családorvosok, allergológus-immunológus- onkológus szakorvosok, belgyógyászok, infektológusok oktatásában, felsőfokú nővér, pulmonológus szakasszisztens, gyógytornász és mentőtiszt képzésben,</strong> továbbá minden évben speciális szaktanfolyamokat is indít.</span></p>
<p>&nbsp;</p>
<p style="text-align: justify"><span style="color: #000000">A Pulmonológiai Klinika régen várt és számos előnnyel járó költözése 2019-ben megvalósult. A modernebb, tágasabb épületben a betegellátás, oktatás és kutatás európai központhoz illő folyamatos felújítása és korszerűsítése zajlik. A Klinika vezetése arra törekszik, hogy a társzakmákkal szoros együttműködésben mind a hozzánk kerülő betegek, mind az orvostanhallgatók és a szakképzésben résztvevő valamennyi kolléga számára az országban a legmagasabb szintű ellátást és oktatást nyújthassuk. </span></p>
<p style="text-align: justify"><span style="color: #000000"><strong><span style="font-size: 14pt"><a href="https://semmelweis.hu/pulmonologia/files/2019/10/DSCF0861-3.jpg"><img loading="lazy" decoding="async" class="alignright  wp-image-925" src="https://semmelweis.hu/pulmonologia/files/2019/10/DSCF0861-3-267x300.jpg" alt="" width="283" height="318" srcset="https://semmelweis.hu/pulmonologia/files/2019/10/DSCF0861-3-267x300.jpg 267w, https://semmelweis.hu/pulmonologia/files/2019/10/DSCF0861-3-768x864.jpg 768w, https://semmelweis.hu/pulmonologia/files/2019/10/DSCF0861-3.jpg 837w" sizes="auto, (max-width: 283px) 100vw, 283px" /></a>A klinika korábbi igazgatói:</span></strong></span></p>
<p style="padding-left: 40px">Prof. Dr. Kováts Ferenc (1942-1961)<br />
Prof. Dr. Miskovits Gusztáv (1961-1988)<br />
Prof. Dr. Hutás Imre (1988-1993)<br />
Prof. Dr. Magyar Pál (1994-2007)<br />
Prof. Dr. Losonczy György (2007-2018)<br />
Prof. Dr. Müller Veronika (2018-</p>
<p>&nbsp;</p>
<p><span style="font-size: 12pt">Frissítve: 2025.05.16. Készítette Prof. Dr. Müller Veronika. Érvényes: visszavonásig.</span></p>
<p style="text-align: justify"> </p>

<p>A Semmelweis Egyetem Pulmonológai Klinikája kiemelt gyógyító, oktató és kutató tüdőgyógyászati centrum. Szakemberei a korszerű orvostechnológiai eszközök használata mellett, új diagnosztikus, terápiás eljárások és legújabb gyógyszerek kifejlesztéséhez is hozzájárulnak. Akkreditált európai tüdőgyógyász szakorvosképző intézményként a tüdőgyógyász szakorvosképzésben és továbbképzésben is kiemelkedő regionális szerepet játszik. A légúti betegségek (asztma, COPD, alsó légúti fertőzéseik), a tüdőgyulladás, a &hellip;</p>
