{"id":3033,"date":"2023-03-02T17:25:00","date_gmt":"2023-03-02T16:25:00","guid":{"rendered":"https:\/\/semmelweis.hu\/pulmonologia\/?page_id=3033"},"modified":"2026-02-05T13:13:51","modified_gmt":"2026-02-05T12:13:51","slug":"cpet","status":"publish","type":"page","link":"https:\/\/semmelweis.hu\/pulmonologia\/cpet\/","title":{"rendered":"CPET (Spiroergometria)"},"content":{"rendered":"<p style=\"text-align: justify\">Kedves P\u00e1ciens!<br \/>\nKedves Sportol\u00f3!<\/p>\n<p style=\"text-align: justify\">A kardiopulmon\u00e1lis terhel\u00e9ses teszt (CPET) vagy m\u00e1s n\u00e9ven spiroergometria c\u00e9lja az \u00d6n maxim\u00e1lis teljes\u00edt\u0151k\u00e9pess\u00e9g\u00e9nek a felm\u00e9r\u00e9s\u00e9re, illetve a sz\u00edv \u00e9s t\u00fcd\u0151 egy\u00fcttes \u00e9s az izomzat terhelhet\u0151s\u00e9g\u00e9nek \u00e9s m\u0171k\u00f6d\u00e9s\u00e9nek az \u00e9rt\u00e9kel\u00e9se.<\/p>\n<p style=\"text-align: justify\">A vizsg\u00e1latra k\u00e9nyelmes sportfelszerel\u00e9sben, sportcip\u0151vel \u00e9rkezzen. Nem kell \u00e9homra j\u00f6nni, a rendszeresen szedett gy\u00f3gyszereit vegye be (kiv\u00e9ve, ha orvosa m\u00e1st javasol). A vizsg\u00e1latra sok esetben l\u00e9gz\u00e9sfunkci\u00f3s \u00e9s EKG lelettel kell \u00e9rkezni. A vizsg\u00e1lat kezdete el\u0151tt t\u00f6bb l\u00e9gz\u00e9si man\u0151vert kell v\u00e9gezni, a vizsg\u00e1latot v\u00e9gz\u0151 utas\u00edt\u00e1sa szerint.<br \/>\nA vizsg\u00e1lat sor\u00e1n fokozatosan nehezed\u0151 er\u0151ss\u00e9ggel ker\u00e9kp\u00e1ron kell tekerni, megadott fordulatsz\u00e1mmal. <br \/>\nA vizsg\u00e1lat sor\u00e1n folyamatosan ellen\u0151rizz\u00fck a sz\u00edvm\u0171k\u00f6d\u00e9s\u00e9t (10 EKG elektr\u00f3da felhelyez\u00e9s\u00e9vel), a v\u00e9rnyom\u00e1s\u00e1t, az oxig\u00e9n szatur\u00e1ci\u00f3j\u00e1t, a g\u00e1zcser\u00e9j\u00e9t (speci\u00e1lis arcmaszkon kereszt\u00fcl az oxig\u00e9n felv\u00e9telt \u00e9s a sz\u00e9ndioxid lead\u00e1st) \u00e9s a l\u00e9gz\u00e9ssz\u00e1m\u00e1t. A vizsg\u00e1lat sor\u00e1n nem szabad besz\u00e9lni, mert az befoly\u00e1solja, rontja az \u00e9rt\u00e9keit.<br \/>\n2 percenk\u00e9nt egy nyomtatott 0-10 fokozat\u00fa sk\u00e1l\u00e1n kell mutatni a neh\u00e9zl\u00e9gz\u00e9s m\u00e9rt\u00e9k\u00e9t, illetve a l\u00e1bf\u00e1radts\u00e1got.<br \/>\nA maxim\u00e1lis terhel\u00e9s el\u00e9r\u00e9sekor a nyugalmi f\u00e1zisnak megfelel\u0151en tov\u00e1bb kell tekerni a biciklit, am\u00edg a vizsg\u00e1latot v\u00e9gz\u0151 orvos nem javasolja a le\u00e1ll\u00e1st. Ebben a f\u00e1zisban m\u00e1r nincs k\u00f6telez\u0151 fordulatsz\u00e1m. A maxim\u00e1lis terhel\u00e9st k\u00f6vet\u0151en ism\u00e9telten sz\u00fcks\u00e9g lehet a l\u00e9gz\u00e9sfunkci\u00f3s \u00e9rt\u00e9kek meghat\u00e1roz\u00e1s\u00e1ra maxim\u00e1lis gyors kif\u00faj\u00e1ssal \u00e9s maxim\u00e1lis m\u00e9ly bel\u00e9gz\u00e9ssel.<\/p>\n<p style=\"text-align: justify\">A vizsg\u00e1lat v\u00e9g\u00e9n mindenk\u00e9ppen javasoljunk a test izzadts\u00e1g\u00e1nak az \u00d6n \u00e1ltal hozott t\u00f6r\u00f6lk\u00f6z\u0151ben a let\u00f6rl\u00e9s\u00e9t, v\u00e1lt\u00f3 fels\u0151ruh\u00e1zat felv\u00e9tel\u00e9t. A terhel\u00e9ses vizsg\u00e1lat ut\u00e1n legal\u00e1bb 30 perces pihen\u0151re sz\u00e1m\u00edtson. Az eredm\u00e9nyeket a kezel\u0151orvossal fogja \u00e1tbesz\u00e9lni.<\/p>\n<p>&nbsp;<\/p>\n<p><span style=\"font-size: 12pt\">Friss\u00edtve: 2025.05.19. K\u00e9sz\u00edtette \u00e9s valid\u00e1lta: Prof. Dr. M\u00fcller Veronika. \u00c9rv\u00e9nyes: visszavon\u00e1sig.\u00a0<\/span><\/p>\n","protected":false},"excerpt":{"rendered":"<p>Kedves P\u00e1ciens! Kedves Sportol\u00f3! A kardiopulmon\u00e1lis terhel\u00e9ses teszt (CPET) vagy m\u00e1s n\u00e9ven spiroergometria c\u00e9lja az \u00d6n maxim\u00e1lis teljes\u00edt\u0151k\u00e9pess\u00e9g\u00e9nek a felm\u00e9r\u00e9s\u00e9re, illetve a sz\u00edv \u00e9s t\u00fcd\u0151 egy\u00fcttes \u00e9s az izomzat terhelhet\u0151s\u00e9g\u00e9nek \u00e9s m\u0171k\u00f6d\u00e9s\u00e9nek az \u00e9rt\u00e9kel\u00e9se. A vizsg\u00e1latra k\u00e9nyelmes sportfelszerel\u00e9sben, sportcip\u0151vel \u00e9rkezzen. Nem kell \u00e9homra j\u00f6nni, a rendszeresen szedett gy\u00f3gyszereit vegye be (kiv\u00e9ve, ha orvosa m\u00e1st javasol). &hellip;<\/p>\n","protected":false},"author":102083,"featured_media":0,"parent":0,"menu_order":0,"comment_status":"closed","ping_status":"closed","template":"","meta":{"_acf_changed":false,"footnotes":""},"categories":[],"tags":[],"class_list":["post-3033","page","type-page","status-publish","hentry"],"acf":[],"_links":{"self":[{"href":"https:\/\/semmelweis.hu\/pulmonologia\/wp-json\/wp\/v2\/pages\/3033","targetHints":{"allow":["GET"]}}],"collection":[{"href":"https:\/\/semmelweis.hu\/pulmonologia\/wp-json\/wp\/v2\/pages"}],"about":[{"href":"https:\/\/semmelweis.hu\/pulmonologia\/wp-json\/wp\/v2\/types\/page"}],"author":[{"embeddable":true,"href":"https:\/\/semmelweis.hu\/pulmonologia\/wp-json\/wp\/v2\/users\/102083"}],"replies":[{"embeddable":true,"href":"https:\/\/semmelweis.hu\/pulmonologia\/wp-json\/wp\/v2\/comments?post=3033"}],"version-history":[{"count":8,"href":"https:\/\/semmelweis.hu\/pulmonologia\/wp-json\/wp\/v2\/pages\/3033\/revisions"}],"predecessor-version":[{"id":4924,"href":"https:\/\/semmelweis.hu\/pulmonologia\/wp-json\/wp\/v2\/pages\/3033\/revisions\/4924"}],"wp:attachment":[{"href":"https:\/\/semmelweis.hu\/pulmonologia\/wp-json\/wp\/v2\/media?parent=3033"}],"wp:term":[{"taxonomy":"category","embeddable":true,"href":"https:\/\/semmelweis.hu\/pulmonologia\/wp-json\/wp\/v2\/categories?post=3033"},{"taxonomy":"post_tag","embeddable":true,"href":"https:\/\/semmelweis.hu\/pulmonologia\/wp-json\/wp\/v2\/tags?post=3033"}],"curies":[{"name":"wp","href":"https:\/\/api.w.org\/{rel}","templated":true}]}}