{"id":3027,"date":"2023-03-02T17:25:00","date_gmt":"2023-03-02T16:25:00","guid":{"rendered":"https:\/\/semmelweis.hu\/pulmonologia\/?page_id=3027"},"modified":"2026-02-05T13:12:28","modified_gmt":"2026-02-05T12:12:28","slug":"ekg","status":"publish","type":"page","link":"https:\/\/semmelweis.hu\/pulmonologia\/ekg\/","title":{"rendered":"EKG"},"content":{"rendered":"<p style=\"text-align: justify\">Az EKG vizsg\u00e1lat alkalm\u00e1val a sz\u00edv m\u0171k\u00f6d\u00e9s\u00e9t vizsg\u00e1ljuk a test bioelektromos jelei alapj\u00e1n. <br \/>\nA vizsg\u00e1latra t\u00f6rt\u00e9n\u0151 beh\u00edv\u00e1s ut\u00e1n az asszisztens beazonos\u00edtja \u00d6nt, majd sz\u00fcks\u00e9g szerint mellkas\u00e1t \u00e9s v\u00e9gtagjait kell szabadd\u00e1 tennie. A vizsg\u00e1l\u00f3\u00e1gyon hanyatt fekve az \u00e9rz\u00e9kel\u0151ket szakszer\u0171en felhelyez\u00fcnk a mellkas\u00e1ra, csukl\u00f3ira \u00e9s bok\u00e1ira.\u00a0 Az elektr\u00f3d\u00e1k h\u0171v\u00f6sek lehetnek \u00e9s a b\u0151rfert\u0151tlen\u00edt\u0151t\u0151l kiss\u00e9 nedvesek. A pontos vizsg\u00e1lathoz az \u00d6n egy\u00fcttm\u0171k\u00f6d\u00e9s\u00e9re lesz sz\u00fcks\u00e9g: nagyon nyugodtan fek\u00fcdj\u00f6n, nyugodt l\u00e9gz\u00e9ssel, relax\u00e1lva. A vizsg\u00e1lat n\u00e9h\u00e1ny perc alatt elk\u00e9sz\u00fcl, az EKG leletet nyomtatva k\u00e9zhez kapja.<br \/>\nOrvosa fogja \u00e9rt\u00e9kelni a r\u00f6gz\u00edtett g\u00f6rb\u00e9ket, mely diagn\u00f3zis\u00e1nak r\u00e9sz\u00e9t k\u00e9pezi.<br \/>\nA vizsg\u00e1lat elk\u00e9sz\u00fclt\u00e9vel vagy a tov\u00e1bbi elrendelt vizsg\u00e1latokra megy tov\u00e1bb, vagy visszaf\u00e1rad kezel\u0151orvos\u00e1hoz.<\/p>\n<p>&nbsp;<\/p>\n<p><span style=\"font-size: 12pt\">Friss\u00edtve: 2025.05.19. K\u00e9sz\u00edtette \u00e9s j\u00f3v\u00e1hagyta Prof. Dr. M\u00fcller Veronika. \u00c9rv\u00e9nyess\u00e9g: visszavon\u00e1sig.\u00a0<\/span><\/p>\n","protected":false},"excerpt":{"rendered":"<p>Az EKG vizsg\u00e1lat alkalm\u00e1val a sz\u00edv m\u0171k\u00f6d\u00e9s\u00e9t vizsg\u00e1ljuk a test bioelektromos jelei alapj\u00e1n. A vizsg\u00e1latra t\u00f6rt\u00e9n\u0151 beh\u00edv\u00e1s ut\u00e1n az asszisztens beazonos\u00edtja \u00d6nt, majd sz\u00fcks\u00e9g szerint mellkas\u00e1t \u00e9s v\u00e9gtagjait kell szabadd\u00e1 tennie. A vizsg\u00e1l\u00f3\u00e1gyon hanyatt fekve az \u00e9rz\u00e9kel\u0151ket szakszer\u0171en felhelyez\u00fcnk a mellkas\u00e1ra, csukl\u00f3ira \u00e9s bok\u00e1ira.\u00a0 Az elektr\u00f3d\u00e1k h\u0171v\u00f6sek lehetnek \u00e9s a b\u0151rfert\u0151tlen\u00edt\u0151t\u0151l kiss\u00e9 nedvesek. A pontos &hellip;<\/p>\n","protected":false},"author":102083,"featured_media":0,"parent":0,"menu_order":0,"comment_status":"closed","ping_status":"closed","template":"","meta":{"_acf_changed":false,"footnotes":""},"categories":[],"tags":[],"class_list":["post-3027","page","type-page","status-publish","hentry"],"acf":[],"_links":{"self":[{"href":"https:\/\/semmelweis.hu\/pulmonologia\/wp-json\/wp\/v2\/pages\/3027","targetHints":{"allow":["GET"]}}],"collection":[{"href":"https:\/\/semmelweis.hu\/pulmonologia\/wp-json\/wp\/v2\/pages"}],"about":[{"href":"https:\/\/semmelweis.hu\/pulmonologia\/wp-json\/wp\/v2\/types\/page"}],"author":[{"embeddable":true,"href":"https:\/\/semmelweis.hu\/pulmonologia\/wp-json\/wp\/v2\/users\/102083"}],"replies":[{"embeddable":true,"href":"https:\/\/semmelweis.hu\/pulmonologia\/wp-json\/wp\/v2\/comments?post=3027"}],"version-history":[{"count":7,"href":"https:\/\/semmelweis.hu\/pulmonologia\/wp-json\/wp\/v2\/pages\/3027\/revisions"}],"predecessor-version":[{"id":4921,"href":"https:\/\/semmelweis.hu\/pulmonologia\/wp-json\/wp\/v2\/pages\/3027\/revisions\/4921"}],"wp:attachment":[{"href":"https:\/\/semmelweis.hu\/pulmonologia\/wp-json\/wp\/v2\/media?parent=3027"}],"wp:term":[{"taxonomy":"category","embeddable":true,"href":"https:\/\/semmelweis.hu\/pulmonologia\/wp-json\/wp\/v2\/categories?post=3027"},{"taxonomy":"post_tag","embeddable":true,"href":"https:\/\/semmelweis.hu\/pulmonologia\/wp-json\/wp\/v2\/tags?post=3027"}],"curies":[{"name":"wp","href":"https:\/\/api.w.org\/{rel}","templated":true}]}}