{"id":2713,"date":"2022-01-06T13:00:40","date_gmt":"2022-01-06T12:00:40","guid":{"rendered":"https:\/\/semmelweis.hu\/pulmonologia\/?page_id=2713"},"modified":"2023-10-05T14:25:12","modified_gmt":"2023-10-05T12:25:12","slug":"tudogyogyasz-szakvizsga-elokeszito","status":"publish","type":"page","link":"https:\/\/semmelweis.hu\/pulmonologia\/tudogyogyasz-szakvizsga-elokeszito\/","title":{"rendered":"T\u00fcd\u0151gy\u00f3gy\u00e1sz szakvizsga el\u0151k\u00e9sz\u00edt\u0151"},"content":{"rendered":"","protected":false},"excerpt":{"rendered":"","protected":false},"author":101685,"featured_media":0,"parent":0,"menu_order":0,"comment_status":"closed","ping_status":"closed","template":"","meta":{"_acf_changed":false,"footnotes":""},"categories":[],"tags":[],"class_list":["post-2713","page","type-page","status-publish","hentry"],"acf":[],"_links":{"self":[{"href":"https:\/\/semmelweis.hu\/pulmonologia\/wp-json\/wp\/v2\/pages\/2713","targetHints":{"allow":["GET"]}}],"collection":[{"href":"https:\/\/semmelweis.hu\/pulmonologia\/wp-json\/wp\/v2\/pages"}],"about":[{"href":"https:\/\/semmelweis.hu\/pulmonologia\/wp-json\/wp\/v2\/types\/page"}],"author":[{"embeddable":true,"href":"https:\/\/semmelweis.hu\/pulmonologia\/wp-json\/wp\/v2\/users\/101685"}],"replies":[{"embeddable":true,"href":"https:\/\/semmelweis.hu\/pulmonologia\/wp-json\/wp\/v2\/comments?post=2713"}],"version-history":[{"count":10,"href":"https:\/\/semmelweis.hu\/pulmonologia\/wp-json\/wp\/v2\/pages\/2713\/revisions"}],"predecessor-version":[{"id":3319,"href":"https:\/\/semmelweis.hu\/pulmonologia\/wp-json\/wp\/v2\/pages\/2713\/revisions\/3319"}],"wp:attachment":[{"href":"https:\/\/semmelweis.hu\/pulmonologia\/wp-json\/wp\/v2\/media?parent=2713"}],"wp:term":[{"taxonomy":"category","embeddable":true,"href":"https:\/\/semmelweis.hu\/pulmonologia\/wp-json\/wp\/v2\/categories?post=2713"},{"taxonomy":"post_tag","embeddable":true,"href":"https:\/\/semmelweis.hu\/pulmonologia\/wp-json\/wp\/v2\/tags?post=2713"}],"curies":[{"name":"wp","href":"https:\/\/api.w.org\/{rel}","templated":true}]}}