{"id":2129,"date":"2021-11-09T10:32:46","date_gmt":"2021-11-09T09:32:46","guid":{"rendered":"https:\/\/semmelweis.hu\/pulmonologia\/?page_id=2129"},"modified":"2025-06-16T11:59:15","modified_gmt":"2025-06-16T09:59:15","slug":"betegtajekoztatok","status":"publish","type":"page","link":"https:\/\/semmelweis.hu\/pulmonologia\/betegtajekoztatok\/betegtajekoztatok\/","title":{"rendered":"Betegt\u00e1j\u00e9koztat\u00f3k"},"content":{"rendered":"<p><a href=\"https:\/\/semmelweis.hu\/pulmonologia\/files\/2025\/06\/69787AOPUL2025-Jarobeteg-tajekoztato-es-hazirend.pdf\">69787AOPUL2025 J\u00e1r\u00f3beteg t\u00e1j\u00e9koztat\u00f3 \u00e9s h\u00e1zirend<\/a><\/p>\n<p><span style=\"font-size: 12pt\">Friss\u00edtve 2025.05.23-\u00e1n Dr. Szab\u00f3 Nat\u00e1lia jogi szak\u00e9rt\u0151 \u00e1ltal. \u00c9rv\u00e9nyess\u00e9g: 2025.05.23-visszavon\u00e1sig. J\u00f3v\u00e1hagy\u00f3: Prof. Dr. M\u00fcller Veronika klinikaigazgat\u00f3.\u00a0<\/span><\/p>\n<p>&nbsp;<\/p>\n<p>&nbsp;<\/p>\n","protected":false},"excerpt":{"rendered":"<p><a href=\"https:\/\/semmelweis.hu\/pulmonologia\/files\/2025\/06\/69787AOPUL2025-Jarobeteg-tajekoztato-es-hazirend.pdf\">69787AOPUL2025 J\u00e1r\u00f3beteg t\u00e1j\u00e9koztat\u00f3 \u00e9s h\u00e1zirend<\/a><br \/>\nFriss\u00edtve 2025.05.23-\u00e1n Dr. Szab\u00f3 Nat\u00e1lia jogi szak\u00e9rt\u0151 \u00e1ltal. \u00c9rv\u00e9nyess\u00e9g: 2025.05.23-visszavon\u00e1sig. J\u00f3v\u00e1hagy\u00f3: Prof. Dr. M\u00fcller Veronika klinikaigazgat\u00f3.\u00a0<br \/>\n&nbsp;<br \/>\n&nbsp;<\/p>\n","protected":false},"author":101685,"featured_media":0,"parent":1187,"menu_order":1,"comment_status":"closed","ping_status":"closed","template":"","meta":{"_acf_changed":false,"footnotes":""},"categories":[],"tags":[],"class_list":["post-2129","page","type-page","status-publish","hentry"],"acf":[],"_links":{"self":[{"href":"https:\/\/semmelweis.hu\/pulmonologia\/wp-json\/wp\/v2\/pages\/2129","targetHints":{"allow":["GET"]}}],"collection":[{"href":"https:\/\/semmelweis.hu\/pulmonologia\/wp-json\/wp\/v2\/pages"}],"about":[{"href":"https:\/\/semmelweis.hu\/pulmonologia\/wp-json\/wp\/v2\/types\/page"}],"author":[{"embeddable":true,"href":"https:\/\/semmelweis.hu\/pulmonologia\/wp-json\/wp\/v2\/users\/101685"}],"replies":[{"embeddable":true,"href":"https:\/\/semmelweis.hu\/pulmonologia\/wp-json\/wp\/v2\/comments?post=2129"}],"version-history":[{"count":10,"href":"https:\/\/semmelweis.hu\/pulmonologia\/wp-json\/wp\/v2\/pages\/2129\/revisions"}],"predecessor-version":[{"id":4400,"href":"https:\/\/semmelweis.hu\/pulmonologia\/wp-json\/wp\/v2\/pages\/2129\/revisions\/4400"}],"up":[{"embeddable":true,"href":"https:\/\/semmelweis.hu\/pulmonologia\/wp-json\/wp\/v2\/pages\/1187"}],"wp:attachment":[{"href":"https:\/\/semmelweis.hu\/pulmonologia\/wp-json\/wp\/v2\/media?parent=2129"}],"wp:term":[{"taxonomy":"category","embeddable":true,"href":"https:\/\/semmelweis.hu\/pulmonologia\/wp-json\/wp\/v2\/categories?post=2129"},{"taxonomy":"post_tag","embeddable":true,"href":"https:\/\/semmelweis.hu\/pulmonologia\/wp-json\/wp\/v2\/tags?post=2129"}],"curies":[{"name":"wp","href":"https:\/\/api.w.org\/{rel}","templated":true}]}}