{"id":1825,"date":"2020-05-04T11:27:53","date_gmt":"2020-05-04T09:27:53","guid":{"rendered":"https:\/\/semmelweis.hu\/pulmonologia\/?page_id=1825"},"modified":"2025-05-20T11:59:40","modified_gmt":"2025-05-20T09:59:40","slug":"fizioterapia","status":"publish","type":"page","link":"https:\/\/semmelweis.hu\/pulmonologia\/altalanos-informaciok\/fizioterapia\/","title":{"rendered":"Fizioter\u00e1pia"},"content":{"rendered":"<p style=\"text-align: justify\"><strong><span style=\"font-size: 24pt\">Fizioter\u00e1pia<\/span><\/strong><\/p>\n<p style=\"text-align: justify\">A Semmelweis Egyetem Pulmonol\u00f3giai Klinika h\u00e9t gy\u00f3gytorn\u00e1sszal biztos\u00edtja a fizioter\u00e1pi\u00e1s feladatok ell\u00e1t\u00e1s\u00e1t ambul\u00e1ns form\u00e1ban, illetve fekv\u0151beteg oszt\u00e1lyokon.<\/p>\n<p style=\"text-align: justify\">\n<strong>Fizioter\u00e1pi\u00e1s feladatok ambul\u00e1ns ell\u00e1t\u00e1s keret\u00e9ben<\/strong><\/p>\n<ul style=\"text-align: justify\">\n<li>6 perces j\u00e1r\u00e1steszt<\/li>\n<li>Oktat\u00e1s: inhal\u00e1ci\u00f3s eszk\u00f6z\u00f6k helyes haszn\u00e1lata, l\u00e9gz\u0151torna betan\u00edt\u00e1sa<\/li>\n<li>L\u00e9gz\u00e9ster\u00e1pi\u00e1s eszk\u00f6z\u00f6kkel t\u00f6rt\u00e9n\u0151 ell\u00e1t\u00e1s<\/li>\n<\/ul>\n<p style=\"text-align: justify\">\n<strong>Fizioter\u00e1pi\u00e1s feladatok fekv\u0151beteg oszt\u00e1lyokon<\/strong><\/p>\n<ul>\n<li style=\"text-align: justify\">\u00c1ltal\u00e1nos Pulmonol\u00f3giai Oszt\u00e1ly<\/li>\n<li style=\"text-align: justify\">Pulmonol\u00f3gia Onkol\u00f3giai Oszt\u00e1ly<\/li>\n<li style=\"text-align: justify\">Nem-invaz\u00edv L\u00e9gz\u00e9ster\u00e1pi\u00e1s Oszt\u00e1ly<\/li>\n<li style=\"text-align: justify\">Pulmonol\u00f3giai Transzplant\u00e1ci\u00f3s Oszt\u00e1ly<\/li>\n<li style=\"text-align: justify\">Pulmonol\u00f3giai L\u00e9gz\u00e9srehabilit\u00e1ci\u00f3s Oszt\u00e1ly<\/li>\n<\/ul>\n<p style=\"text-align: justify\">\nA pulmonol\u00f3giai fizioter\u00e1pia c\u00e9lja az akt\u00edv fekv\u0151beteg ell\u00e1t\u00e1s sor\u00e1n a neh\u00e9zl\u00e9gz\u00e9s enyh\u00edt\u00e9se, a l\u00e9gz\u00e9smechanika helyre\u00e1ll\u00edt\u00e1sa, a l\u00e9g\u00fati v\u00e1lad\u00e9k elt\u00e1vol\u00edt\u00e1sa \u00e9s a betegek mobiliz\u00e1ci\u00f3s k\u00e9pess\u00e9geinek jav\u00edt\u00e1sa.<\/p>\n<p style=\"text-align: justify\">A l\u00e9gz\u0151torna c\u00e9lja a l\u00e9gz\u0151izmok funkci\u00f3j\u00e1nak jav\u00edt\u00e1sa, a neh\u00e9zl\u00e9gz\u00e9s \u00e9s a hiperinfl\u00e1ci\u00f3 cs\u00f6kkent\u00e9se, valamint a thoracoabdomin\u00e1lis l\u00e9gz\u0151mozg\u00e1s optimaliz\u00e1l\u00e1sa. A betegs\u00e9g specifikus szempontok alapj\u00e1n \u00f6ssze\u00e1ll\u00edtott gyakorlatokat egy\u00e9ni, vagy kiscsoportos form\u00e1ban v\u00e9gezz\u00fck.<\/p>\n<p style=\"text-align: justify\">L\u00e9gz\u0151szervi betegekn\u00e9l gyakran tapasztalhat\u00f3 fokozott ny\u00e1kk\u00e9pz\u0151d\u00e9s \u00e9s cs\u00f6kkent v\u00e1lad\u00e9k\u00fcr\u00edt\u00e9s. Expectoratios kezel\u00e9s sor\u00e1n a felszaporodott l\u00e9g\u00fati v\u00e1lad\u00e9k elt\u00e1vol\u00edt\u00e1s\u00e1t seg\u00edtj\u00fck, illetve megtan\u00edtjuk betegeinknek azokat a technik\u00e1kat, melyek seg\u00edts\u00e9g\u00e9vel otthonukban, \u00f6n\u00e1ll\u00f3an is elv\u00e9gezhetik a l\u00e9g\u00fattiszt\u00edt\u00e1st.<\/p>\n<p style=\"text-align: justify\">A kr\u00f3nikus l\u00e9gz\u00e9si betegek fizikai teljes\u00edt\u0151k\u00e9pess\u00e9ge cs\u00f6kkent. A mobiliz\u00e1ci\u00f3 c\u00e9lja a beteg kond\u00edci\u00f3j\u00e1nak vissza\u00e1ll\u00edt\u00e1sa, a fekv\u00e9sb\u0151l ered\u0151 kardiopulmonalis sz\u00f6v\u0151dm\u00e9nyek megel\u0151z\u00e9se.<\/p>\n<p style=\"text-align: justify\">L\u00e9gz\u00e9srehabilit\u00e1ci\u00f3s programunk keret\u00e9ben c\u00e9lunk a l\u00e9gz\u00e9sk\u00e1rosod\u00e1s t\u00fcneteinek jav\u00edt\u00e1sa, a lehet\u0151 legjobb funkcion\u00e1lis \u00e1llapot el\u00e9r\u00e9se vagy megtart\u00e1sa, illetve megtan\u00edtani az \u00e9rintetteket saj\u00e1t, mindennapi \u00e9let\u00e9nek optim\u00e1lis kivitelez\u00e9s\u00e9re.<\/p>\n<p style=\"text-align: justify\">Speci\u00e1lis feladatunk a mellkasi m\u0171t\u00e9tre v\u00e1r\u00f3 betegek felk\u00e9sz\u00edtse a m\u0171t\u00e9tre, valamint a posztoperat\u00edv id\u0151szakban a m\u0171t\u00e9ti ut\u00e1n a maxim\u00e1lisan el\u00e9rhet\u0151 funkcion\u00e1lis \u00e1llapot gyors el\u00e9r\u00e9se.<\/p>\n<p style=\"text-align: justify\"><strong>L\u00e9gz\u00e9srehabilit\u00e1ci\u00f3s program elemei<\/strong><\/p>\n<ul style=\"text-align: justify\">\n<li>\u00c9rkez\u0151 \u00e9s t\u00e1voz\u00f3 betegek \u00e1llapotfelm\u00e9r\u00e9se (pl. 6 perces j\u00e1r\u00e1st\u00e1vols\u00e1g, k\u00e9rd\u0151\u00edvek)<\/li>\n<li>Csoportos l\u00e9gz\u0151torna<\/li>\n<li>Dinamikus kondicion\u00e1l\u00f3 tr\u00e9ning (szobaker\u00e9kp\u00e1r, fut\u00f3pad)<\/li>\n<li>Er\u0151fejleszt\u0151 tr\u00e9ning, k\u00f6rtr\u00e9ning<\/li>\n<li>Betegeduk\u00e1ci\u00f3 (betegs\u00e9ggel kapcsolatos ismeretek, \u00e9letm\u00f3d tan\u00e1csok)<\/li>\n<li>Doh\u00e1nyz\u00e1sr\u00f3l val\u00f3 leszok\u00e1s<\/li>\n<li>Di\u00e9t\u00e1s tan\u00e1csad\u00e1s csoportosan \u00e9s szem\u00e9lyre szabottan<\/li>\n<li>Pszichol\u00f3gus \u00e1ltal vezetett csoportfoglalkoz\u00e1s, sz\u00fcks\u00e9g eset\u00e9n egy\u00e9ni gondoz\u00e1sba v\u00e9tel<\/li>\n<\/ul>\n<p style=\"text-align: justify\"><strong>Tudom\u00e1nyos \u00e9s oktat\u00e1si tev\u00e9kenys\u00e9g <\/strong><\/p>\n<p style=\"text-align: justify\">A betegell\u00e1t\u00e1s mellett r\u00e9szt vesz\u00fcnk a Semmelweis Egyetem \u00c1ltal\u00e1nos Orvostudom\u00e1nyi- \u00e9s Eg\u00e9szs\u00e9gtudom\u00e1nyi Kar gy\u00f3gytorn\u00e1sz hallgat\u00f3inak k\u00e9pz\u00e9s\u00e9ben, valamint hazai tudom\u00e1nyos \u00fcl\u00e9seken, szakdolgoz\u00f3i tov\u00e1bbk\u00e9pz\u00e9seken.<\/p>\n<p>&nbsp;<\/p>\n<p><span style=\"font-size: 12pt\">Friss\u00edtve: 2025.05.20. K\u00e9sz\u00edtette \u00e9s j\u00f3v\u00e1hagyta G\u00e9czi \u00c1d\u00e1m, vezet\u0151 gy\u00f3gytorn\u00e1sz. \u00c9rv\u00e9nyess\u00e9g: visszavon\u00e1sig.\u00a0<\/span><\/p>\n<p>&nbsp;<\/p>\n<p style=\"text-align: justify\">\u00a0<\/p>\n<p style=\"text-align: right\">\u00a0<\/p>\n","protected":false},"excerpt":{"rendered":"<p>Fizioter\u00e1pia A Semmelweis Egyetem Pulmonol\u00f3giai Klinika h\u00e9t gy\u00f3gytorn\u00e1sszal biztos\u00edtja a fizioter\u00e1pi\u00e1s feladatok ell\u00e1t\u00e1s\u00e1t ambul\u00e1ns form\u00e1ban, illetve fekv\u0151beteg oszt\u00e1lyokon. Fizioter\u00e1pi\u00e1s feladatok ambul\u00e1ns ell\u00e1t\u00e1s keret\u00e9ben 6 perces j\u00e1r\u00e1steszt Oktat\u00e1s: inhal\u00e1ci\u00f3s eszk\u00f6z\u00f6k helyes haszn\u00e1lata, l\u00e9gz\u0151torna betan\u00edt\u00e1sa L\u00e9gz\u00e9ster\u00e1pi\u00e1s eszk\u00f6z\u00f6kkel t\u00f6rt\u00e9n\u0151 ell\u00e1t\u00e1s Fizioter\u00e1pi\u00e1s feladatok fekv\u0151beteg oszt\u00e1lyokon \u00c1ltal\u00e1nos Pulmonol\u00f3giai Oszt\u00e1ly Pulmonol\u00f3gia Onkol\u00f3giai Oszt\u00e1ly Nem-invaz\u00edv L\u00e9gz\u00e9ster\u00e1pi\u00e1s Oszt\u00e1ly Pulmonol\u00f3giai Transzplant\u00e1ci\u00f3s Oszt\u00e1ly Pulmonol\u00f3giai L\u00e9gz\u00e9srehabilit\u00e1ci\u00f3s &hellip;<\/p>\n","protected":false},"author":101685,"featured_media":0,"parent":8,"menu_order":1,"comment_status":"closed","ping_status":"closed","template":"","meta":{"_acf_changed":false,"footnotes":""},"categories":[],"tags":[],"class_list":["post-1825","page","type-page","status-publish","hentry"],"acf":[],"_links":{"self":[{"href":"https:\/\/semmelweis.hu\/pulmonologia\/wp-json\/wp\/v2\/pages\/1825","targetHints":{"allow":["GET"]}}],"collection":[{"href":"https:\/\/semmelweis.hu\/pulmonologia\/wp-json\/wp\/v2\/pages"}],"about":[{"href":"https:\/\/semmelweis.hu\/pulmonologia\/wp-json\/wp\/v2\/types\/page"}],"author":[{"embeddable":true,"href":"https:\/\/semmelweis.hu\/pulmonologia\/wp-json\/wp\/v2\/users\/101685"}],"replies":[{"embeddable":true,"href":"https:\/\/semmelweis.hu\/pulmonologia\/wp-json\/wp\/v2\/comments?post=1825"}],"version-history":[{"count":5,"href":"https:\/\/semmelweis.hu\/pulmonologia\/wp-json\/wp\/v2\/pages\/1825\/revisions"}],"predecessor-version":[{"id":4331,"href":"https:\/\/semmelweis.hu\/pulmonologia\/wp-json\/wp\/v2\/pages\/1825\/revisions\/4331"}],"up":[{"embeddable":true,"href":"https:\/\/semmelweis.hu\/pulmonologia\/wp-json\/wp\/v2\/pages\/8"}],"wp:attachment":[{"href":"https:\/\/semmelweis.hu\/pulmonologia\/wp-json\/wp\/v2\/media?parent=1825"}],"wp:term":[{"taxonomy":"category","embeddable":true,"href":"https:\/\/semmelweis.hu\/pulmonologia\/wp-json\/wp\/v2\/categories?post=1825"},{"taxonomy":"post_tag","embeddable":true,"href":"https:\/\/semmelweis.hu\/pulmonologia\/wp-json\/wp\/v2\/tags?post=1825"}],"curies":[{"name":"wp","href":"https:\/\/api.w.org\/{rel}","templated":true}]}}