{"id":67,"date":"2015-04-30T10:43:11","date_gmt":"2015-04-30T08:43:11","guid":{"rendered":"http:\/\/semmelweis.hu\/pszichoterapiasosztaly\/?page_id=67"},"modified":"2023-05-09T08:13:02","modified_gmt":"2023-05-09T06:13:02","slug":"dr-unoka-zsolt-phd","status":"publish","type":"page","link":"https:\/\/semmelweis.hu\/pszichoterapiasosztaly\/rolunk\/terapeutaink\/dr-unoka-zsolt-phd\/","title":{"rendered":"Prof. Dr. Unoka Zsolt habil., PhD"},"content":{"rendered":"<h3>Egyetemi tan\u00e1r, oszt\u00e1lyvezet\u0151<br \/>\npszichi\u00e1ter, pszichoterapeuta, a pszichi\u00e1triai rehabilit\u00e1ci\u00f3 szakorvosa, kognit\u00edv viselked\u00e9sterapeuta, s\u00e9materapeuta-kik\u00e9pz\u0151, pszichoanalitikus<\/h3>\n<p><a href=\"https:\/\/semmelweis.hu\/pszichoterapiasosztaly\/files\/2015\/04\/UZS_foto_kicsi.jpg\"><img loading=\"lazy\" decoding=\"async\" class=\"alignleft size-full wp-image-68\" src=\"https:\/\/semmelweis.hu\/pszichoterapiasosztaly\/files\/2015\/04\/UZS_foto_kicsi.jpg\" alt=\"UZS_foto_kicsi\" width=\"224\" height=\"301\" srcset=\"https:\/\/semmelweis.hu\/pszichoterapiasosztaly\/files\/2015\/04\/UZS_foto_kicsi.jpg 224w, https:\/\/semmelweis.hu\/pszichoterapiasosztaly\/files\/2015\/04\/UZS_foto_kicsi-223x300.jpg 223w\" sizes=\"auto, (max-width: 224px) 100vw, 224px\" \/><\/a>A Semmelweis Egyetemen \u00e1ltal\u00e1nos orvosi diplom\u00e1t, az ELTE BTK Filoz\u00f3fia szak\u00e1n filoz\u00f3fus diplom\u00e1t szerzett. Semmelweis Egyetem Pszichi\u00e1triai \u00e9s Pszichoter\u00e1pi\u00e1s Klinik\u00e1j\u00e1n dolgozva pszichi\u00e1tri\u00e1b\u00f3l, pszichoter\u00e1pi\u00e1b\u00f3l \u00e9s pszichi\u00e1triai rehabilit\u00e1ci\u00f3b\u00f3l szerzett szakvizsg\u00e1t. Pszichoanalitikus. A Viselked\u00e9s- \u00e9s Kognit\u00edv Ter\u00e1pi\u00e1s Egyes\u00fclet kik\u00e9pz\u0151 terapeut\u00e1ja. Nemzetk\u00f6zi S\u00e9mater\u00e1pi\u00e1s Egyes\u00fclet (ISST) kik\u00e9pz\u0151 terapeut\u00e1ja.<\/p>\n<p>Jelenleg a Pszichoter\u00e1pi\u00e1s R\u00e9szleg f\u0151orvosa, egyetemi tan\u00e1r. Kognit\u00edv-viselked\u00e9ster\u00e1pi\u00e1s, s\u00e9mater\u00e1pi\u00e1s \u00e9s pszichodinamikus szeml\u00e9letben v\u00e9gez pszichoter\u00e1pi\u00e1kat, valamint oktat\u00e1si \u00e9s kutat\u00e1si feladatokat l\u00e1t el. A Ment\u00e1lis Eg\u00e9szs\u00e9gtudom\u00e1nyok Doktori Iskol\u00e1ban szerezte PhD-j\u00e1t, ahol jelenleg t\u00e9mavezet\u0151k\u00e9nt tev\u00e9kenykedik. Kutat\u00e1si t\u00e9m\u00e1ja a pszichoter\u00e1pi\u00e1s folyamatkutat\u00e1s, a korai maladapt\u00edv s\u00e9m\u00e1k, a k\u00f6t\u0151d\u00e9s, a t\u00e1rsas megismer\u00e9s \u00e9s az \u00e9rzelemszab\u00e1lyoz\u00e1s zavarainak vizsg\u00e1lata ment\u00e1lis zavarokban.<\/p>\n","protected":false},"excerpt":{"rendered":"<p>Egyetemi tan\u00e1r, oszt\u00e1lyvezet\u0151 pszichi\u00e1ter, pszichoterapeuta, a pszichi\u00e1triai rehabilit\u00e1ci\u00f3 szakorvosa, kognit\u00edv viselked\u00e9sterapeuta, s\u00e9materapeuta-kik\u00e9pz\u0151, pszichoanalitikus <a href=\"https:\/\/semmelweis.hu\/pszichoterapiasosztaly\/files\/2015\/04\/UZS_foto_kicsi.jpg\"><\/a> A Semmelweis Egyetemen \u00e1ltal\u00e1nos orvosi diplom\u00e1t, az ELTE BTK Filoz\u00f3fia szak\u00e1n filoz\u00f3fus diplom\u00e1t szerzett. Semmelweis Egyetem Pszichi\u00e1triai \u00e9s Pszichoter\u00e1pi\u00e1s Klinik\u00e1j\u00e1n dolgozva pszichi\u00e1tri\u00e1b\u00f3l, pszichoter\u00e1pi\u00e1b\u00f3l \u00e9s pszichi\u00e1triai rehabilit\u00e1ci\u00f3b\u00f3l szerzett szakvizsg\u00e1t. Pszichoanalitikus. A Viselked\u00e9s- \u00e9s Kognit\u00edv Ter\u00e1pi\u00e1s Egyes\u00fclet kik\u00e9pz\u0151 terapeut\u00e1ja. Nemzetk\u00f6zi S\u00e9mater\u00e1pi\u00e1s Egyes\u00fclet (ISST) kik\u00e9pz\u0151 &hellip;<\/p>\n","protected":false},"author":1,"featured_media":0,"parent":65,"menu_order":1,"comment_status":"closed","ping_status":"closed","template":"","meta":{"_acf_changed":false,"footnotes":""},"categories":[],"tags":[],"class_list":["post-67","page","type-page","status-publish","hentry"],"acf":[],"_links":{"self":[{"href":"https:\/\/semmelweis.hu\/pszichoterapiasosztaly\/wp-json\/wp\/v2\/pages\/67","targetHints":{"allow":["GET"]}}],"collection":[{"href":"https:\/\/semmelweis.hu\/pszichoterapiasosztaly\/wp-json\/wp\/v2\/pages"}],"about":[{"href":"https:\/\/semmelweis.hu\/pszichoterapiasosztaly\/wp-json\/wp\/v2\/types\/page"}],"author":[{"embeddable":true,"href":"https:\/\/semmelweis.hu\/pszichoterapiasosztaly\/wp-json\/wp\/v2\/users\/1"}],"replies":[{"embeddable":true,"href":"https:\/\/semmelweis.hu\/pszichoterapiasosztaly\/wp-json\/wp\/v2\/comments?post=67"}],"version-history":[{"count":7,"href":"https:\/\/semmelweis.hu\/pszichoterapiasosztaly\/wp-json\/wp\/v2\/pages\/67\/revisions"}],"predecessor-version":[{"id":461,"href":"https:\/\/semmelweis.hu\/pszichoterapiasosztaly\/wp-json\/wp\/v2\/pages\/67\/revisions\/461"}],"up":[{"embeddable":true,"href":"https:\/\/semmelweis.hu\/pszichoterapiasosztaly\/wp-json\/wp\/v2\/pages\/65"}],"wp:attachment":[{"href":"https:\/\/semmelweis.hu\/pszichoterapiasosztaly\/wp-json\/wp\/v2\/media?parent=67"}],"wp:term":[{"taxonomy":"category","embeddable":true,"href":"https:\/\/semmelweis.hu\/pszichoterapiasosztaly\/wp-json\/wp\/v2\/categories?post=67"},{"taxonomy":"post_tag","embeddable":true,"href":"https:\/\/semmelweis.hu\/pszichoterapiasosztaly\/wp-json\/wp\/v2\/tags?post=67"}],"curies":[{"name":"wp","href":"https:\/\/api.w.org\/{rel}","templated":true}]}}