{"id":589,"date":"2026-08-26T12:30:15","date_gmt":"2026-08-26T10:30:15","guid":{"rendered":"https:\/\/semmelweis.hu\/pszichoterapiasosztaly\/?page_id=589"},"modified":"2026-08-26T12:30:40","modified_gmt":"2026-08-26T10:30:40","slug":"nemes-noemi","status":"publish","type":"page","link":"https:\/\/semmelweis.hu\/pszichoterapiasosztaly\/rolunk\/terapeutaink\/nemes-noemi\/","title":{"rendered":"Nemes No\u00e9mi"},"content":{"rendered":"<p>\u00e1pol\u00f3<\/p>\n<p><span data-olk-copy-source=\"MessageBody\">30 \u00e9v eg\u00e9szs\u00e9g\u00fcgyi- \u00e9s szoci\u00e1lis ter\u00fcleten szerzett tapasztalattal, \u00f6r\u00f6mmel dolgozom a pszichoter\u00e1pi\u00e1s oszt\u00e1ly csapat\u00e1ban, ahol c\u00e9lom, hogy biztons\u00e1gos, seg\u00edt\u0151 \u00e9s elfogad\u00f3 l\u00e9gk\u00f6rt ny\u00fajtsak a gy\u00f3gyul\u00e1shoz. Hiszem, hogy szorosan \u00f6sszef\u00fcgg a testi \u00e9s ment\u00e1lis eg\u00e9szs\u00e9g.<\/span><\/p>\n","protected":false},"excerpt":{"rendered":"<p>\u00e1pol\u00f3<br \/>\n30 \u00e9v eg\u00e9szs\u00e9g\u00fcgyi- \u00e9s szoci\u00e1lis ter\u00fcleten szerzett tapasztalattal, \u00f6r\u00f6mmel dolgozom a pszichoter\u00e1pi\u00e1s oszt\u00e1ly csapat\u00e1ban, ahol c\u00e9lom, hogy biztons\u00e1gos, seg\u00edt\u0151 \u00e9s elfogad\u00f3 l\u00e9gk\u00f6rt ny\u00fajtsak a gy\u00f3gyul\u00e1shoz. Hiszem, hogy szorosan \u00f6sszef\u00fcgg a testi \u00e9s ment\u00e1lis eg\u00e9szs\u00e9g.<\/p>\n","protected":false},"author":102670,"featured_media":0,"parent":65,"menu_order":6,"comment_status":"closed","ping_status":"closed","template":"","meta":{"_acf_changed":false,"footnotes":""},"categories":[],"tags":[],"class_list":["post-589","page","type-page","status-publish","hentry"],"acf":[],"_links":{"self":[{"href":"https:\/\/semmelweis.hu\/pszichoterapiasosztaly\/wp-json\/wp\/v2\/pages\/589","targetHints":{"allow":["GET"]}}],"collection":[{"href":"https:\/\/semmelweis.hu\/pszichoterapiasosztaly\/wp-json\/wp\/v2\/pages"}],"about":[{"href":"https:\/\/semmelweis.hu\/pszichoterapiasosztaly\/wp-json\/wp\/v2\/types\/page"}],"author":[{"embeddable":true,"href":"https:\/\/semmelweis.hu\/pszichoterapiasosztaly\/wp-json\/wp\/v2\/users\/102670"}],"replies":[{"embeddable":true,"href":"https:\/\/semmelweis.hu\/pszichoterapiasosztaly\/wp-json\/wp\/v2\/comments?post=589"}],"version-history":[{"count":1,"href":"https:\/\/semmelweis.hu\/pszichoterapiasosztaly\/wp-json\/wp\/v2\/pages\/589\/revisions"}],"predecessor-version":[{"id":590,"href":"https:\/\/semmelweis.hu\/pszichoterapiasosztaly\/wp-json\/wp\/v2\/pages\/589\/revisions\/590"}],"up":[{"embeddable":true,"href":"https:\/\/semmelweis.hu\/pszichoterapiasosztaly\/wp-json\/wp\/v2\/pages\/65"}],"wp:attachment":[{"href":"https:\/\/semmelweis.hu\/pszichoterapiasosztaly\/wp-json\/wp\/v2\/media?parent=589"}],"wp:term":[{"taxonomy":"category","embeddable":true,"href":"https:\/\/semmelweis.hu\/pszichoterapiasosztaly\/wp-json\/wp\/v2\/categories?post=589"},{"taxonomy":"post_tag","embeddable":true,"href":"https:\/\/semmelweis.hu\/pszichoterapiasosztaly\/wp-json\/wp\/v2\/tags?post=589"}],"curies":[{"name":"wp","href":"https:\/\/api.w.org\/{rel}","templated":true}]}}

Nemes Noémi

<p>ápoló</p>
<p><span data-olk-copy-source="MessageBody">30 év egészségügyi- és szociális területen szerzett tapasztalattal, örömmel dolgozom a pszichoterápiás osztály csapatában, ahol célom, hogy biztonságos, segítő és elfogadó légkört nyújtsak a gyógyuláshoz. Hiszem, hogy szorosan összefügg a testi és mentális egészség.</span></p>

<p>ápoló<br />
30 év egészségügyi- és szociális területen szerzett tapasztalattal, örömmel dolgozom a pszichoterápiás osztály csapatában, ahol célom, hogy biztonságos, segítő és elfogadó légkört nyújtsak a gyógyuláshoz. Hiszem, hogy szorosan összefügg a testi és mentális egészség.</p>
