{"id":44,"date":"2015-04-30T10:31:36","date_gmt":"2015-04-30T08:31:36","guid":{"rendered":"http:\/\/semmelweis.hu\/pszichoterapiasosztaly\/?page_id=44"},"modified":"2022-11-30T11:42:02","modified_gmt":"2022-11-30T10:42:02","slug":"gyakran-ismetelt-kerdesek","status":"publish","type":"page","link":"https:\/\/semmelweis.hu\/pszichoterapiasosztaly\/a-jelentkezes-modja\/gyakran-ismetelt-kerdesek\/","title":{"rendered":"Gyakran ism\u00e9telt k\u00e9rd\u00e9sek"},"content":{"rendered":"<p>Az al\u00e1bbiakban oszt\u00e1lyunk m\u0171k\u00f6d\u00e9s\u00e9vel kapcsolatban feltett leggyakoribb k\u00e9rd\u00e9seket v\u00e1laszoljuk meg.<\/p>\n<h4><strong>Milyen probl\u00e9m\u00e1kkal fordulhatok \u00d6n\u00f6kh\u00f6z?<\/strong><\/h4>\n<p>Oszt\u00e1lyunkon f\u0151k\u00e9nt szorong\u00e1sos zavarban (pl. p\u00e1nikzavar, szoci\u00e1lis f\u00f3bia, poszttraum\u00e1s stress zavar), <a href=\"https:\/\/semmelweis.hu\/pszichoterapiasosztaly\/kiket-gyogyitunk\/a-depresszio-tunetei-es-kezelese\/\">depresszi\u00f3ban<\/a>, egyes <a href=\"https:\/\/semmelweis.hu\/pszichoterapiasosztaly\/kiket-gyogyitunk\/a-szemelyisegzavarokrol\/\">szem\u00e9lyis\u00e9gzavarokban<\/a> (pl. borderline vagy elker\u00fcl\u0151 szem\u00e9lyis\u00e9gzavar), \u00f6ns\u00e9rt\u0151 magatart\u00e1sban, f\u00f3bi\u00e1kban, \u00e9tkez\u00e9si zavarokban, illetve f\u00fcgg\u0151s\u00e9gek egyes form\u00e1iban szenved\u0151 p\u00e1cienseket kezel\u00fcnk. Oszt\u00e1lyunk profilj\u00e1ba <strong>nem tartozik bele<\/strong> az antiszoci\u00e1lis szem\u00e9lyis\u00e9gzavar, az akut pszichotikus \u00e1llapot, illetve a demenci\u00e1k kezel\u00e9se, valamint alkohol- vagy drogelvon\u00f3 kezel\u00e9s. Ilyen esetekben m\u00e1s szakrendel\u00e9s vagy fekv\u0151beteg-int\u00e9zet felkeres\u00e9s\u00e9t javasoljuk.<\/p>\n<h4><strong>Jelentkezhetek-e az oszt\u00e1lyon, ha s\u00fcrg\u0151s seg\u00edts\u00e9gre van sz\u00fcks\u00e9gem?<\/strong><\/h4>\n<p>A Pszichoter\u00e1pi\u00e1s Oszt\u00e1ly s\u00fcrg\u0151ss\u00e9gi ell\u00e1t\u00e1st nem tud v\u00e1llalni, ilyen esetekben a h\u00e1ziorvos, vagy a ter\u00fcletileg illet\u00e9kes pszichi\u00e1triai szakrendel\u0151 vagy k\u00f3rh\u00e1z felkeres\u00e9s\u00e9t javasoljuk.<\/p>\n<h4><strong>Hogyan jelentkezhetek felv\u00e9telre?<\/strong><\/h4>\n<p>T\u00e1j\u00e9koztat\u00f3 besz\u00e9lget\u00e9sre (els\u0151 interj\u00fa) id\u0151pontot az al\u00e1bbi telefonsz\u00e1mokon k\u00e9rhet.<a href=\"tel:+3612356523\"><strong> 06-1-210-0330 mell\u00e9k: 51252<\/strong><\/a><strong>.<\/strong><strong>\u00a0<\/strong>A jelentkez\u00e9s m\u00f3dj\u00e1r\u00f3l b\u0151vebben <a href=\"https:\/\/semmelweis.hu\/pszichoterapiasosztaly\/rolunk\/a-jelentkezes-modja\/\">itt<\/a> t\u00e1j\u00e9koz\u00f3dhat.<\/p>\n<h4><strong>Mi\u00e9rt van sz\u00fcks\u00e9g v\u00e1rakoz\u00e1sra \u00e9s el\u0151jegyz\u00e9sre?<\/strong><\/h4>\n<p>Az el\u0151jegyz\u00e9st r\u00e9szben az teszi sz\u00fcks\u00e9gess\u00e9, hogy csoportjaink n\u00e9gyhetente, adott id\u0151pontban indulnak, betegfelv\u00e9telre pedig csak a csoportok indul\u00e1sakor van lehet\u0151s\u00e9g. M\u00e1sik oka, hogy az Nemzeti Eg\u00e9szs\u00e9gbiztos\u00edt\u00e1si Alapkezel\u0151 (NEAK, r\u00e9gebben OEP) egy id\u0151ben csak bizonyos sz\u00e1m\u00fa kezel\u00e9st tud finansz\u00edrozni, enn\u00e9l azonban \u00e1ltal\u00e1ban t\u00f6bb beteg jelentkezik hozz\u00e1nk. A v\u00e1rakoz\u00e1s ideje a jelentkez\u0151 betegek sz\u00e1m\u00e1t\u00f3l f\u00fcgg\u0151en \u00e1ltal\u00e1ban n\u00e9h\u00e1ny h\u00e9t.<\/p>\n<h4><strong>Be kell-e fek\u00fcdni, vagy bej\u00e1r\u00f3s is lehetek?<\/strong><\/h4>\n<p>A Pszichoter\u00e1pi\u00e1s Oszt\u00e1ly fekv\u0151betegoszt\u00e1ly. Ez azt jelenti, hogy az eg\u00e9szs\u00e9gbiztos\u00edt\u00f3 akkor finansz\u00edrozza az \u00d6n kezel\u00e9s\u00e9t, ha fekv\u0151betegk\u00e9nt van jelen oszt\u00e1lyunkon. A bentfekv\u00e9s sor\u00e1n, a mindenkori j\u00e1rv\u00e1ny\u00fcgyi korl\u00e1toz\u00e1sokkal \u00e9s az aktu\u00e1lis k\u00f3rh\u00e1zi szab\u00e1lyzattal \u00f6sszhangban, hacsak az \u00d6n betegs\u00e9ge nem akad\u00e1lyozza ebben, h\u00e9tv\u00e9g\u00e9n r\u00f6vid kimen\u0151re mehet, de az \u00e9jszak\u00e1t az oszt\u00e1lyon kell t\u00f6lteni.\u00a0<\/p>\n<h4><strong>Mib\u0151l \u00e1ll a kezel\u00e9s?<\/strong><\/h4>\n<p>Oszt\u00e1lyunk f\u0151 profilja a <a href=\"https:\/\/semmelweis.hu\/pszichoterapiasosztaly\/terapias-csoportok\/\">csoportter\u00e1pi\u00e1s kezel\u00e9s<\/a>, aminek r\u00e9szek\u00e9nt <a href=\"https:\/\/semmelweis.hu\/pszichoterapiasosztaly\/terapias-csoportok\/kognitiv-sematerapia\/\">s\u00e9mater\u00e1pi\u00e1s<\/a>-, <a href=\"https:\/\/semmelweis.hu\/pszichoterapiasosztaly\/terapias-csoportok\/muveszet-terapia\/\">m\u0171v\u00e9szetter\u00e1pi\u00e1s<\/a>-, <a href=\"https:\/\/semmelweis.hu\/pszichoterapiasosztaly\/terapias-csoportok\/meseterapia\/\">meseter\u00e1pi\u00e1s<\/a>-, <a href=\"https:\/\/semmelweis.hu\/pszichoterapiasosztaly\/terapias-csoportok\/relaxacio\/\">relax\u00e1ci\u00f3s<\/a>-, <a href=\"https:\/\/semmelweis.hu\/pszichoterapiasosztaly\/terapias-csoportok\/asszertiv-kommunikacios-trening\/\">asszert\u00edv kommunik\u00e1ci\u00f3t fejleszt\u0151<\/a> csoportokon vesznek r\u00e9szt a p\u00e1ciensek. Emellett minden betegnek van az oszt\u00e1lyon egy\u00e9ni <a href=\"https:\/\/semmelweis.hu\/pszichoterapiasosztaly\/rolunk\/terapeutaink\/\">terapeut\u00e1ja<\/a>, akivel hetente k\u00e9tszer f\u00e9l \u00f3r\u00e1s konzult\u00e1ci\u00f3kat biztos\u00edtunk.<\/p>\n<p>Egyes probl\u00e9mat\u00edpusok eset\u00e9ben (pl. k\u00e9nyszerbetegs\u00e9g, p\u00e1nikbetegs\u00e9g, f\u00f3bi\u00e1k, \u00f6ns\u00e9rt\u0151 magatart\u00e1s, ev\u00e9szavarok) a csoportter\u00e1pi\u00e1t egy\u00e9ni viselked\u00e9ster\u00e1pi\u00e1s programmal eg\u00e9sz\u00edtj\u00fck ki, amelyet ter\u00e1pi\u00e1s szerz\u0151d\u00e9sben r\u00f6gz\u00edt\u00fcnk.<\/p>\n<h4><strong>Van-e titoktart\u00e1s?<\/strong><\/h4>\n<p>A csoport biztons\u00e1gos l\u00e9gk\u00f6r\u00e9nek felt\u00e9tele a csoporttitok megtart\u00e1sa: a csoporttagok nem besz\u00e9lhetnek m\u00e1soknak (teh\u00e1t sem m\u00e1s csoportba tartoz\u00f3 betegt\u00e1rsaiknak, sem hozz\u00e1tartoz\u00f3iknak stb.) a csoporton elhangzottakr\u00f3l. A Klinika eg\u00e9sz ter\u00fclet\u00e9n p\u00e1ciensek enged\u00e9ly n\u00e9lk\u00fcl k\u00e9p- \u00e9s hangfelv\u00e9telt nem k\u00e9sz\u00edthetnek.<\/p>\n<h4><strong>Gy\u00f3gyszeres kezel\u00e9s is van?<\/strong><\/h4>\n<p>Amennyiben sz\u00fcks\u00e9ges, pszichi\u00e1triai gy\u00f3gyszereket is tudunk be\u00e1ll\u00edtani a p\u00e1cienssel val\u00f3 egyeztet\u00e9st k\u00f6vet\u0151en; amennyiben az \u00d6n \u00e1llapota ezt nem indokolja, gy\u00f3gyszermentesen is r\u00e9szt vehet a ter\u00e1pi\u00e1n.<\/p>\n<h4><strong>P\u00e9nzbe ker\u00fcl-e a kezel\u00e9s?<\/strong><\/h4>\n<p>A Pszichoter\u00e1pi\u00e1s Oszt\u00e1ly szolg\u00e1ltat\u00e1sai NEAK \u00e1ltal finansz\u00edrozott szolg\u00e1ltat\u00e1sok, azaz \u00e9rv\u00e9nyes TAJ-sz\u00e1mmal rendelkez\u0151 p\u00e1cienseink r\u00e9sz\u00e9re t\u00e9r\u00edt\u00e9smentesek. Magyar eg\u00e9szs\u00e9gbiztos\u00edt\u00e1ssal (TAJ-sz\u00e1mmal) nem rendelkez\u0151 p\u00e1ciensek r\u00e9sz\u00e9re szolg\u00e1ltat\u00e1saink t\u00e9r\u00edt\u00e9s ellen\u00e9ben vehet\u0151k ig\u00e9nybe.<\/p>\n<h4><strong>Mit hozzak magammal a befekv\u00e9skor?<\/strong><\/h4>\n<p>\u00c9rv\u00e9nyes szem\u00e9lyigazolv\u00e1ny, lakc\u00edm- \u00e9s TAJ-k\u00e1rtya, ev\u0151eszk\u00f6z (poh\u00e1r, t\u00e1ny\u00e9r), k\u00e9nyelmes ruh\u00e1zat n\u00e9gy h\u00e9tre, tisztas\u00e1gi felszerel\u00e9s.<\/p>\n","protected":false},"excerpt":{"rendered":"<p>Az al\u00e1bbiakban oszt\u00e1lyunk m\u0171k\u00f6d\u00e9s\u00e9vel kapcsolatban feltett leggyakoribb k\u00e9rd\u00e9seket v\u00e1laszoljuk meg. Milyen probl\u00e9m\u00e1kkal fordulhatok \u00d6n\u00f6kh\u00f6z? Oszt\u00e1lyunkon f\u0151k\u00e9nt szorong\u00e1sos zavarban (pl. p\u00e1nikzavar, szoci\u00e1lis f\u00f3bia, poszttraum\u00e1s stress zavar), <a href=\"https:\/\/semmelweis.hu\/pszichoterapiasosztaly\/kiket-gyogyitunk\/a-depresszio-tunetei-es-kezelese\/\">depresszi\u00f3ban<\/a> , egyes <a href=\"https:\/\/semmelweis.hu\/pszichoterapiasosztaly\/kiket-gyogyitunk\/a-szemelyisegzavarokrol\/\">szem\u00e9lyis\u00e9gzavarokban<\/a> (pl. borderline vagy elker\u00fcl\u0151 szem\u00e9lyis\u00e9gzavar), \u00f6ns\u00e9rt\u0151 magatart\u00e1sban, f\u00f3bi\u00e1kban, \u00e9tkez\u00e9si zavarokban, illetve f\u00fcgg\u0151s\u00e9gek egyes form\u00e1iban szenved\u0151 p\u00e1cienseket kezel\u00fcnk. Oszt\u00e1lyunk profilj\u00e1ba nem tartozik bele az antiszoci\u00e1lis szem\u00e9lyis\u00e9gzavar, az akut pszichotikus &hellip;<\/p>\n","protected":false},"author":101128,"featured_media":0,"parent":42,"menu_order":0,"comment_status":"closed","ping_status":"closed","template":"","meta":{"_acf_changed":false,"footnotes":""},"categories":[],"tags":[],"class_list":["post-44","page","type-page","status-publish","hentry"],"acf":[],"_links":{"self":[{"href":"https:\/\/semmelweis.hu\/pszichoterapiasosztaly\/wp-json\/wp\/v2\/pages\/44","targetHints":{"allow":["GET"]}}],"collection":[{"href":"https:\/\/semmelweis.hu\/pszichoterapiasosztaly\/wp-json\/wp\/v2\/pages"}],"about":[{"href":"https:\/\/semmelweis.hu\/pszichoterapiasosztaly\/wp-json\/wp\/v2\/types\/page"}],"author":[{"embeddable":true,"href":"https:\/\/semmelweis.hu\/pszichoterapiasosztaly\/wp-json\/wp\/v2\/users\/101128"}],"replies":[{"embeddable":true,"href":"https:\/\/semmelweis.hu\/pszichoterapiasosztaly\/wp-json\/wp\/v2\/comments?post=44"}],"version-history":[{"count":10,"href":"https:\/\/semmelweis.hu\/pszichoterapiasosztaly\/wp-json\/wp\/v2\/pages\/44\/revisions"}],"predecessor-version":[{"id":450,"href":"https:\/\/semmelweis.hu\/pszichoterapiasosztaly\/wp-json\/wp\/v2\/pages\/44\/revisions\/450"}],"up":[{"embeddable":true,"href":"https:\/\/semmelweis.hu\/pszichoterapiasosztaly\/wp-json\/wp\/v2\/pages\/42"}],"wp:attachment":[{"href":"https:\/\/semmelweis.hu\/pszichoterapiasosztaly\/wp-json\/wp\/v2\/media?parent=44"}],"wp:term":[{"taxonomy":"category","embeddable":true,"href":"https:\/\/semmelweis.hu\/pszichoterapiasosztaly\/wp-json\/wp\/v2\/categories?post=44"},{"taxonomy":"post_tag","embeddable":true,"href":"https:\/\/semmelweis.hu\/pszichoterapiasosztaly\/wp-json\/wp\/v2\/tags?post=44"}],"curies":[{"name":"wp","href":"https:\/\/api.w.org\/{rel}","templated":true}]}}