{"id":201,"date":"2015-11-12T16:04:46","date_gmt":"2015-11-12T15:04:46","guid":{"rendered":"http:\/\/semmelweis.hu\/pszichoterapiasosztaly\/?page_id=201"},"modified":"2022-10-25T13:22:17","modified_gmt":"2022-10-25T11:22:17","slug":"a-szemelyisegzavarokrol","status":"publish","type":"page","link":"https:\/\/semmelweis.hu\/pszichoterapiasosztaly\/kiket-gyogyitunk\/a-szemelyisegzavarokrol\/","title":{"rendered":"A szem\u00e9lyis\u00e9gzavarokr\u00f3l"},"content":{"rendered":"<p>A szem\u00e9lyis\u00e9gzavarral k\u00fczd\u0151 p\u00e1ciensek \u00e1ltal\u00e1ban valamilyen hangulati vagy szorong\u00e1sos panasz, esetleg kapcsolati probl\u00e9ma miatt keresnek seg\u00edts\u00e9get \u00e9s csak k\u00e9s\u0151bb t\u0171nik fel neh\u00e9zs\u00e9geik h\u00e1tter\u00e9ben a szem\u00e9lyis\u00e9gszint\u0171 probl\u00e9ma. A szem\u00e9lyis\u00e9gzavarok nem ritk\u00e1k, gyakoris\u00e1guk kb. 6% a teljes n\u00e9pess\u00e9g k\u00f6r\u00e9ben, \u00e9s 50% k\u00f6r\u00fcli a pszichi\u00e1triai ell\u00e1t\u00e1sban megjelen\u0151k k\u00f6z\u00f6tt.<\/p>\n<div class=\"keretes w-100\">\n<p>A szem\u00e9lyis\u00e9gzavarokban <strong>a viselked\u00e9s \u00e9s a bels\u0151 \u00e9lm\u00e9nyek tart\u00f3san \u00e9s jelent\u0151sen elt\u00e9rnek a kultur\u00e1lis elv\u00e1r\u00e1sokt\u00f3l<\/strong>, rugalmatlanok, hossz\u00fa t\u00e1v\u00fa stabilit\u00e1st mutatnak, nagym\u00e9rt\u00e9kben rontj\u00e1k az \u00e9letmin\u0151s\u00e9get \u00e9s jelent\u0151s distresszt okoznak a szem\u00e9ly sz\u00e1m\u00e1ra. Legszembet\u0171n\u0151bb jellegzetess\u00e9geik, hogy a p\u00e1ciensek nehezen tudj\u00e1k saj\u00e1t gondolataikat \u00e9s \u00e9rz\u00e9seiket meg\u00e9rteni \u00e9s megfogalmazni, \u00e9s nehezen m\u0171k\u00f6dnek egy\u00fctt a kezel\u00e9ssel, a ter\u00e1pi\u00e1s kapcsolat fenntart\u00e1sa gyakran megterhel\u0151 sz\u00e1mukra. Az ilyen p\u00e1ciensek t\u00f6bbnyire nem egy\u00e9rtelm\u0171, kr\u00f3nikus \u00e9s szerte\u00e1gaz\u00f3 panaszokkal \u00e9rkeznek a szakemberhez. Diagnosztiz\u00e1l\u00e1sukban neh\u00e9zs\u00e9get jelent, hogy a szem\u00e9lyis\u00e9gzavar t\u00fcneteit rendszerint valamilyen egyidej\u0171leg fenn\u00e1ll\u00f3 szorong\u00e1sos vagy hangulati zavar t\u00fcnetei fedik el.<\/p>\n<\/div>\n<p><strong>A szem\u00e9lyis\u00e9gzavarokat a jelenleg alkalmazott oszt\u00e1lyoz\u00e1si rendszerek 3 csoportra osztj\u00e1k: <\/strong><\/p>\n<ul style=\"list-style-type: square;\">\n<li>k\u00fcl\u00f6nc (paranoid, szkizoid, szkizotip)<\/li>\n<li>dramatikus (hisztrionikus, borderline, n\u00e1rcisztikus, antiszoci\u00e1lis)<\/li>\n<li>szorong\u00f3 (k\u00e9nyszeres, dependens, elker\u00fcl\u0151)\u00a0<\/li>\n<\/ul>\n<p>A betegs\u00e9g diagn\u00f3zis\u00e1t akkor adhatjuk meg, ha a p\u00e1ciens t\u00fcnetei megfelelnek bizonyos sz\u00e1m\u00fa \u00e9s t\u00edpus\u00fa krit\u00e9riumnak.<\/p>\n<h3>A szem\u00e9lyis\u00e9gzavarok kezel\u00e9se<\/h3>\n<p>Hossz\u00fa \u00e9vtizedekig a szem\u00e9lyis\u00e9gzavarok kezel\u00e9s\u00e9ben a pszichoanalitikus szeml\u00e9let volt az elfogadott megk\u00f6zel\u00edt\u00e9s. A kognit\u00edv viselked\u00e9ster\u00e1pi\u00e1s szeml\u00e9letben csak k\u00e9s\u0151bb, a 20. sz\u00e1zad v\u00e9g\u00e9n jelentek meg olyan elj\u00e1r\u00e1sok, melyeket szem\u00e9lyis\u00e9gzavarral k\u00fczd\u0151 p\u00e1ciensek sz\u00e1m\u00e1ra dolgoztak ki. Ennek k\u00f6sz\u00f6nhet\u0151en l\u00e1ttak napvil\u00e1got olyan kezel\u00e9si m\u00f3dszerek, mint p\u00e9ld\u00e1ul a <a href=\"https:\/\/semmelweis.hu\/pszichoterapiasosztaly\/terapias-csoportok\/kognitiv-sematerapia\/\">s\u00e9mater\u00e1pia<\/a>, melyet Pszichoter\u00e1pi\u00e1s oszt\u00e1lyunkon is alkalmazunk.<\/p>\n<p>Emellett az 1980-as \u00e9vekt\u0151l kezdve egyre nagyobb teret nyert a szem\u00e9lyis\u00e9gzavarok kezel\u00e9s\u00e9ben a kieg\u00e9sz\u00edt\u0151 pszichi\u00e1triai gy\u00f3gyszeres kezel\u00e9s is.<\/p>\n<h3>A szem\u00e9lyis\u00e9gzavarok kezel\u00e9s\u00e9r\u0151l b\u0151vebben az al\u00e1bbi cikkben olvashat:<\/h3>\n<p>Vizin G., Szuromi B. \u00a0\u00daj ir\u00e1nyok a szem\u00e9lyis\u00e9gzavarok kezel\u00e9s\u00e9ben. Orvostov\u00e1bbk\u00e9pz\u0151 Szemle\u00a02016\/3.<\/p>\n","protected":false},"excerpt":{"rendered":"<p>A szem\u00e9lyis\u00e9gzavarral k\u00fczd\u0151 p\u00e1ciensek \u00e1ltal\u00e1ban valamilyen hangulati vagy szorong\u00e1sos panasz, esetleg kapcsolati probl\u00e9ma miatt keresnek seg\u00edts\u00e9get \u00e9s csak k\u00e9s\u0151bb t\u0171nik fel neh\u00e9zs\u00e9geik h\u00e1tter\u00e9ben a szem\u00e9lyis\u00e9gszint\u0171 probl\u00e9ma. A szem\u00e9lyis\u00e9gzavarok nem ritk\u00e1k, gyakoris\u00e1guk kb. 6% a teljes n\u00e9pess\u00e9g k\u00f6r\u00e9ben, \u00e9s 50% k\u00f6r\u00fcli a pszichi\u00e1triai ell\u00e1t\u00e1sban megjelen\u0151k k\u00f6z\u00f6tt. A szem\u00e9lyis\u00e9gzavarokban a viselked\u00e9s \u00e9s a bels\u0151 \u00e9lm\u00e9nyek tart\u00f3san \u00e9s &hellip;<\/p>\n","protected":false},"author":360,"featured_media":0,"parent":174,"menu_order":0,"comment_status":"closed","ping_status":"closed","template":"","meta":{"_acf_changed":false,"footnotes":""},"categories":[],"tags":[],"class_list":["post-201","page","type-page","status-publish","hentry"],"acf":[],"_links":{"self":[{"href":"https:\/\/semmelweis.hu\/pszichoterapiasosztaly\/wp-json\/wp\/v2\/pages\/201","targetHints":{"allow":["GET"]}}],"collection":[{"href":"https:\/\/semmelweis.hu\/pszichoterapiasosztaly\/wp-json\/wp\/v2\/pages"}],"about":[{"href":"https:\/\/semmelweis.hu\/pszichoterapiasosztaly\/wp-json\/wp\/v2\/types\/page"}],"author":[{"embeddable":true,"href":"https:\/\/semmelweis.hu\/pszichoterapiasosztaly\/wp-json\/wp\/v2\/users\/360"}],"replies":[{"embeddable":true,"href":"https:\/\/semmelweis.hu\/pszichoterapiasosztaly\/wp-json\/wp\/v2\/comments?post=201"}],"version-history":[{"count":6,"href":"https:\/\/semmelweis.hu\/pszichoterapiasosztaly\/wp-json\/wp\/v2\/pages\/201\/revisions"}],"predecessor-version":[{"id":404,"href":"https:\/\/semmelweis.hu\/pszichoterapiasosztaly\/wp-json\/wp\/v2\/pages\/201\/revisions\/404"}],"up":[{"embeddable":true,"href":"https:\/\/semmelweis.hu\/pszichoterapiasosztaly\/wp-json\/wp\/v2\/pages\/174"}],"wp:attachment":[{"href":"https:\/\/semmelweis.hu\/pszichoterapiasosztaly\/wp-json\/wp\/v2\/media?parent=201"}],"wp:term":[{"taxonomy":"category","embeddable":true,"href":"https:\/\/semmelweis.hu\/pszichoterapiasosztaly\/wp-json\/wp\/v2\/categories?post=201"},{"taxonomy":"post_tag","embeddable":true,"href":"https:\/\/semmelweis.hu\/pszichoterapiasosztaly\/wp-json\/wp\/v2\/tags?post=201"}],"curies":[{"name":"wp","href":"https:\/\/api.w.org\/{rel}","templated":true}]}}