{"id":13,"date":"2013-11-07T18:09:50","date_gmt":"2013-11-07T17:09:50","guid":{"rendered":"http:\/\/semmelweis-egyetem.hu\/oralis-morfologiai\/impresszum\/"},"modified":"2026-07-31T09:26:51","modified_gmt":"2026-07-31T07:26:51","slug":"impresszum","status":"publish","type":"page","link":"https:\/\/semmelweis.hu\/pszichoterapiasosztaly\/impresszum\/","title":{"rendered":"Impresszum"},"content":{"rendered":"<p><b>Felel\u0151s kiad\u00f3:<\/b> Semmelweis Egyetem<\/p>\n<p><b>Egys\u00e9g neve:<\/b> Pszichi\u00e1triai \u00e9s Pszichoter\u00e1pi\u00e1s Klinika, Pszichoter\u00e1pi\u00e1s Oszt\u00e1ly<\/p>\n<p><b>Egys\u00e9g vezet\u0151je:<\/b> dr. Unoka Zsolt<\/p>\n<p><b>A honlap szerkeszt\u0151je:<\/b> dr. Hajduska-D\u00e9r B\u00e1lint<\/p>\n<p><b>E-mail a honlap szerkeszt\u0151j\u00e9nek:<\/b> bfsz.psych@semmelweis.hu<\/p>\n","protected":false},"excerpt":{"rendered":"<p><b>Felel\u0151s kiad\u00f3:<\/b> Dr. Sz\u00e9l \u00c1goston, rektor<\/p>\n<p><b>Egys\u00e9g neve:<\/b> <\/p>\n<p><b>Egys\u00e9g vezet\u0151je:<\/b> <\/p>\n<p><b>A honlap szerkeszt\u0151je:<\/b> <\/p>\n<p><b>E-mail a honlap szerkeszt\u0151j\u00e9nek:<\/b><\/p>\n","protected":false},"author":101128,"featured_media":0,"parent":0,"menu_order":10,"comment_status":"open","ping_status":"closed","template":"","meta":{"_acf_changed":false,"footnotes":""},"categories":[],"tags":[],"class_list":["post-13","page","type-page","status-publish","hentry"],"acf":[],"_links":{"self":[{"href":"https:\/\/semmelweis.hu\/pszichoterapiasosztaly\/wp-json\/wp\/v2\/pages\/13","targetHints":{"allow":["GET"]}}],"collection":[{"href":"https:\/\/semmelweis.hu\/pszichoterapiasosztaly\/wp-json\/wp\/v2\/pages"}],"about":[{"href":"https:\/\/semmelweis.hu\/pszichoterapiasosztaly\/wp-json\/wp\/v2\/types\/page"}],"author":[{"embeddable":true,"href":"https:\/\/semmelweis.hu\/pszichoterapiasosztaly\/wp-json\/wp\/v2\/users\/101128"}],"replies":[{"embeddable":true,"href":"https:\/\/semmelweis.hu\/pszichoterapiasosztaly\/wp-json\/wp\/v2\/comments?post=13"}],"version-history":[{"count":5,"href":"https:\/\/semmelweis.hu\/pszichoterapiasosztaly\/wp-json\/wp\/v2\/pages\/13\/revisions"}],"predecessor-version":[{"id":567,"href":"https:\/\/semmelweis.hu\/pszichoterapiasosztaly\/wp-json\/wp\/v2\/pages\/13\/revisions\/567"}],"wp:attachment":[{"href":"https:\/\/semmelweis.hu\/pszichoterapiasosztaly\/wp-json\/wp\/v2\/media?parent=13"}],"wp:term":[{"taxonomy":"category","embeddable":true,"href":"https:\/\/semmelweis.hu\/pszichoterapiasosztaly\/wp-json\/wp\/v2\/categories?post=13"},{"taxonomy":"post_tag","embeddable":true,"href":"https:\/\/semmelweis.hu\/pszichoterapiasosztaly\/wp-json\/wp\/v2\/tags?post=13"}],"curies":[{"name":"wp","href":"https:\/\/api.w.org\/{rel}","templated":true}]}}

<p><b>Felelős kiadó:</b> Semmelweis Egyetem</p>
<p><b>Egység neve:</b> Pszichiátriai és Pszichoterápiás Klinika, Pszichoterápiás Osztály</p>
<p><b>Egység vezetője:</b> dr. Unoka Zsolt</p>
<p><b>A honlap szerkesztője:</b> dr. Hajduska-Dér Bálint</p>
<p><b>E-mail a honlap szerkesztőjének:</b> bfsz.psych@semmelweis.hu</p>

<p><b>Felelős kiadó:</b> Dr. Szél Ágoston, rektor</p>
<p><b>Egység neve:</b> </p>
<p><b>Egység vezetője:</b> </p>
<p><b>A honlap szerkesztője:</b> </p>
<p><b>E-mail a honlap szerkesztőjének:</b></p>
