{"id":755,"date":"2014-09-05T08:48:36","date_gmt":"2014-09-05T06:48:36","guid":{"rendered":"http:\/\/semmelweis.hu\/pszichiatria\/?page_id=755"},"modified":"2018-10-09T15:41:43","modified_gmt":"2018-10-09T13:41:43","slug":"a-semmelweis-egyetem-pszichiatriai-es-pszichoterapias-klinika-konyvtara","status":"publish","type":"page","link":"https:\/\/semmelweis.hu\/pszichiatria\/bemutatkozas\/a-semmelweis-egyetem-pszichiatriai-es-pszichoterapias-klinika-konyvtara\/","title":{"rendered":"A Klinika K\u00f6nyvt\u00e1ra"},"content":{"rendered":"<p><span style=\"color: #3366ff\"><strong><a href=\"https:\/\/semmelweis.hu\/pszichiatria\/files\/2018\/07\/100-%C3%A9ves-a-konyvtar.pdf\"><span style=\"color: #3366ff\">Parcsami G\u00e1born\u00e9: 110 \u00e9ves a Balassa utcai Klinik\u00e1k K\u00f6nyvt\u00e1ra<\/span><\/a><\/strong>.<\/span><br \/>\n(<em>In: Orvosi K\u00f6nyvt\u00e1rak. A Magyar Orvosi K\u00f6nyvt\u00e1rak Sz\u00f6vets\u00e9g\u00e9nek hivatalos lapja. 2018. 15. \u00e9vfolyam, 2. sz\u00e1m<\/em>)<\/p>\n<p><strong><br \/>\nNyitvatart\u00e1s:<br \/>\n<\/strong>A k\u00f6nyvt\u00e1r nyitva tart\u00e1sa naponta h\u00e9tf\u0151t\u0151l p\u00e9ntekig f\u00e9l 8-t\u00f3l f\u00e9l 4-ig tart.<\/p>\n<p><strong>K\u00f6nyvt\u00e1ros:<\/strong><br \/>\nParcsami G\u00e1born\u00e9<br \/>\nSemmelweis Egyetem Pszichi\u00e1triai \u00e9s Pszichoter\u00e1pi\u00e1s Klinika K\u00f6nyvt\u00e1ra<br \/>\n1083 Budapest, Balassa utca 6.<br \/>\nTelefon: 210-0330\/51201<\/p>\n<p><strong><a><img loading=\"lazy\" decoding=\"async\" class=\"aligncenter size-full wp-image-756\" src=\"https:\/\/semmelweis.hu\/pszichiatria\/files\/2014\/09\/1.jpg\" alt=\"1\" width=\"863\" height=\"458\" srcset=\"https:\/\/semmelweis.hu\/pszichiatria\/files\/2014\/09\/1.jpg 863w, https:\/\/semmelweis.hu\/pszichiatria\/files\/2014\/09\/1-300x159.jpg 300w, https:\/\/semmelweis.hu\/pszichiatria\/files\/2014\/09\/1-565x300.jpg 565w\" sizes=\"auto, (max-width: 863px) 100vw, 863px\" \/><\/a><\/strong><\/p>\n<p>&nbsp;<\/p>\n<p><strong>Szolg\u00e1ltat\u00e1sok:<br \/>\n<\/strong>A k\u00f6nyvt\u00e1r k\u00fcls\u0151 haszn\u00e1l\u00f3i \u00e9s a hallgat\u00f3k helyben haszn\u00e1lhatj\u00e1k a k\u00f6nyvt\u00e1ri dokumentumokat. A k\u00f6nyvek k\u00f6lcs\u00f6nz\u00e9se csak a Klinik\u00e1n dolgoz\u00f3k sz\u00e1m\u00e1ra lehets\u00e9ges, de k\u00f6nyvt\u00e1rk\u00f6zi k\u00e9r\u00e9seket a k\u00f6nyvt\u00e1r teljes\u00edt, egy h\u00f3napos k\u00f6lcs\u00f6nz\u00e9si hat\u00e1rid\u0151vel.<\/p>\n<p>Foly\u00f3iratokat \u00e9s szakdolgozatokat a k\u00f6nyvt\u00e1r nem k\u00f6lcs\u00f6n\u00f6z, ez\u00e9rt ezekb\u0151l csak f\u00e9nym\u00e1sol\u00e1s k\u00e9rhet\u0151. A szakirodalmi t\u00e1j\u00e9koztat\u00e1s e-mailen, telefonon vagy helyben, a hagyom\u00e1nyos katal\u00f3gusokb\u00f3l \u00e9s elektronikus adatb\u00e1zisokb\u00f3l t\u00f6rt\u00e9nik.<strong>\u00a0<\/strong><\/p>\n<p><strong>\u00c1llom\u00e1ny:<br \/>\n<\/strong>A k\u00f6nyvt\u00e1ros 1997 \u00f3ta le\u00edr\u00e1st k\u00e9sz\u00edt a bev\u00e9telezett k\u00f6nyvekr\u0151l, \u00e9s t\u00e1rgysz\u00f3katal\u00f3gust \u00e9p\u00edt. Emellett c\u00edm, szerz\u0151 \u00e9s t\u00e1rgysz\u00f3 szerinti k\u00e9zi katal\u00f3gus \u00e1ll az olvas\u00f3k rendelkez\u00e9s\u00e9re. A foly\u00f3iratok \u00e9rkeztet\u00e9se \u00e9s nyilv\u00e1ntart\u00e1sa cardexeken t\u00f6rt\u00e9nik.<\/p>\n<p><strong>Felszerelts\u00e9g:<br \/>\n<\/strong>A k\u00f6nyvt\u00e1rban f\u00e9nym\u00e1sol\u00f3g\u00e9p \u00e9s nyomtat\u00f3 \u00e1ll rendelkez\u00e9sre. A k\u00f6nyvt\u00e1ri munk\u00e1t 1996 \u00f3ta internetel\u00e9r\u00e9ssel rendelkez\u0151 sz\u00e1m\u00edt\u00f3g\u00e9p seg\u00edti.<\/p>\n<hr \/>\n<p style=\"text-align: center\"><img loading=\"lazy\" decoding=\"async\" class=\"alignright wp-image-757\" src=\"https:\/\/semmelweis.hu\/pszichiatria\/files\/2014\/09\/2-300x288.jpg\" alt=\"2\" width=\"292\" height=\"280\" srcset=\"https:\/\/semmelweis.hu\/pszichiatria\/files\/2014\/09\/2-300x288.jpg 300w, https:\/\/semmelweis.hu\/pszichiatria\/files\/2014\/09\/2.jpg 759w\" sizes=\"auto, (max-width: 292px) 100vw, 292px\" \/>A Semmelweis Egyetem Pszichi\u00e1triai \u00e9s Pszichoter\u00e1pi\u00e1s Klinika K\u00f6nyvt\u00e1ra t\u00f6rt\u00e9net\u00e9nek bemutat\u00e1sa 1908-t\u00f3l napjainkig<\/p>\n<p>Az int\u00e9zm\u00e9ny k\u00f6nyvt\u00e1r\u00e1nak t\u00f6rt\u00e9nete 1908. november 1-ig, azaz a Budapesti Kir\u00e1lyi Magyar Tudom\u00e1ny Egyetem Ideg- \u00e9s Elmek\u00f3rtani Klinika megnyit\u00e1s\u00e1ig vezethet\u0151 vissza. Az alap\u00edt\u00f3 igazgat\u00f3 <strong>Moravcsik Ern\u0151 Emil\u00a0<\/strong>(1908-1924) k\u00f6teless\u00e9g\u00e9nek \u00e9rezte, hogy a gy\u00f3gy\u00edt\u00e1son k\u00edv\u00fcl a tudom\u00e1nyos b\u00fav\u00e1rkod\u00e1snak is helyet adjon.<\/p>\n<p>Az Orvosi Hetilap 1908. \u00e9vi V. k\u00f6tet 1-4. sz\u00e1m\u00e1nak Elme \u00e9s Idegk\u00f3rtan mell\u00e9klet\u00e9b\u0151l kider\u00fcl, hogy a K\u00f6nyvt\u00e1r 1908-ban m\u00e1r l\u00e9tezett:<strong>\u00a0<\/strong><\/p>\n<p><strong><img loading=\"lazy\" decoding=\"async\" class=\"alignleft wp-image-758\" src=\"https:\/\/semmelweis.hu\/pszichiatria\/files\/2014\/09\/3-e1409906356347.jpg\" alt=\"3\" width=\"146\" height=\"241\" srcset=\"https:\/\/semmelweis.hu\/pszichiatria\/files\/2014\/09\/3-e1409906356347.jpg 352w, https:\/\/semmelweis.hu\/pszichiatria\/files\/2014\/09\/3-e1409906356347-181x300.jpg 181w\" sizes=\"auto, (max-width: 146px) 100vw, 146px\" \/><em>\u201eA Balassa utc\u00e1ra n\u00e9z\u0151 homlokzata a tudom\u00e1nyos vizsg\u00e1latokra, a tan\u00edt\u00e1sra, a bej\u00e1r\u00f3 betegeknek val\u00f3 rendel\u00e9sre \u00e9s ezek villamos kezel\u00e9s\u00e9re, a betegek felv\u00e9tel\u00e9re szolg\u00e1l\u00f3 helyis\u00e9geket, a h\u00e1zi gy\u00f3gyszert\u00e1rt \u00e9s k\u00f6nyvt\u00e1rt foglalja mag\u00e1ban.\u201d<\/em><\/strong><\/p>\n<p>A k\u00f6nyvt\u00e1r a f\u0151\u00e9p\u00fclet f\u00f6ldszintj\u00e9n kapott elhelyez\u00e9st. Az alap\u00edt\u00f3 igazgat\u00f3 vezette id\u0151szakb\u00f3l t\u00f6bb akkoriban kiadott k\u00f6nyv \u00e9s foly\u00f3irat is fellelhet\u0151 \u00e9rdekl\u0151d\u00e9si k\u00f6r\u00e9nek megfelel\u0151en \u2013 az igazs\u00e1g\u00fcgyi pszichi\u00e1tri\u00e1r\u00f3l, az alkoholizmusr\u00f3l, a hiszt\u00e9ri\u00e1r\u00f3l, veszetts\u00e9gr\u0151l \u00e9s a pszich\u00e9s infekci\u00f3kr\u00f3l 1810-t\u0151l az 1920-as \u00e9vekig francia, n\u00e9met \u00e9s latin \u00e9s magyar nyelven \u2013 az \u00e1llom\u00e1nyban.<\/p>\n<p><strong><img loading=\"lazy\" decoding=\"async\" class=\" wp-image-760 alignleft\" src=\"https:\/\/semmelweis.hu\/pszichiatria\/files\/2014\/09\/5-219x300.jpg\" alt=\"5\" width=\"134\" height=\"184\" srcset=\"https:\/\/semmelweis.hu\/pszichiatria\/files\/2014\/09\/5-219x300.jpg 219w, https:\/\/semmelweis.hu\/pszichiatria\/files\/2014\/09\/5.jpg 318w\" sizes=\"auto, (max-width: 134px) 100vw, 134px\" \/><img loading=\"lazy\" decoding=\"async\" class=\" wp-image-759 alignright\" src=\"https:\/\/semmelweis.hu\/pszichiatria\/files\/2014\/09\/4-300x291.jpg\" alt=\"4\" width=\"218\" height=\"212\" srcset=\"https:\/\/semmelweis.hu\/pszichiatria\/files\/2014\/09\/4-300x291.jpg 300w, https:\/\/semmelweis.hu\/pszichiatria\/files\/2014\/09\/4-308x300.jpg 308w, https:\/\/semmelweis.hu\/pszichiatria\/files\/2014\/09\/4.jpg 711w\" sizes=\"auto, (max-width: 218px) 100vw, 218px\" \/>Schaffer K\u00e1roly<\/strong> igazgat\u00e1sa (1924-1934) idej\u00e9n m\u00e1r c\u00e9ltudatoss\u00e1 v\u00e1lt a k\u00f6nyvt\u00e1r \u00e9p\u00edt\u00e9se. Minden egyes k\u00f6nyvet \u00e9s foly\u00f3iratot az exlibris\u00e9vel l\u00e1tott el. Eur\u00f3pai nagys\u00e1gok, h\u00edres hazai professzorok k\u00fcldtek Schaffernek p\u00e9ld\u00e1nyokat munk\u00e1ikb\u00f3l. Schaffer medikus kor\u00e1t\u00f3l gy\u0171jt\u00f6tte az ideg \u00e9s elmegy\u00f3gy\u00e1szati t\u00e9m\u00e1k irodalm\u00e1t 1939-ig, \u00e9s erre a c\u00e9lra k\u00e9sz\u00fclt fekete dobozokban \u0151rizte, amelyek kifog\u00e1stalan \u00e1llapotban ma is fellelhet\u0151k k\u00f6nyvt\u00e1runkban.<\/p>\n<p><img loading=\"lazy\" decoding=\"async\" class=\"size-medium wp-image-761 alignright\" src=\"https:\/\/semmelweis.hu\/pszichiatria\/files\/2014\/09\/6-300x176.jpg\" alt=\"6\" width=\"300\" height=\"176\" srcset=\"https:\/\/semmelweis.hu\/pszichiatria\/files\/2014\/09\/6-300x176.jpg 300w, https:\/\/semmelweis.hu\/pszichiatria\/files\/2014\/09\/6-508x300.jpg 508w, https:\/\/semmelweis.hu\/pszichiatria\/files\/2014\/09\/6.jpg 665w\" sizes=\"auto, (max-width: 300px) 100vw, 300px\" \/>A k\u00f6vetkez\u0151 igazgat\u00f3nak <strong>Benedek L\u00e1szl\u00f3nak<\/strong> (1936-1945) szokatlanul nagy mennyis\u00e9g\u0171 magyar, n\u00e9met, francia, angol, olasz \u00e9s spanyol nyelv\u0171 publik\u00e1ci\u00f3ja jelent meg sz\u00e1m szerint 300, melyeket nagy sz\u00e1mban ma is \u0151riz a k\u00f6nyvt\u00e1r.<\/p>\n<p>1957-ben kett\u00e9v\u00e1lt az int\u00e9zm\u00e9ny, Budapesti Orvostudom\u00e1nyi Egyetem Pszichi\u00e1triai \u00e9sNeurol\u00f3giai Klinik\u00e1ra.1960-ig nem maradt \u00edr\u00e1sos dokumentum a k\u00f6nyvt\u00e1r vezet\u00e9s\u00e9r\u0151l. Az els\u0151 lelt\u00e1rk\u00f6nyv 1960-b\u00f3l val\u00f3, amelyetBak\u00f3 Ir\u00e9n \u00e1ll\u00edtott \u00f6ssze <strong>Ny\u00edr\u0151 Gyula<\/strong> professzor vezet\u00e9se (1951-1966) idej\u00e9n. Ennek tan\u00fas\u00e1ga szerint 2211 db k\u00f6nyvk\u00e9pezte a lelt\u00e1rt.<\/p>\n<p><a href=\"https:\/\/semmelweis.hu\/pszichiatria\/files\/2014\/09\/7.jpg\"><img loading=\"lazy\" decoding=\"async\" class=\"alignleft wp-image-762\" src=\"https:\/\/semmelweis.hu\/pszichiatria\/files\/2014\/09\/7-230x300.jpg\" alt=\"7\" width=\"179\" height=\"233\" srcset=\"https:\/\/semmelweis.hu\/pszichiatria\/files\/2014\/09\/7-230x300.jpg 230w, https:\/\/semmelweis.hu\/pszichiatria\/files\/2014\/09\/7.jpg 458w\" sizes=\"auto, (max-width: 179px) 100vw, 179px\" \/><\/a><\/p>\n<p><strong>Juh\u00e1sz P\u00e1l<\/strong> igazgat\u00e1sa (1967-1984) alatt tov\u00e1bbra is Bak\u00f3 Ir\u00e9n, majd k\u00e9s\u0151bb Szil\u00e1gyi Andr\u00e1s orvos-k\u00f6nyvt\u00e1ros gyarap\u00edtotta az \u00e1llom\u00e1nyt. Ebb\u0151l az id\u0151b\u0151l sz\u00e1rmazik a ma is haszn\u00e1latos katal\u00f3gusrendszer.1984-ben kezd\u0151d\u00f6tt a Klinika rekonstrukci\u00f3ja. Ekkor az \u00e1llom\u00e1ny nagys\u00e1ga 5513 db k\u00f6nyv \u00e9s 3112 db foly\u00f3iratvolt. A rekonstrukci\u00f3 idej\u00e9n is volt k\u00f6nyvt\u00e1ri szolg\u00e1ltat\u00e1s. Czupor M\u00e1ria kezelte az \u00e1llom\u00e1nyt eg\u00e9szen 1993. m\u00e1rcius 1-ig, amikor Parcsami G\u00e1born\u00e9 vette \u00e1t a k\u00f6nyvt\u00e1rat.\u00a01994-ben <strong>Tringer L\u00e1szl\u00f3<\/strong> professzor vezette Klinik\u00e1n (1994-2004) a szakk\u00f6nyvt\u00e1r impoz\u00e1ns helyis\u00e9get kapott a meg\u00fajult f\u0151\u00e9p\u00fclet m\u00e1sodik emelet\u00e9n. A Neurol\u00f3giai Klinika k\u00f6nyvt\u00e1ri \u00e1llom\u00e1nya is itt ker\u00fclt elhelyez\u00e9sre.<\/p>\n<p><strong><img loading=\"lazy\" decoding=\"async\" class=\" wp-image-763 alignright\" src=\"https:\/\/semmelweis.hu\/pszichiatria\/files\/2014\/09\/8-287x300.jpg\" alt=\"8\" width=\"214\" height=\"224\" srcset=\"https:\/\/semmelweis.hu\/pszichiatria\/files\/2014\/09\/8-287x300.jpg 287w, https:\/\/semmelweis.hu\/pszichiatria\/files\/2014\/09\/8.jpg 672w\" sizes=\"auto, (max-width: 214px) 100vw, 214px\" \/>Bitter Istv\u00e1n<\/strong> igazgat\u00e1sa idej\u00e9n (2004-2014) 2008. szeptember 10-\u00e9n nagy v\u00e1ltoz\u00e1s k\u00f6vetkezett be. A Semmelweis Egyetem Pszichi\u00e1triai \u00e9s Pszichoter\u00e1pi\u00e1s Klinika megkapta a 140 \u00e9ves OPNI (Orsz\u00e1gos Pszichi\u00e1triai \u00e9s Neurol\u00f3giai Int\u00e9zet) K\u00f6nyvt\u00e1r\u00e1nak anyag\u00e1t 600 dobozban, 7123 db k\u00f6nyvet \u00e9s 5314 db foly\u00f3iratot<strong> Bitter Istv\u00e1n<\/strong> professzornak \u00e9s <strong>Simon Lajos<\/strong> docensnek (2014-t\u0151l mb. igazgat\u00f3) k\u00f6sz\u00f6nhet\u0151en.<\/p>\n<p>A muze\u00e1lis \u00e9rt\u00e9k\u0171 k\u00f6nyvek k\u00fcl\u00f6n ker\u00fcltek elhelyez\u00e9sre, a Tan\u00e1csteremben erre a c\u00e9lra \u00e9p\u00edtett szekr\u00e9nysorokban.Az \u00e1llom\u00e1ny elhelyez\u00e9s\u00e9nek \u00e9s rakt\u00e1roz\u00e1s\u00e1nak munk\u00e1latai \u00a0 \u00a0 2010. janu\u00e1r 4.-ig tartottak, az\u00f3ta az OPNI k\u00f6nyvt\u00e1ri \u00e1llom\u00e1nya a Pszichi\u00e1triai Klinika k\u00f6nyvt\u00e1ri \u00e1llom\u00e1ny\u00e1nak r\u00e9sze. 2014. augusztus 5.-\u00e9n az egyes\u00edtett k\u00f6nyvt\u00e1ri \u00e1llom\u00e1ny: k\u00f6nyv: 13391 db, foly\u00f3irat: \u00a08892 db.<\/p>\n<p><strong>A legr\u00e9gebbi h\u00e1rom k\u00f6nyv a m\u00faze\u00e1lis \u00e1llom\u00e1nyb\u00f3l:<\/strong><\/p>\n<p><strong><img loading=\"lazy\" decoding=\"async\" class=\" wp-image-766 alignleft\" src=\"https:\/\/semmelweis.hu\/pszichiatria\/files\/2014\/09\/11.jpg\" alt=\"11\" width=\"126\" height=\"214\" \/><a href=\"https:\/\/semmelweis.hu\/pszichiatria\/files\/2014\/09\/10.jpg\"><img loading=\"lazy\" decoding=\"async\" class=\" wp-image-765 alignleft\" src=\"https:\/\/semmelweis.hu\/pszichiatria\/files\/2014\/09\/10.jpg\" alt=\"10\" width=\"166\" height=\"216\" \/><\/a>Az els\u0151:<\/strong><\/p>\n<p>Leopoldi Auenbrugger: Experimentum nascens de remedio specifico in mania virorum Viennae: Typis Josephi Kurzb\u00f6k, kiad\u00e1s \u00e9ve: 1776. 157 p. Auenbruggernek ez a m\u0171ve saj\u00e1tos gy\u00f3gyszerekr\u0151l sz\u00f3l, amit az emberek \u0151rj\u00f6ng\u00e9se eset\u00e9n lehet felhaszn\u00e1lni. M\u00e1ria Ter\u00e9zia Habsburg cs\u00e1sz\u00e1rn\u0151 udvari orvosa tudom\u00e1nyos munk\u00e1j\u00e1val nemesi c\u00edmet is szerzett mag\u00e1nak.<\/p>\n<p><strong><img loading=\"lazy\" decoding=\"async\" class=\" wp-image-767 alignright\" src=\"https:\/\/semmelweis.hu\/pszichiatria\/files\/2014\/09\/12-300x176.jpg\" alt=\"12\" width=\"276\" height=\"162\" srcset=\"https:\/\/semmelweis.hu\/pszichiatria\/files\/2014\/09\/12-300x176.jpg 300w, https:\/\/semmelweis.hu\/pszichiatria\/files\/2014\/09\/12-510x300.jpg 510w, https:\/\/semmelweis.hu\/pszichiatria\/files\/2014\/09\/12.jpg 991w\" sizes=\"auto, (max-width: 276px) 100vw, 276px\" \/>A m\u00e1sodik<\/strong>:<\/p>\n<p>Leonard Meister: Sittenlehre der Liebe und Ehe nebst einer Beilage \u00fcber die helvetische Galanterie. Winthertur: Ben Heinrich Steiner und Comp. kiad\u00e1s \u00e9ve: 1785. 110 p.\u201eBibliothek Babicza 1918\u201d b\u00e9lyegz\u0151vel ell\u00e1tva. Meister a h\u00e1zass\u00e1g \u00e9s a szerelem illemtan\u00e1r\u00f3l \u00edr a sv\u00e1jci udvarl\u00e1si szok\u00e1sok t\u00fckr\u00e9ben.<\/p>\n<p><strong><img loading=\"lazy\" decoding=\"async\" class=\"wp-image-768 alignleft\" src=\"https:\/\/semmelweis.hu\/pszichiatria\/files\/2014\/09\/13-213x300.jpg\" alt=\"13\" width=\"140\" height=\"197\" srcset=\"https:\/\/semmelweis.hu\/pszichiatria\/files\/2014\/09\/13-213x300.jpg 213w, https:\/\/semmelweis.hu\/pszichiatria\/files\/2014\/09\/13.jpg 342w\" sizes=\"auto, (max-width: 140px) 100vw, 140px\" \/>A harmadik:<\/strong><\/p>\n<p>Georg Prochaska: Lehrs\u00e4tze aus der Physiologie des Menschen. Wien: Wappler und Beck, 1802. 334 p. A P\u00e1ndy hagyat\u00e9kb\u00f3l el\u0151ker\u00fclt k\u00f6nyv az ember fiziol\u00f3gi\u00e1j\u00e1r\u00f3l \u00edr.<\/p>\n<p>&nbsp;<\/p>\n<p>&nbsp;<\/p>\n<p><strong>Az OPNI K\u00f6nyvt\u00e1r\u00e1b\u00f3l meg\u00f6r\u00f6k\u00f6lt hagyat\u00e9ki \u00e9s aj\u00e1nd\u00e9kk\u00f6nyvek<\/strong><\/p>\n<p>Az aj\u00e1nd\u00e9kok, hagyat\u00e9kok nagys\u00e1grendileg elt\u00e9rnek egym\u00e1st\u00f3l, van k\u00f6zt\u00fck olyan, mint p\u00e9ld\u00e1ul a P\u00e1ndy K\u00e1lm\u00e1n, Schaffer K\u00e1roly, Jendrassik Ern\u0151, Miskolczy Dezs\u0151, Tariska Istv\u00e1n, Ambr\u00f3zy Gy\u00f6rgy, \u00e9s Nagy Tibor, \u00e1ltal r\u00e1nk maradt t\u00f6bb sz\u00e1z k\u00f6tetnyi aj\u00e1nd\u00e9k. De akad k\u00f6zt\u00fck olyan is, mint p\u00e9ld\u00e1ul a Meduna L\u00e1szl\u00f3, Vajda Lajos, Laufenauer K\u00e1roly, Csepely Tibor, Hainiss G\u00e9za, T\u00f3th Lajos, S\u00e1ntha K\u00e1lm\u00e1n, Ferenczi S\u00e1ndor, Hudovenig K\u00e1roly, Bakody Aur\u00e9l, Kluge Endre, Balassa L\u00e1szl\u00f3,\u00e9s K\u00f6rnyei Istv\u00e1n \u00e1ltal adom\u00e1nyozott \u00e9rt\u00e9kes dokumentumok, amelyek csup\u00e1n egy-k\u00e9t ritkas\u00e1gnak sz\u00e1m\u00edt\u00f3 k\u00f6nyvet jelentenek.<\/p>\n<p>Az elm\u00falt 106 \u00e9vet nagyon neh\u00e9z \u00f6sszegezni. A Pszichi\u00e1triai Klinika \u00e1llom\u00e1nya \u00e9s az eur\u00f3pai sz\u00ednvonalon is egyed\u00fcl\u00e1ll\u00f3 OPNI K\u00f6nyvt\u00e1r\u00e1nak az \u00e1llom\u00e1nya nagyon nagy \u00e9rt\u00e9ket jelent az Semmelweis Egyetemnek, hiszen ez a gy\u0171jtem\u00e9ny p\u00e1ratlan.<\/p>\n<p>Moravcsik Ern\u0151 Emil, az els\u0151 igazgat\u00f3 is m\u00e9lt\u00e1n lenne b\u00fcszke r\u00e1.<\/p>\n<p>Budapest, 2014. augusztus 5.<\/p>\n<p>&nbsp;<\/p>\n","protected":false},"excerpt":{"rendered":"<p><a href=\"https:\/\/semmelweis.hu\/pszichiatria\/files\/2018\/07\/100-%C3%A9ves-a-konyvtar.pdf\">Parcsami G\u00e1born\u00e9: 110 \u00e9ves a Balassa utcai Klinik\u00e1k K\u00f6nyvt\u00e1ra<\/a> . (In: Orvosi K\u00f6nyvt\u00e1rak. A Magyar Orvosi K\u00f6nyvt\u00e1rak Sz\u00f6vets\u00e9g\u00e9nek hivatalos lapja. 2018. 15. \u00e9vfolyam, 2. sz\u00e1m) Nyitvatart\u00e1s: A k\u00f6nyvt\u00e1r nyitva tart\u00e1sa naponta h\u00e9tf\u0151t\u0151l p\u00e9ntekig f\u00e9l 8-t\u00f3l f\u00e9l 4-ig tart. K\u00f6nyvt\u00e1ros: Parcsami G\u00e1born\u00e9 Semmelweis Egyetem Pszichi\u00e1triai \u00e9s Pszichoter\u00e1pi\u00e1s Klinika K\u00f6nyvt\u00e1ra 1083 Budapest, Balassa utca 6. Telefon: 210-0330\/51201 <a><\/a> &nbsp; Szolg\u00e1ltat\u00e1sok: A k\u00f6nyvt\u00e1r k\u00fcls\u0151 haszn\u00e1l\u00f3i \u00e9s a hallgat\u00f3k &hellip;<\/p>\n","protected":false},"author":57,"featured_media":759,"parent":1405,"menu_order":4,"comment_status":"open","ping_status":"open","template":"","meta":{"_acf_changed":false,"footnotes":""},"categories":[],"tags":[],"class_list":["post-755","page","type-page","status-publish","has-post-thumbnail","hentry"],"acf":[],"_links":{"self":[{"href":"https:\/\/semmelweis.hu\/pszichiatria\/wp-json\/wp\/v2\/pages\/755","targetHints":{"allow":["GET"]}}],"collection":[{"href":"https:\/\/semmelweis.hu\/pszichiatria\/wp-json\/wp\/v2\/pages"}],"about":[{"href":"https:\/\/semmelweis.hu\/pszichiatria\/wp-json\/wp\/v2\/types\/page"}],"author":[{"embeddable":true,"href":"https:\/\/semmelweis.hu\/pszichiatria\/wp-json\/wp\/v2\/users\/57"}],"replies":[{"embeddable":true,"href":"https:\/\/semmelweis.hu\/pszichiatria\/wp-json\/wp\/v2\/comments?post=755"}],"version-history":[{"count":11,"href":"https:\/\/semmelweis.hu\/pszichiatria\/wp-json\/wp\/v2\/pages\/755\/revisions"}],"predecessor-version":[{"id":2797,"href":"https:\/\/semmelweis.hu\/pszichiatria\/wp-json\/wp\/v2\/pages\/755\/revisions\/2797"}],"up":[{"embeddable":true,"href":"https:\/\/semmelweis.hu\/pszichiatria\/wp-json\/wp\/v2\/pages\/1405"}],"wp:featuredmedia":[{"embeddable":true,"href":"https:\/\/semmelweis.hu\/pszichiatria\/wp-json\/wp\/v2\/media\/759"}],"wp:attachment":[{"href":"https:\/\/semmelweis.hu\/pszichiatria\/wp-json\/wp\/v2\/media?parent=755"}],"wp:term":[{"taxonomy":"category","embeddable":true,"href":"https:\/\/semmelweis.hu\/pszichiatria\/wp-json\/wp\/v2\/categories?post=755"},{"taxonomy":"post_tag","embeddable":true,"href":"https:\/\/semmelweis.hu\/pszichiatria\/wp-json\/wp\/v2\/tags?post=755"}],"curies":[{"name":"wp","href":"https:\/\/api.w.org\/{rel}","templated":true}]}}