{"id":4898,"date":"2024-04-18T09:28:11","date_gmt":"2024-04-18T07:28:11","guid":{"rendered":"https:\/\/semmelweis.hu\/pszichiatria\/?page_id=4898"},"modified":"2024-04-18T09:35:47","modified_gmt":"2024-04-18T07:35:47","slug":"moravcsik-alapitvany","status":"publish","type":"page","link":"https:\/\/semmelweis.hu\/pszichiatria\/moravcsik-alapitvany\/","title":{"rendered":"Moravcsik Alap\u00edtv\u00e1ny"},"content":{"rendered":"<h1 class=\"elementor-divider__text elementor-divider__element\">A Moravcsik Alap\u00edtv\u00e1ny t\u00f6rt\u00e9nete<\/h1>\n<p>A Moravcsik Alap\u00edtv\u00e1nyt 1991-ben alap\u00edtotta a Semmelweis Egyetem Pszichi\u00e1triai \u00e9s Pszichoter\u00e1pi\u00e1s Klinika azzal a c\u00e9llal, hogy a Klinik\u00e1n foly\u00f3 gy\u00f3gy\u00edt\u00f3, oktat\u00f3 \u00e9s kutat\u00f3 munk\u00e1t t\u00e1mogassa. Az Alap\u00edtv\u00e1ny n\u00e9vad\u00f3ja dr. Moravcsik Ern\u0151 Emil, az elmekortan professzora, akinek az elk\u00e9pzel\u00e9sei alapj\u00e1n \u00e9p\u00fclt fel a Balassa utc\u00e1ban a Pszichi\u00e1tria Klinika 1905 \u00e9s 1908 k\u00f6z\u00f6tt. Az \u00e1ltala megval\u00f3s\u00edtott klinika nemcsak elhelyez\u00e9s\u00e9ben, hanem bels\u0151 fel\u00e9p\u00edt\u00e9s\u00e9ben, strukt\u00far\u00e1j\u00e1ban is mag\u00e1ban hordozta a pszichi\u00e1triai ell\u00e1t\u00e1s \u00e9s a betegek rehabilit\u00e1ci\u00f3j\u00e1nak halad\u00f3 szeml\u00e9let\u00e9t.<\/p>\n<h2 class=\"elementor-divider__text elementor-divider__element\">K\u00fcldet\u00e9s\u00fcnk<\/h2>\n<p>Az Alap\u00edtv\u00e1ny alaptev\u00e9kenys\u00e9ge a Semmelweis Egyetem Pszichi\u00e1triai \u00e9s Pszichoter\u00e1pi\u00e1s Klinika \u00e9s az azzal egy\u00fcttm\u0171k\u00f6d\u0151 szervezetek tev\u00e9kenys\u00e9g\u00e9nek t\u00e1mogat\u00e1sa; a pszichi\u00e1triai \u00e9s idegrendszeri kutat\u00e1sok t\u00e1mogat\u00e1sa, azok szervez\u00e9se \u00e9s el\u0151seg\u00edt\u00e9se; a lelki betegs\u00e9gek megel\u0151z\u00e9s\u00e9vel \u00e9s gy\u00f3gy\u00edt\u00e1s\u00e1val kapcsolatos oktat\u00e1s t\u00e1mogat\u00e1sa; valamint a t\u00e1rsadalom ment\u00e1lhigi\u00e9n\u00e9j\u00e9nek jav\u00edt\u00e1sa, \u00e9s a t\u00e1rsadalom pszichi\u00e1triai kult\u00far\u00e1j\u00e1nak emel\u00e9se.Az Alap\u00edtv\u00e1ny c\u00e9lja tov\u00e1bb\u00e1 az int\u00e9zm\u00e9nyen bel\u00fcli \u00e9s akkredit\u00e1ci\u00f3 keret\u00e9ben szervezett rehabilit\u00e1ci\u00f3s c\u00e9l\u00fa foglalkoztat\u00e1s, valamint a bentlak\u00e1s n\u00e9lk\u00fcli ell\u00e1t\u00e1si tev\u00e9kenys\u00e9g v\u00e9gz\u00e9se, el\u0151seg\u00edt\u00e9se, t\u00e1mogat\u00e1sa.<\/p>\n<p>Alap\u00edtv\u00e1nyunk honlapj\u00e1t <a href=\"https:\/\/moravcsikalapitvany.hu\/\">ITT<\/a> tal\u00e1lja.<\/p>\n","protected":false},"excerpt":{"rendered":"<p>A Moravcsik Alap\u00edtv\u00e1ny t\u00f6rt\u00e9nete A Moravcsik Alap\u00edtv\u00e1nyt 1991-ben alap\u00edtotta a Semmelweis Egyetem Pszichi\u00e1triai \u00e9s Pszichoter\u00e1pi\u00e1s Klinika azzal a c\u00e9llal, hogy a Klinik\u00e1n foly\u00f3 gy\u00f3gy\u00edt\u00f3, oktat\u00f3 \u00e9s kutat\u00f3 munk\u00e1t t\u00e1mogassa. Az Alap\u00edtv\u00e1ny n\u00e9vad\u00f3ja dr. Moravcsik Ern\u0151 Emil, az elmekortan professzora, akinek az elk\u00e9pzel\u00e9sei alapj\u00e1n \u00e9p\u00fclt fel a Balassa utc\u00e1ban a Pszichi\u00e1tria Klinika 1905 \u00e9s 1908 k\u00f6z\u00f6tt. &hellip;<\/p>\n","protected":false},"author":57,"featured_media":0,"parent":0,"menu_order":0,"comment_status":"closed","ping_status":"closed","template":"","meta":{"_acf_changed":false,"footnotes":""},"categories":[],"tags":[],"class_list":["post-4898","page","type-page","status-publish","hentry"],"acf":[],"_links":{"self":[{"href":"https:\/\/semmelweis.hu\/pszichiatria\/wp-json\/wp\/v2\/pages\/4898","targetHints":{"allow":["GET"]}}],"collection":[{"href":"https:\/\/semmelweis.hu\/pszichiatria\/wp-json\/wp\/v2\/pages"}],"about":[{"href":"https:\/\/semmelweis.hu\/pszichiatria\/wp-json\/wp\/v2\/types\/page"}],"author":[{"embeddable":true,"href":"https:\/\/semmelweis.hu\/pszichiatria\/wp-json\/wp\/v2\/users\/57"}],"replies":[{"embeddable":true,"href":"https:\/\/semmelweis.hu\/pszichiatria\/wp-json\/wp\/v2\/comments?post=4898"}],"version-history":[{"count":4,"href":"https:\/\/semmelweis.hu\/pszichiatria\/wp-json\/wp\/v2\/pages\/4898\/revisions"}],"predecessor-version":[{"id":4903,"href":"https:\/\/semmelweis.hu\/pszichiatria\/wp-json\/wp\/v2\/pages\/4898\/revisions\/4903"}],"wp:attachment":[{"href":"https:\/\/semmelweis.hu\/pszichiatria\/wp-json\/wp\/v2\/media?parent=4898"}],"wp:term":[{"taxonomy":"category","embeddable":true,"href":"https:\/\/semmelweis.hu\/pszichiatria\/wp-json\/wp\/v2\/categories?post=4898"},{"taxonomy":"post_tag","embeddable":true,"href":"https:\/\/semmelweis.hu\/pszichiatria\/wp-json\/wp\/v2\/tags?post=4898"}],"curies":[{"name":"wp","href":"https:\/\/api.w.org\/{rel}","templated":true}]}}