{"id":4287,"date":"2022-05-20T09:04:59","date_gmt":"2022-05-20T07:04:59","guid":{"rendered":"https:\/\/semmelweis.hu\/pszichiatria\/?page_id=4287"},"modified":"2022-05-20T09:04:59","modified_gmt":"2022-05-20T07:04:59","slug":"rokus-klinikai-reszleg-szent-rokus-klinikai-tomb","status":"publish","type":"page","link":"https:\/\/semmelweis.hu\/pszichiatria\/betegellatas\/fekvobeteg-ellatas\/rokus-klinikai-reszleg-szent-rokus-klinikai-tomb\/","title":{"rendered":"R\u00f3kus Klinikai R\u00e9szleg (Szent R\u00f3kus Klinikai T\u00f6mb)"},"content":{"rendered":"<p><span style=\"font-weight: bolder\">Az oszt\u00e1ly t\u00f6rt\u00e9nete:<\/span><\/p>\n<p>A K\u00f6zponti \u00c1llami K\u00f3rh\u00e1z Ideg Oszt\u00e1lya 1975-ben v\u00e1lt sz\u00e9t pszichi\u00e1triai \u00e9s neurol\u00f3giai oszt\u00e1lyra. A pszichi\u00e1triai r\u00e9szleg f\u0151orvosai voltak:<\/p>\n<div>\n<p><img loading=\"lazy\" decoding=\"async\" class=\"alignnone\" style=\"width: inherit\" src=\"https:\/\/semmelweis.hu\/pszichiatria\/files\/2018\/10\/Furedi_Janos.jpg\" alt=\"\" width=\"93\" height=\"103\" \/>Prof Dr. F\u00fcredi J\u00e1nos 1991-ig,<\/p>\n<hr \/>\n<\/div>\n<p><a href=\"https:\/\/semmelweis.hu\/pszichiatria\/files\/2018\/10\/Tringer-L%C3%A1szl%C3%B3.jpg\"><img loading=\"lazy\" decoding=\"async\" class=\"alignleft size-medium wp-image-2845\" style=\"margin-right: 10px;margin-bottom: 0px;width: inherit;margin-left: 0px !important\" src=\"https:\/\/semmelweis.hu\/pszichiatria\/files\/2018\/10\/Tringer-L%C3%A1szl%C3%B3-300x200.jpg\" alt=\"\" width=\"300\" height=\"200\" \/><\/a>Prof Dr. Tringer L\u00e1szl\u00f3 1994-ig,<\/p>\n<hr \/>\n<p><a href=\"https:\/\/semmelweis.hu\/pszichiatria\/files\/2018\/10\/Bitter-Istv%C3%A1n.jpg\"><img loading=\"lazy\" decoding=\"async\" class=\"alignleft size-medium wp-image-2842\" style=\"margin-right: 10px;margin-bottom: 0px;width: inherit;margin-left: 0px !important\" src=\"https:\/\/semmelweis.hu\/pszichiatria\/files\/2018\/10\/Bitter-Istv%C3%A1n-300x200.jpg\" alt=\"\" width=\"300\" height=\"200\" \/><\/a>Prof Dr. Bitter Istv\u00e1n 1995-ig,<\/p>\n<hr \/>\n<p><img loading=\"lazy\" decoding=\"async\" class=\"alignnone \" style=\"width: inherit\" src=\"https:\/\/semmelweis.hu\/pszichiatria\/files\/2018\/10\/Faludi-G%C3%A1bor.jpg\" width=\"97\" height=\"97\" \/>Prof Dr. Faludi G\u00e1bor 2017-ig.\u00a0<\/p>\n<p>A megalakul\u00e1s ut\u00e1n a pszichi\u00e1triai akut r\u00e9szleg a K\u00fatv\u00f6lgyi \u00faton m\u0171k\u00f6d\u00f6tt, amelyhez egy pszichoter\u00e1pi\u00e1s r\u00e9szleg tartozott a B\u00e9la Kir\u00e1ly \u00faton. A K\u00fatv\u00f6lgyi \u00faton a Ment\u00e1lhigi\u00e9n\u00e9s Rendel\u0151 l\u00e1tta el a j\u00e1r\u00f3 betegeket. 1992-ben a M\u00e1ty\u00e1s Kir\u00e1ly \u00fati r\u00e9szleggel b\u0151v\u00fclt a pszichi\u00e1triai oszt\u00e1ly.<\/p>\n<p>1995-ben \u00e1gysz\u00e1mcs\u00f6kkent\u00e9s ut\u00e1n az eg\u00e9sz oszt\u00e1ly a K\u00fatv\u00f6lgyi T\u00f6mb 6. emelet\u00e9n kapott helyet, 29 \u00e1gyon m\u0171k\u00f6d\u00f6tt, majd 2005-ben 14 rehabilit\u00e1ci\u00f3s \u00e1ggyal b\u0151v\u00fclt. 2007-ben az OPNI-b\u00f3l t\u00f6bb mint 40 \u00e1gy \u00e9s t\u00f6bb orvos, pszichol\u00f3gus, \u00e1pol\u00f3 \u00e9s foglalkoztat\u00f3 koll\u00e9ga csatlakozott az oszt\u00e1lyhoz. Ekkor \u00e1t\u00e9p\u00edt\u00e9s t\u00f6rt\u00e9nt, ami ut\u00e1n az oszt\u00e1ly a K\u00fatv\u00f6lgyi T\u00f6mb 6. \u00e9s 7. emelet\u00e9n kapott helyet, 81 akut \u00e1gyon.<\/p>\n<p><span style=\"font-weight: bolder\">Jelenleg:<\/span><\/p>\n<p>Faludi professzor nyugd\u00edjba vonul\u00e1sa ut\u00e1n az oszt\u00e1lynak hosszabb \u00e1tmeneti id\u0151szak ut\u00e1n 2018. febru\u00e1r elsej\u00e9vel lett \u00faj vezet\u0151je Szekeres Gy\u00f6rgy szem\u00e9ly\u00e9ben, aki 2 \u00e9vtized egyetemi oktat\u00f3i \u00e9s kutat\u00f3i karrier mellett k\u00f3rh\u00e1zi oszt\u00e1lyvezet\u0151i tapasztalatokkal, k\u00fclf\u00f6ldi gyakorlattal rendelkezik.<\/p>\n<p>A \u201eK\u00fatv\u00f6lgyi pszichi\u00e1tria\u201d m\u0171k\u00f6d\u00e9s\u00e9nek legfontosabb c\u00e9lkit\u0171z\u00e9se a hagyom\u00e1nyok tov\u00e1bbvitelre m\u00e9lt\u00f3 elemein ki\u00e9p\u00edteni egy min\u0151s\u00e9gi ell\u00e1t\u00e1st ny\u00fajt\u00f3, state of the art pszichi\u00e1triai oszt\u00e1lyt, ahol a beteg \u00fcdv\u00e9nek, m\u00e9lt\u00f3s\u00e1g\u00e1nak \u00e9s jogainak \u00e9rv\u00e9nyes\u00edt\u00e9se a priorit\u00e1s (<a href=\"https:\/\/semmelweis.hu\/pszichiatria\/files\/2018\/10\/Kasz%C3%A1s-N%C3%B3ra-M%C3%A1ria-bemutatkoz%C3%A1s_r%C3%B6vid%C3%ADtett.pdf\"><span style=\"color: #3366ff\">ITT<\/span><\/a>). Ennek keret\u00e9ben hossz\u00fa id\u0151 ut\u00e1n a hagyom\u00e1nyos orvosi beavatkoz\u00e1sok partnerek\u00e9nt magas ig\u00e9nyekkel indult \u00fajra a foglalkoztat\u00e1s Kasz\u00e1s N\u00f3ra vezet\u00e9s\u00e9vel. Betegeink \u00f6r\u00f6mmel fogadj\u00e1k a kreat\u00edv munk\u00e1t, szeptemberben ki\u00e1ll\u00edt\u00e1s is ny\u00edlt az oszt\u00e1lyon Horv\u00e1th Bal\u00e1zs fot\u00f3m\u0171v\u00e9sz k\u00e9peib\u0151l. A munkat\u00e1rsak, fiatal koll\u00e9g\u00e1k folyamatos k\u00e9pz\u00e9se szint\u00e9n esszenci\u00e1lis eleme a min\u0151s\u00e9gi ell\u00e1t\u00e1snak. A hat\u00e9kony m\u0171k\u00f6d\u00e9s a Balassa utc\u00e1ban foly\u00f3 munk\u00e1val val\u00f3 \u2013 form\u00e1lisan \u00e9s inform\u00e1lisan is \u00f6sszehangolt \u2013 kapcsol\u00f3d\u00e1s r\u00e9v\u00e9n tarthat\u00f3 fenn.<\/p>\n<p><em>A fekv\u0151beteg ell\u00e1t\u00e1s<\/em>\u00a0n\u00e9gy \u2013 akut, gerontopszichi\u00e1triai \u00e9s k\u00e9t \u00e1ltal\u00e1nos pszichi\u00e1triai \u2013 r\u00e9szlegen t\u00f6rt\u00e9nik. Akut felv\u00e9teles oszt\u00e1lyk\u00e9nt m\u0171k\u00f6d\u00fcnk III progresszivit\u00e1si szinten, folyamatos munkarendben. Ell\u00e1t\u00e1si ter\u00fclet\u00fcnk Budapest III. ker\u00fclet, Buda\u00f6rs, Herceghalom, T\u00e1rnok, T\u00f6r\u00f6kb\u00e1lint, Biatorb\u00e1gy, Di\u00f3sd, Pusztaz\u00e1mor, S\u00f3sk\u00fat. A szabad kapacit\u00e1s terh\u00e9re rendszeresen tesz\u00fcnk eleget ter\u00fcleten k\u00edv\u00fcli betegek felv\u00e9teli k\u00e9relm\u00e9nek.<\/p>\n<p>\u00c9vente \u00e1tlagban kb. 1500 betegfelv\u00e9tel t\u00f6rt\u00e9nik. Az oszt\u00e1ly szakorvosai \u00e9vi 500 konz\u00edliumot adnak a K\u00fatv\u00f6lgyi Klinikai T\u00f6mb egy\u00e9b oszt\u00e1lyai, valamint a T\u00fcd\u0151 Klinika \u00e9s Sz\u00edv- \u00e9s \u00c9rseb\u00e9szeti Klinika r\u00e9sz\u00e9re.<\/p>\n<p><em>A j\u00e1r\u00f3beteg ell\u00e1t\u00e1s<\/em>\u00a0oszt\u00e1lyos ambulancia keret\u00e9n bel\u00fcl t\u00f6rt\u00e9nik. A p\u00e1ciensek a szakma szab\u00e1lyainak megfelel\u0151en r\u00e9szes\u00fclnek egy\u00e9nre szabott farmakoter\u00e1pi\u00e1s, egy\u00e9ni \u00e9s csoportos pszichoter\u00e1pi\u00e1s, illetve sz\u00fcks\u00e9g eset\u00e9n egy\u00e9b biol\u00f3giai intervenci\u00f3kban.<\/p>\n<p><em>Munkat\u00e1rsak<\/em>: 10 szakorvos, 6 rezidens, 2 pszichol\u00f3gus, 1 foglalkoztat\u00f3, 1 szoci\u00e1lis n\u0151v\u00e9r, 19 n\u0151v\u00e9r \u00e9s \u00e1pol\u00f3, 2 adminisztr\u00e1tor dolgozik a r\u00e9szlegen jelenleg. Szakorvosaink k\u00f6z\u00fcl ketten 3, n\u00e9gyen 2 szakvizsg\u00e1val rendelkeznek. 5 dolgoz\u00f3 PhD, 1 pedig DsC fokozattal b\u00edr.<\/p>\n<p><em>Oktat\u00e1s:\u00a0<\/em>r\u00e9szt vesz\u00fcnk a gradu\u00e1lis \u00e9s posztgradu\u00e1lis k\u00e9pz\u00e9sben, folyamatos az V. \u00e9ves orvostanhallgat\u00f3k gyakorlati oktat\u00e1sa, \u00e9vi kb. 100 VI. \u00e9ves medikus t\u00f6lti oszt\u00e1lyunkon a 4 hetes pszichi\u00e1triai gyakorlat\u00e1t. Rendszeres a szakorvos jel\u00f6ltek pszichi\u00e1triai gyakorlati oktat\u00e1sa. Jelenleg 1 szakorvos PhD k\u00e9pz\u00e9s\u00e9t v\u00e9gzi. Munkat\u00e1rsainak rendszeresen oktat\u00f3k\u00e9nt is r\u00e9szt vesznek CME k\u00e9pz\u00e9sekben.<\/p>\n<p><em>Kutat\u00e1s:\u00a0<\/em>az oszt\u00e1ly dolgoz\u00f3i folyamatosan r\u00e9szt vesznek a hazai \u00e9s nemzetk\u00f6zi kooper\u00e1ci\u00f3ban foly\u00f3 kutat\u00e1sokban, rendszeresen publik\u00e1lnak.<\/p>\n","protected":false},"excerpt":{"rendered":"<p>Az oszt\u00e1ly t\u00f6rt\u00e9nete: A K\u00f6zponti \u00c1llami K\u00f3rh\u00e1z Ideg Oszt\u00e1lya 1975-ben v\u00e1lt sz\u00e9t pszichi\u00e1triai \u00e9s neurol\u00f3giai oszt\u00e1lyra. A pszichi\u00e1triai r\u00e9szleg f\u0151orvosai voltak: Prof Dr. F\u00fcredi J\u00e1nos 1991-ig, <a href=\"https:\/\/semmelweis.hu\/pszichiatria\/files\/2018\/10\/Tringer-L%C3%A1szl%C3%B3.jpg\"><\/a> Prof Dr. Tringer L\u00e1szl\u00f3 1994-ig, <a href=\"https:\/\/semmelweis.hu\/pszichiatria\/files\/2018\/10\/Bitter-Istv%C3%A1n.jpg\"><\/a> Prof Dr. Bitter Istv\u00e1n 1995-ig, Prof Dr. Faludi G\u00e1bor 2017-ig.\u00a0 A megalakul\u00e1s ut\u00e1n a pszichi\u00e1triai akut r\u00e9szleg a K\u00fatv\u00f6lgyi \u00faton m\u0171k\u00f6d\u00f6tt, amelyhez egy pszichoter\u00e1pi\u00e1s &hellip;<\/p>\n","protected":false},"author":101149,"featured_media":0,"parent":4086,"menu_order":5,"comment_status":"closed","ping_status":"closed","template":"","meta":{"_acf_changed":false,"footnotes":""},"categories":[],"tags":[],"class_list":["post-4287","page","type-page","status-publish","hentry"],"acf":[],"_links":{"self":[{"href":"https:\/\/semmelweis.hu\/pszichiatria\/wp-json\/wp\/v2\/pages\/4287","targetHints":{"allow":["GET"]}}],"collection":[{"href":"https:\/\/semmelweis.hu\/pszichiatria\/wp-json\/wp\/v2\/pages"}],"about":[{"href":"https:\/\/semmelweis.hu\/pszichiatria\/wp-json\/wp\/v2\/types\/page"}],"author":[{"embeddable":true,"href":"https:\/\/semmelweis.hu\/pszichiatria\/wp-json\/wp\/v2\/users\/101149"}],"replies":[{"embeddable":true,"href":"https:\/\/semmelweis.hu\/pszichiatria\/wp-json\/wp\/v2\/comments?post=4287"}],"version-history":[{"count":1,"href":"https:\/\/semmelweis.hu\/pszichiatria\/wp-json\/wp\/v2\/pages\/4287\/revisions"}],"predecessor-version":[{"id":4289,"href":"https:\/\/semmelweis.hu\/pszichiatria\/wp-json\/wp\/v2\/pages\/4287\/revisions\/4289"}],"up":[{"embeddable":true,"href":"https:\/\/semmelweis.hu\/pszichiatria\/wp-json\/wp\/v2\/pages\/4086"}],"wp:attachment":[{"href":"https:\/\/semmelweis.hu\/pszichiatria\/wp-json\/wp\/v2\/media?parent=4287"}],"wp:term":[{"taxonomy":"category","embeddable":true,"href":"https:\/\/semmelweis.hu\/pszichiatria\/wp-json\/wp\/v2\/categories?post=4287"},{"taxonomy":"post_tag","embeddable":true,"href":"https:\/\/semmelweis.hu\/pszichiatria\/wp-json\/wp\/v2\/tags?post=4287"}],"curies":[{"name":"wp","href":"https:\/\/api.w.org\/{rel}","templated":true}]}}