{"id":4088,"date":"2021-11-25T13:14:34","date_gmt":"2021-11-25T12:14:34","guid":{"rendered":"https:\/\/semmelweis.hu\/pszichiatria\/?page_id=4088"},"modified":"2026-01-16T12:51:39","modified_gmt":"2026-01-16T11:51:39","slug":"nappali-korhaz","status":"publish","type":"page","link":"https:\/\/semmelweis.hu\/pszichiatria\/betegellatas\/nappali-korhaz\/","title":{"rendered":"A Nappali K\u00f3rh\u00e1z bemutat\u00e1sa \u00e9s m\u0171k\u00f6d\u00e9se"},"content":{"rendered":"<div class=\"responsive-tabs\">\n<h2 class=\"tabtitle\">\u00c1ltal\u00e1nos le\u00edr\u00e1s<\/h2>\n<div class=\"tabcontent\">\n\n<p>Tisztelt P\u00e1cienseink!<\/p>\n<p>A SE Pszichi\u00e1triai \u00e9s Pszichoter\u00e1pi\u00e1s Klinik\u00e1j\u00e1nak nappali k\u00f3rh\u00e1za 2025. december 8-t\u0151l \u00faj telephelyre, a Semmelweis Egyetem Mer\u00e9nyi Klinikai T\u00f6mb 6-os \u00e9p\u00fclet\u00e9be k\u00f6lt\u00f6zik. A k\u00f6lt\u00f6z\u00e9st k\u00f6vet\u0151en v\u00e1ltozatlanul v\u00e1rjuk jelentkez\u00e9s\u00fcket, ez\u00fattal m\u00e1r egy \u00f6n\u00e1ll\u00f3, t\u00e1gas \u00e9p\u00fcletben, meg\u00fajult k\u00f6rnyezetben.<\/p>\n<p>Az oszt\u00e1ly \u00faj c\u00edme: 1097, Budapest, Gy\u00e1li \u00fat 17-19.<\/p>\n<p>Megk\u00f6zel\u00edthet\u0151 a BKK 181-es buszj\u00e1rat\u00e1val, k\u00f6zvetlen\u00fcl, vagy (egy r\u00f6videbb s\u00e9t\u00e1t is v\u00e1llalva) az 1-es villamos Albert Fl\u00f3ri\u00e1n \u00fati meg\u00e1ll\u00f3j\u00e1t\u00f3l. J\u00f3 h\u00edr az aut\u00f3val \u00e9rkez\u0151knek, hogy a Mer\u00e9nyi T\u00f6mb k\u00f6rnyezet\u00e9ben k\u00f6nnyen tal\u00e1lni ingyenes parkol\u00f3helyet.<\/p>\n<p>Az els\u0151 interj\u00fara jelentkezni a k\u00f6vetkez\u0151 m\u00f3dokon lehet:<\/p>\n<p>\u00a0 \u00a0 \u00a0Telefonon az oszt\u00e1ly telefonsz\u00e1m\u00e1n &#8211; 06(1)-210-0330\/51219-es mell\u00e9k<\/p>\n<p>\u00a0 \u00a0 \u00a0Az Eg\u00e9szs\u00e9gablak applik\u00e1ci\u00f3n kereszt\u00fcl, vagy a 1812-es k\u00f6zponti id\u0151pontfoglal\u00f3 telefonsz\u00e1mon.<\/p>\n<p>A nappali k\u00f3rh\u00e1z m\u0171k\u00f6d\u00e9s\u00e9t a k\u00f6lt\u00f6z\u00e9s nem \u00e9rinti. Minden, az oszt\u00e1ly \u00e1ltal ny\u00fajtott szolg\u00e1ltat\u00e1st az \u00faj telephelyen is ell\u00e1tunk.<\/p>\n<h4>\u00a0<\/h4>\n<h4><strong>Nappali k\u00f3rh\u00e1z<\/strong><\/h4>\n<p style=\"text-align: justify\">Klinik\u00e1nk dinamikusan fejl\u0151d\u0151 Nappali K\u00f3rh\u00e1za jelenleg 40 akt\u00edv \u00e9s 12 kr\u00f3nikus f\u00e9r\u0151hellyel \u00e9s folyamatosan b\u0151v\u00fcl\u0151 profilokkal rendelkezik. \u00c9vek \u00f3ta m\u0171k\u00f6d\u0151 foglalkoztat\u00f3nk \u00e9s a csoport megtart\u00f3 erej\u00e9n alapul\u00f3 klasszikus szocioter\u00e1pi\u00e1s ell\u00e1t\u00e1s mellett tematikus k\u00e9szs\u00e9gfejleszt\u0151 csoportokat is tartunk k\u00f3rh\u00e1zi befekv\u00e9st nem ig\u00e9nyl\u0151 probl\u00e9m\u00e1val k\u00fczd\u0151k r\u00e9sz\u00e9re.<\/p>\n<div class=\"keretes w-100\">\n<p style=\"text-align: justify\">A r\u00e9szv\u00e9tel OEP \ufb01nansz\u00edrozott, \u00e9rv\u00e9nyes TAJ eset\u00e9n\u00a0<strong>t\u00e9r\u00edt\u00e9smentesen<\/strong> vehet\u0151 ig\u00e9nybe.\u00a0<\/p>\n<p style=\"text-align: justify\">Els\u0151 interj\u00fas id\u0151pontot foglalni az telefonon a 06(1)210-0330\/51219-es mell\u00e9ken, az Eg\u00e9szs\u00e9gablak applik\u00e1ci\u00f3n kereszt\u00fcl, vagy a 06(1)1812-es k\u00f6zponti id\u0151pontfoglal\u00f3 telefonsz\u00e1mon lehet.\u00a0<\/p>\n<\/div>\n<h4><strong>Bemutatkoz\u00e1s<\/strong><\/h4>\n<p style=\"text-align: justify\">Klinik\u00e1nk dinamikusan fejl\u0151d\u0151 Nappali K\u00f3rh\u00e1za jelenleg 40 akt\u00edv \u00e9s 12 kr\u00f3nikus f\u00e9r\u0151hellyel \u00e9s folyamatosan b\u0151v\u00fcl\u0151 profilokkal rendelkezik.<\/p>\n<p style=\"text-align: justify\">\u00c9vek \u00f3ta m\u0171k\u00f6d\u0151 foglalkoztat\u00f3nk \u00e9s a csoport megtart\u00f3 erej\u00e9n alapul\u00f3 klasszikus szocioter\u00e1pi\u00e1s ell\u00e1t\u00e1s mellett gondozottjainknak lehet\u0151s\u00e9ge van r\u00e9szt venni sz\u00e1mos foglalkoz\u00e1son, \u00edgy irodalomcsoporton, zeneter\u00e1pi\u00e1s foglalkoztat\u00e1son, kognit\u00edv tr\u00e9ningen, torn\u00e1n, kis- \u00e9s nagycsoporton, varr\u00f3csoporton vagy \u00e9ppen\u00a0k\u00f6z\u00f6s \u00e9nekl\u00e9sben.<\/p>\n<p style=\"text-align: justify\">A foglalkoz\u00e1sok k\u00f6z\u00f6tt munk\u00e1jukkal a klinika \u00e9let\u00e9t k\u00f6nny\u00edtik meg (pl. gy\u00f3gyszeres zacsk\u00f3, vatta buci k\u00e9sz\u00edt\u00e9s\u00e9vel stb.). A tavaszi-\u00e9s ny\u00e1ri id\u0151szakban konyhakerti n\u00f6v\u00e9nyek gondoz\u00e1sa, \u00fcnnepek el\u0151tti id\u0151szakokban dekor\u00e1ci\u00f3 k\u00e9sz\u00edt\u00e9se, valamint id\u0151szakonk\u00e9nt egy-egy klinik\u00e1n k\u00edv\u00fcli program sz\u00ednes\u00edti mindennapjaikat.<\/p>\n<p style=\"text-align: justify\">A gondozottak k\u00f6z\u00f6tt vannak \u00e9vek \u00f3ta klinik\u00e1nkon kezelt p\u00e1ciensek \u00e9pp\u00fagy, mint egy-egy akut epiz\u00f3dot \u00e1t\u00e9lt fiatalok. A kezel\u00e9s c\u00e9lja az egyes esetekben m\u00e1s \u00e9s m\u00e1s, rehabilit\u00e1ci\u00f3juk tervez\u00e9s\u00e9t igyeksz\u00fcnk, a lehet\u0151s\u00e9gekhez k\u00e9pest, egy\u00e9nre szabni.<\/p>\n<p style=\"text-align: justify\">T\u00e9rben kiss\u00e9 elk\u00fcl\u00f6n\u00fclten, de hum\u00e1ner\u0151forr\u00e1s szempontj\u00e1b\u00f3l a nappali k\u00f3rh\u00e1z \u00e9let\u00e9be szorosan integr\u00e1lva m\u0171k\u00f6dnek k\u00e9t hetes tematikus, k\u00e9szs\u00e9gfejleszt\u0151 csoportjaink. A k\u00e9thetes (h\u00e9tf\u0151t\u0151l a k\u00f6vetkez\u0151 p\u00e9ntekig) tr\u00e9ningek minden esetben h\u00e9tk\u00f6znap d\u00e9lel\u0151tt\u00f6nk\u00e9nt zajlanak, adminisztrat\u00edv szempontb\u00f3l k\u00f3rh\u00e1zi felv\u00e9tellel j\u00e1rnak, ugyanakkor a klinika \u00e1ltal biztos\u00edtott eb\u00e9d elfogyaszt\u00e1s\u00e1t k\u00f6vet\u0151en a r\u00e9sztvev\u0151k otthonukba t\u00e1vozhatnak, a d\u00e9lut\u00e1nt \u00e9s az est\u00e9t nem sz\u00fcks\u00e9ges k\u00f3rh\u00e1zban t\u00f6lteni\u00fck.<\/p>\n<p style=\"text-align: justify\">A k\u00e9thetes csoportfoglalkoz\u00e1sokon val\u00f3 r\u00e9szv\u00e9tel OEP \ufb01nansz\u00edrozott, \u00e9rv\u00e9nyes TAJ eset\u00e9n <strong>t\u00e9r\u00edt\u00e9smentesen<\/strong> vehet\u0151 ig\u00e9nybe.<\/p>\n<p><a href=\"https:\/\/semmelweis.hu\/pszichiatria\/betegellatas\/nappali-korhaz-tematikus-kethetes-csoportok\/\">K\u00e9thetes tematikus csoportok indulnak rendszeresen \u2192<\/a><\/p>\n<h4><strong><span style=\"color: #3366ff\">Munkat\u00e1rsaink<\/span><\/strong><\/h4>\n<ul style=\"list-style-type: square\">\n<li>Pszichi\u00e1ter szakorvosok: Dr. Tombor L\u00e1szl\u00f3, Dr. Szab\u00f3 Gy\u00f6ngyi, Dr. Kupcsik Fanny\u00a0<\/li>\n<li>Pszichol\u00f3gus: B\u00e1lint S\u00e1ra, Kilencz T\u00fcnde<\/li>\n<li>F\u0151n\u0151v\u00e9r: Varga M\u00f3nika<\/li>\n<li>F\u0151n\u0151v\u00e9r helyettes: Sz\u00e1nt\u00f3 Hajnalka<\/li>\n<\/ul>\n\n<\/div><h2 class=\"tabtitle\">M\u0171k\u00f6d\u00e9si rend<\/h2>\n<div class=\"tabcontent\">\n\n<h3 style=\"text-align: center\">Nappali K\u00f3rh\u00e1z \u2013 csoportter\u00e1pi\u00e1s r\u00e9szleg<br \/>\nProtokoll<\/h3>\n<p style=\"text-align: justify\">Minden esetben sz\u00fcks\u00e9g van a csoportot megel\u0151z\u0151 els\u0151 interj\u00fara, ahol szakemberek d\u00f6ntenek arr\u00f3l, hogy a jelentkez\u0151 alkalmas-e csoportos ter\u00e1pi\u00e1ra, \u00e9s melyik csoport a legmegfelel\u0151bb sz\u00e1m\u00e1ra.<br \/>\nAz els\u0151 interj\u00fara val\u00f3 jelentkez\u00e9seket telefonon a 06(1)210-0330\/51219-es mell\u00e9ken, az Eg\u00e9szs\u00e9gablak applik\u00e1ci\u00f3n kereszt\u00fcl, vagy a (061)1812-es k\u00f6zponti id\u0151pontfoglal\u00f3 telefonsz\u00e1mon v\u00e1rjuk v\u00e1rjuk.<\/p>\n<p style=\"text-align: justify\">El\u0151fordul, hogy valakinek a kezel\u0151orvosa javasolja esetleg beutal\u00f3t is ad egy csoportunkra, ebben az esetben is sz\u00fcks\u00e9g van els\u0151 interj\u00fara, amihez szint\u00e9n id\u0151pontot kell k\u00e9rni a fent eml\u00edtett el\u00e9rhet\u0151s\u00e9geken.<br \/>\nAmennyiben az els\u0151 interj\u00fat k\u00f6vet\u0151en a szem\u00e9lyzet \u00fagy d\u00f6nt, hogy a csoportos m\u00f3dszer nem megfelel\u0151 a jelentkez\u0151 sz\u00e1m\u00e1ra, \u00fagy el\u0151fordulhat, hogy elutas\u00edtja a jelentkez\u00e9s\u00e9t.<br \/>\nAmennyiben az els\u0151 interj\u00fan a kezel\u0151 szem\u00e9lyzet szerint a jelentkez\u0151nek hasznos lehet a csoporton val\u00f3 r\u00e9szv\u00e9tel, \u00fagy k\u00f6z\u00f6sen egyeztetnek arr\u00f3l, melyik csoport illeszkedik legjobban a probl\u00e9m\u00e1j\u00e1hoz. El\u0151fordulhat, hogy az adott csoport ak\u00e1r h\u00f3napokkal k\u00e9s\u0151bb indul, mint ahogyan az els\u0151 interj\u00fa megt\u00f6rt\u00e9nt.<br \/>\nA csoport kiv\u00e1laszt\u00e1sakor figyelembe kell venni, hogy a jelentkez\u0151 az elm\u00falt k\u00e9t h\u00f3napban j\u00e1rt-e hasonl\u00f3 csoportos ter\u00e1pi\u00e1ra, vagy fek\u00fcdt-e k\u00f3rh\u00e1zban. K\u00e9t h\u00f3napnak kell eltelnie az el\u0151z\u0151 k\u00f3rh\u00e1zi bent fekv\u00e9s kezdet\u00e9t\u0151l (azaz, az el\u0151z\u0151 felv\u00e9tel napj\u00e1t\u00f3l).<\/p>\n<p>A csoportok l\u00e9tsz\u00e1ma min. 4, max. 10-12 f\u0151.<br \/>\nA csoport indul\u00e1s\u00e1t megel\u0151z\u0151 h\u00e9ten sz\u00fcks\u00e9ges meger\u0151s\u00edteni a csoporton val\u00f3 r\u00e9szv\u00e9teli sz\u00e1nd\u00e9kot.<br \/>\nA csoportter\u00e1pia ideje alatt a jelentkez\u0151 v\u00e1llalja, hogy a foglalkoz\u00e1sokra j\u00f3zan \u00e1llapotban \u00e9rkezik, amennyiben felmer\u00fcl alkohol vagy egy\u00e9b tudatm\u00f3dos\u00edt\u00f3 szer haszn\u00e1lata, hozz\u00e1j\u00e1rul, hogy ezt a kezel\u0151orvosok szond\u00e1val ellen\u0151rizz\u00e9k. Pozit\u00edv eredm\u00e9ny a ter\u00e1pi\u00e1b\u00f3l val\u00f3 azonnali kiz\u00e1r\u00e1st eredm\u00e9nyez. Illeg\u00e1lis tudatm\u00f3dos\u00edt\u00f3nak sz\u00e1m\u00edt a nem a kezel\u0151orvosa \u00e1ltal fel\u00edrt gy\u00f3gyszer is, vagy annak nem a fel\u00edrt mennyis\u00e9gben t\u00f6rt\u00e9n\u0151 fogyaszt\u00e1sa is.<\/p>\n<p>A ter\u00e1pi\u00e1s csoport ideje alatt a jelentkez\u0151 v\u00e1llalja, hogy \u00f6ns\u00e9rt\u0151 cselekedeteket \u00e9s \u00f6ngyilkoss\u00e1gi k\u00eds\u00e9rletet nem hajt v\u00e9gre. Amennyiben ilyen jelleg\u0171 gondolat mer\u00fcl fel benne, azt azonnal k\u00f6zli a kezel\u0151szem\u00e9lyzet tagjaival, akik m\u00e9rlegelik a csoportter\u00e1pia folytat\u00e1s\u00e1t, esetlegesen pedig egy\u00e9b ter\u00e1pi\u00e1s lehet\u0151s\u00e9geket javasolnak.<br \/>\nA r\u00e9sztvev\u0151 a csoportot Nappali K\u00f3rh\u00e1zas \u00e1llom\u00e1nyban v\u00e9gzi, azaz p\u00e1rhuzamosan nem \u00e1llhat kezel\u00e9s alatt m\u00e1s eg\u00e9szs\u00e9g\u00fcgyi int\u00e9zm\u00e9nyben. Recept\u00edr\u00e1s vagy egy\u00e9b gondoz\u00f3i tev\u00e9kenys\u00e9g sem t\u00f6rt\u00e9nhet ezalatt az id\u0151 alatt.<\/p>\n<p>Akut ell\u00e1t\u00e1s eset\u00e9n is a Nappali K\u00f3rh\u00e1z, vagy a Semmelweis Egyetem Pszichi\u00e1triai \u00e9s Pszichoter\u00e1pi\u00e1s Klinika \u00fcgyeletes orvosa az illet\u00e9kes ell\u00e1t\u00f3 egys\u00e9g.<br \/>\nA csoporton val\u00f3 r\u00e9szv\u00e9tel sor\u00e1n akut orvosi ell\u00e1t\u00e1st, laborvizsg\u00e1latot, konz\u00edliumot csak abban az esetben szervez\u00fcnk, ha azt a kezel\u0151szem\u00e9lyzet tagjai indokoltnak l\u00e1tj\u00e1k.<br \/>\nA csoporton tart\u00f3zkod\u00e1s idej\u00e9re kiz\u00e1r\u00f3lag a pszichi\u00e1triai gy\u00f3gyszereket tudjuk biztos\u00edtani, esetleges akut ell\u00e1t\u00e1s sor\u00e1n egy\u00e9b gy\u00f3gyszereket is be tudunk szerezni. Nem pszichi\u00e1triai jelleg\u0171 kr\u00f3nikus betegs\u00e9g, illetve megf\u00e1z\u00e1sos panaszok gy\u00f3gyszeres ell\u00e1t\u00e1s\u00e1ra nincs lehet\u0151s\u00e9g.<\/p>\n<p><strong>Egy\u00e9ni pszichoter\u00e1pi\u00e1ra, pszichi\u00e1triai gondoz\u00e1sra kapacit\u00e1s hi\u00e1ny\u00e1ban nincs lehet\u0151s\u00e9g.<\/strong><\/p>\n<p>A csoport indul\u00f3 napj\u00e1n a kezel\u0151 szem\u00e9lyzettel el\u0151re egyeztetett id\u0151pontban kell megjelenni egy adminisztrat\u00edv jelleg\u0171 felv\u00e9teli elbesz\u00e9lget\u00e9sre. A besz\u00e9lget\u00e9s kb. 30 (+\/- 15) percet vesz ig\u00e9nybe.<br \/>\nAmennyiben a jelentkez\u0151 a felv\u00e9teli napon, a megadott id\u0151pontban nem jelenik meg, \u00fagy a csoporton val\u00f3 r\u00e9szv\u00e9tele nem lehets\u00e9ges.<br \/>\nA csoportok indul\u00e1sa mindig h\u00e9tf\u0151n 11:30- kor t\u00f6rt\u00e9nik, a nyit\u00f3 alkalom \u00e1ltal\u00e1ban 45 (+\/- 15) percet vesz ig\u00e9nybe.<br \/>\nA csoportok ezt k\u00f6vet\u0151en, azaz keddt\u0151l p\u00e9ntekig, majd a k\u00f6vetkez\u0151 h\u00e9ten h\u00e9tf\u0151t\u0151l p\u00e9ntekig 9:00-11:30 tartanak, egy sz\u00fcnettel.<br \/>\nA sz\u00fcnet k\u00f6r\u00fclbel\u00fcl 15 perc, a ter\u00e1pi\u00e1s folyamatt\u00f3l f\u00fcgg\u0151en, a csoportvezet\u0151 \u00e1ltal meghat\u00e1rozott id\u0151pontban.<br \/>\nA csoportokr\u00f3l k\u00e9t alkalommal lehet hi\u00e1nyozni, t\u00f6bb hi\u00e1nyz\u00e1s a ter\u00e1pi\u00e1b\u00f3l val\u00f3 azonnali elbocs\u00e1t\u00e1st eredm\u00e9nyez.<br \/>\nHa a kezel\u0151szem\u00e9lyzet \u00fagy \u00edt\u00e9li meg, hogy a r\u00e9sztvev\u0151 viselked\u00e9se s\u00e9rti a csoport kereteit, ez szint\u00e9n a ter\u00e1pi\u00e1b\u00f3l val\u00f3 azonnali elbocs\u00e1t\u00e1st eredm\u00e9nyezheti.<\/p>\n<p>A ter\u00e1pi\u00e1s foglalkoz\u00e1sok z\u00e1rt csoportban t\u00f6rt\u00e9nnek. A csoporton elhangzott r\u00e9sztvev\u0151k szem\u00e9lyes t\u00f6rt\u00e9neteit bizalmasan kezelj\u00fck, m\u00e1sokkal kapcsolatosan semmilyen inform\u00e1ci\u00f3t nem adhat\u00f3 tov\u00e1bb, a csoporttitkot megtartjuk. (Saj\u00e1t meg\u00e9l\u00e9sek, a v\u00e9gzet feladatok, a csoportvezet\u0151k nem r\u00e9szei a csoporttitoknak.)<br \/>\nA ter\u00e1pia ideje alatt megterhel\u0151 \u00e9lm\u00e9nyek vagy m\u00e1s intim lelki tartalmak megoszt\u00e1s\u00e1ra is sz\u00fcks\u00e9g lehet, melyekr\u0151l neh\u00e9z besz\u00e9lni. A bizalom l\u00e9gk\u00f6r\u00e9nek kialak\u00edt\u00e1sa \u00e9rdek\u00e9ben ez\u00e9rt a csoportt\u00e1rsak fel\u00e9 t\u00f6rt\u00e9n\u0151 v\u00e9lem\u00e9nynyilv\u00e1n\u00edt\u00e1s sor\u00e1n az agresszi\u00f3 ker\u00fclend\u0151.<\/p>\n<p>A mobiltelefonokat (vagy m\u00e1s, a nyugodt ter\u00e1pi\u00e1s l\u00e9gk\u00f6rt megzavar\u00f3 t\u00e1rgyakat) k\u00e9rj\u00fck lehalk\u00edtani. Ha valamilyen okn\u00e1l fogva fontos h\u00edv\u00e1st kell bonyol\u00edtania a ter\u00e1pia ideje alatt, azt a csoportszob\u00e1n k\u00edv\u00fcl teheti csak meg.<br \/>\nM\u00e1s csoporttaggal t\u00fal intim kapcsolatot a csoport ideje alatt nem lehet kialak\u00edtani, azt legkor\u00e1bban a csoport lez\u00e1r\u00e1sa ut\u00e1n lehet elkezdeni.<br \/>\nDoh\u00e1nyozni csak az \u00e9p\u00fcleten k\u00edv\u00fcl lehet.<\/p>\n<p>A csoport idej\u00e9re reggeli \u00e9s eb\u00e9d k\u00e9rhet\u0151, ezt legk\u00e9s\u0151bb a nyit\u00f3napon tartott bemutatkoz\u00f3 csoportig k\u00e9rj\u00fck eld\u00f6nteni. Z\u00e1r\u00f3 napon eb\u00e9del\u00e9si lehet\u0151s\u00e9g nincs.<br \/>\nAz \u00e9tkez\u00e9sekhez ev\u0151eszk\u00f6zt, poharat nem tudunk biztos\u00edtani, err\u0151l a jelentkez\u0151nek saj\u00e1t mag\u00e1nak kell gondoskodnia.<br \/>\nIndokolt esetben a csoportok ism\u00e9telhet\u0151ek, legkor\u00e1bban k\u00e9t h\u00f3nap eltelt\u00e9vel lehet \u00fajabb csoportra jelentkezni, err\u0151l minden esetben a r\u00e9szvev\u0151 \u00e9s a kezel\u0151szem\u00e9lyzet k\u00f6z\u00f6sen d\u00f6ntenek.<\/p>\n<\/div><\/div>\n<p>&nbsp;<\/p>\n","protected":false},"excerpt":{"rendered":"<p>Tisztelt P\u00e1cienseink! A SE Pszichi\u00e1triai \u00e9s Pszichoter\u00e1pi\u00e1s Klinik\u00e1j\u00e1nak nappali k\u00f3rh\u00e1za 2025. december 8-t\u0151l \u00faj telephelyre, a Semmelweis Egyetem Mer\u00e9nyi Klinikai T\u00f6mb 6-os \u00e9p\u00fclet\u00e9be k\u00f6lt\u00f6zik. A k\u00f6lt\u00f6z\u00e9st k\u00f6vet\u0151en v\u00e1ltozatlanul v\u00e1rjuk jelentkez\u00e9s\u00fcket, ez\u00fattal m\u00e1r egy \u00f6n\u00e1ll\u00f3, t\u00e1gas \u00e9p\u00fcletben, meg\u00fajult k\u00f6rnyezetben. Az oszt\u00e1ly \u00faj c\u00edme: 1097, Budapest, Gy\u00e1li \u00fat 17-19. Megk\u00f6zel\u00edthet\u0151 a BKK 181-es buszj\u00e1rat\u00e1val, k\u00f6zvetlen\u00fcl, vagy (egy &hellip;<\/p>\n","protected":false},"author":101149,"featured_media":0,"parent":14,"menu_order":3,"comment_status":"closed","ping_status":"closed","template":"","meta":{"_acf_changed":false,"footnotes":""},"categories":[],"tags":[],"class_list":["post-4088","page","type-page","status-publish","hentry"],"acf":[],"_links":{"self":[{"href":"https:\/\/semmelweis.hu\/pszichiatria\/wp-json\/wp\/v2\/pages\/4088","targetHints":{"allow":["GET"]}}],"collection":[{"href":"https:\/\/semmelweis.hu\/pszichiatria\/wp-json\/wp\/v2\/pages"}],"about":[{"href":"https:\/\/semmelweis.hu\/pszichiatria\/wp-json\/wp\/v2\/types\/page"}],"author":[{"embeddable":true,"href":"https:\/\/semmelweis.hu\/pszichiatria\/wp-json\/wp\/v2\/users\/101149"}],"replies":[{"embeddable":true,"href":"https:\/\/semmelweis.hu\/pszichiatria\/wp-json\/wp\/v2\/comments?post=4088"}],"version-history":[{"count":11,"href":"https:\/\/semmelweis.hu\/pszichiatria\/wp-json\/wp\/v2\/pages\/4088\/revisions"}],"predecessor-version":[{"id":5623,"href":"https:\/\/semmelweis.hu\/pszichiatria\/wp-json\/wp\/v2\/pages\/4088\/revisions\/5623"}],"up":[{"embeddable":true,"href":"https:\/\/semmelweis.hu\/pszichiatria\/wp-json\/wp\/v2\/pages\/14"}],"wp:attachment":[{"href":"https:\/\/semmelweis.hu\/pszichiatria\/wp-json\/wp\/v2\/media?parent=4088"}],"wp:term":[{"taxonomy":"category","embeddable":true,"href":"https:\/\/semmelweis.hu\/pszichiatria\/wp-json\/wp\/v2\/categories?post=4088"},{"taxonomy":"post_tag","embeddable":true,"href":"https:\/\/semmelweis.hu\/pszichiatria\/wp-json\/wp\/v2\/tags?post=4088"}],"curies":[{"name":"wp","href":"https:\/\/api.w.org\/{rel}","templated":true}]}}