{"id":3584,"date":"2020-10-30T12:18:07","date_gmt":"2020-10-30T11:18:07","guid":{"rendered":"https:\/\/semmelweis.hu\/pszichiatria\/?page_id=3584"},"modified":"2021-03-16T11:00:42","modified_gmt":"2021-03-16T10:00:42","slug":"covid-19","status":"publish","type":"page","link":"https:\/\/semmelweis.hu\/pszichiatria\/covid-19\/","title":{"rendered":"COVID-19"},"content":{"rendered":"<p style=\"text-align: justify\">Ezen az oldalon k\u00fcl\u00f6nb\u00f6z\u0151 inform\u00e1ci\u00f3kat osztunk meg a Pszichi\u00e1triai \u00e9s Pszichoter\u00e1pi\u00e1s Klinika \u00e9s COVID ell\u00e1t\u00e1ssal kapcsolatban. Az al\u00e1bbi bejegyz\u00e9sekre kattintva \u00e9rhet\u0151 el a teljes sz\u00f6veg.<\/p>\n<p style=\"text-align: justify\">K\u00e9rj\u00fck, hogy nagy \u00e9rt\u00e9ket, p\u00e9nzt ne tartsanak magukn\u00e1l. A szem\u00e9lyazonos\u00edt\u00f3 okm\u00e1nyaik m\u00e1solat\u00e1t tarts\u00e1k csak magukn\u00e1l. Megk\u00e9rj\u00fck a hozz\u00e1tartoz\u00f3kat, hogy amennyiben lehets\u00e9ges a nagyobb \u00e9rt\u00e9kt\u00e1rgyakat, szem\u00e9lyazonos\u00edt\u00f3 okm\u00e1nyokat vigy\u00e9k haza.<\/p>\n<p><a href=\"https:\/\/semmelweis.hu\/koronavirus\/files\/2020\/11\/COVID-19-betegtajekoztato-2020-11-26.pdf\">Semmelweis Egyetem COVID-19 betegt\u00e1j\u00e9koztat\u00f3<\/a><\/p>\n<div class=\"exp-col-content-holder\"><span style=\"color: #3366ff\"><a class=\"expand-cnt-link\" href=\"#\">Tisztelt Hozz\u00e1tartoz\u00f3k!<\/a><\/span><\/p>\n<div class=\"hidden-content\">\n<p class=\"hiddenContentp\" style=\"text-align: justify\">Tisztelt Hozz\u00e1tartoz\u00f3k!<\/p>\n<p style=\"text-align: justify\">T\u00e1j\u00e9koztatjuk \u00d6n\u00f6ket, hogy Egyetem\u00fcnk vezet\u00e9s\u00e9nek d\u00f6nt\u00e9se alapj\u00e1n 2020.10.23-\u00e1t\u00f3l a koronav\u00edrusos, nem pszichi\u00e1triai betegek ell\u00e1t\u00f3hely\u00e9v\u00e9 v\u00e1lt a Semmelweis Egyetem Pszichi\u00e1triai \u00e9s Pszichoter\u00e1pi\u00e1s Klinik\u00e1j\u00e1nak Balassa utcai \u00e9p\u00fclete is. Belgy\u00f3gy\u00e1sz, pulmon\u00f3gus, kardiol\u00f3gus koll\u00e9g\u00e1k t\u00e1mogat\u00e1s\u00e1val mindent elk\u00f6vet\u00fcnk az \u00e1ltalunk kezelt hozz\u00e1tartoz\u00f3juk gy\u00f3gyul\u00e1s\u00e1\u00e9rt. A j\u00e1rv\u00e1ny tovaterjed\u00e9s\u00e9nek f\u00e9kez\u00e9se \u00e9rdek\u00e9ben int\u00e9zm\u00e9ny\u00fcnkben is l\u00e1togat\u00e1si tilalom van \u00e9rv\u00e9nyben.<\/p>\n<p style=\"text-align: justify\">Ez\u00e9rt 2020.11.02-\u00e1t\u00f3l minden <strong>munkanapon 10:00-16:00 \u00f3ra k\u00f6z\u00f6tt inform\u00e1ci\u00f3s telefonvonalat<\/strong> m\u0171k\u00f6dtet\u00fcnk, melyen munkat\u00e1rsaink k\u00e9szs\u00e9ggel fogadj\u00e1k h\u00edv\u00e1saikat \u00e9s \u00e1ltal\u00e1nos t\u00e1j\u00e9koztat\u00e1st ny\u00fajtanak.<\/p>\n<p style=\"text-align: justify\">A h\u00edvhat\u00f3 telefonsz\u00e1m: <strong>06\/20-825-0703<\/strong><\/p>\n<p style=\"text-align: justify\"><strong>Csomagot hozz\u00e1tartoz\u00f3juk sz\u00e1m\u00e1ra az al\u00e1bbiak szerint tudunk fogadni Klinik\u00e1nk f\u0151bej\u00e1rat\u00e1n\u00e1l. (Budapest VIII. Balassa utca 6.)<\/strong><\/p>\n<p style=\"text-align: justify\"><strong>A pontos n\u00e9vvel \u00e9s oszt\u00e1llyal ell\u00e1tott csomagot naponta 8:00-20:00 \u00f3ra k\u00f6z\u00f6tt tudj\u00e1k leadni a f\u0151bej\u00e1rat bal oldali port\u00e1sf\u00fclk\u00e9j\u00e9n\u00e9l. K\u00e9rj\u00fck \u00d6n\u00f6kt\u0151l a szab\u00e1lyos maszkvisel\u00e9s, a 2 m\u00e9teres t\u00e1vols\u00e1g, a bej\u00e1ratn\u00e1l k\u00e9zfert\u0151tlen\u00edt\u00e9s betart\u00e1s\u00e1t. Minden csomag c\u00edmzetthez t\u00f6rt\u00e9n\u0151 azonnali eljuttat\u00e1s\u00e1hoz elegend\u0151 dolgoz\u00f3i l\u00e9tsz\u00e1mmal nem rendelkez\u00fcnk, ez\u00e9rt k\u00e9rj\u00fck, hogy a csomag semmik\u00e9ppen ne tartalmazzon azonnali fogyaszt\u00e1sra sz\u00e1nt \u00e9s romland\u00f3 \u00e9lelmiszert. A csomagok\u00e9rt Klinik\u00e1nk felel\u0151ss\u00e9get v\u00e1llalni nem tud, k\u00e9rj\u00fck, hogy p\u00e9nzt, \u00e9rt\u00e9ket ne tartalmazzanak.<\/strong><\/p>\n<p style=\"text-align: justify\">\n<strong>K\u00e9rj\u00fck, hogy saj\u00e1t hozz\u00e1tartoz\u00f3juk \u00e9s az \u0151ket ell\u00e1t\u00f3k meg\u00f3v\u00e1sa \u00e9rdek\u00e9ben n\u00e1th\u00e1s, influenz\u00e1s vagy l\u00e1zas, hasmen\u00e9s,h\u00e1nyinger t\u00fcneteivel rendelkez\u0151 hozz\u00e1tartoz\u00f3 csomagot ne adjon \u00e1t.<\/strong><\/p>\n<p style=\"text-align: justify\"><strong>Rem\u00e9lj\u00fck, hogy seg\u00edteni tudjuk hozz\u00e1tartoz\u00f3jukat abban, hogy javul\u00f3 eg\u00e9szs\u00e9gi \u00e1llapotban otthonukban \u00d6n\u00f6kkel miel\u0151bb szem\u00e9lyesen tal\u00e1lkozhassanak.<\/strong><\/p>\n<p><strong>K\u00f6sz\u00f6nj\u00fck meg\u00e9rt\u00e9s\u00fcket!<\/strong><\/p>\n<p>\n<\/p>\n<p>dr R\u00e9thelyi J\u00e1nos<\/p>\n<p>igazgat\u00f3<\/p>\n<p>\u00e9s a Pszichi\u00e1triai \u00e9s Pszichoter\u00e1pi\u00e1s Klinika munkat\u00e1rsai<\/p>\n<\/div>\n<\/div>\n<div class=\"exp-col-content-holder\"><span style=\"color: #3366ff\"><a class=\"expand-cnt-link\" href=\"#\">Tisztelt Betegeink!<\/a><\/span><\/p>\n<div class=\"hidden-content\">\n<p class=\"hiddenContentp\" style=\"text-align: justify\">Kedves Betegeink!<\/p>\n<p style=\"text-align: justify\">T\u00e1j\u00e9koztatjuk \u00d6n\u00f6ket, hogy Egyetem\u00fcnk vezet\u00e9s\u00e9nek d\u00f6nt\u00e9se szerint a Klinik\u00e1nk \u00e9p\u00fclet\u00e9ben dolgoz\u00f3k 2020.10.22-\u00e9t\u0151l fokozatosan a koronav\u00edrussal fert\u0151z\u00f6tt betegek ell\u00e1t\u00e1s\u00e1ba kapcsol\u00f3dnak be. A koronav\u00edrussal nem \u00e9rintett betegeink tov\u00e1bbi ell\u00e1t\u00e1sa a Klinika Szent R\u00f3kus T\u00f6mbben tal\u00e1lhat\u00f3 r\u00e9szleg\u00e9ben, annak kib\u0151v\u00edt\u00e9s\u00e9vel folytat\u00f3dik tov\u00e1bb.<\/p>\n<p>Semmelweis Egyetem Szent R\u00f3kus Klinikai T\u00f6mb Pszichi\u00e1triai Oszt\u00e1ly<\/p>\n<p>C\u00edm: Budapest, VIII. ker\u00fclet\u00a0 Gyulai P\u00e1l utca 2.<br \/>\n\n<!-- iframe plugin v.4.9 wordpress.org\/plugins\/iframe\/ -->\n<iframe loading=\"lazy\" src=\"https:\/\/www.google.com\/maps\/embed?pb=!1m18!1m12!1m3!1d2695.7112353454663!2d19.065198315818115!3d47.49553850363649!2m3!1f0!2f0!3f0!3m2!1i1024!2i768!4f13.1!3m3!1m2!1s0x4741dc5d77cb86fb%3A0xa9b3232d2b15dfa9!2sBudapest%2C%20Gyulai%20P%C3%A1l%20u.%202%2C%201085!5e0!3m2!1shu!2shu!4v1590680564184!5m2!1shu!2shu\" width=\"300\" height=\"225\" scrolling=\"yes\" class=\"iframe-class\" frameborder=\"0\"><\/iframe>\n<\/p>\n<p style=\"text-align: justify\">Az \u00e1thelyez\u00e9sben \u00e9rintett pszichi\u00e1triai betegek \u00e9s sz\u00fcks\u00e9g eset\u00e9n hozz\u00e1tartoz\u00f3juk a kezel\u0151orvost\u00f3l kapnak t\u00e1j\u00e9koztat\u00e1st az \u0151ket \u00e9rint\u0151 v\u00e1ltoz\u00e1sr\u00f3l.<\/p>\n<p style=\"text-align: justify\">Ambulanci\u00e1nk \u00e9s Nappali K\u00f3rh\u00e1zunk tov\u00e1bbi m\u0171k\u00f6d\u00e9s\u00e9nek megszervez\u00e9se folyamatban van, ennek eredm\u00e9ny\u00e9r\u0151l is t\u00e1j\u00e9koztatni fogjuk \u00d6n\u00f6ket. Addig k\u00e9rj\u00fck, hogy sz\u00fcks\u00e9g eset\u00e9n forduljanak seg\u00edts\u00e9g\u00e9rt a lak\u00f3hely\u00fck szerint ter\u00fcletileg illet\u00e9kes Pszichi\u00e1triai Gondoz\u00f3hoz, vagy telefonon egyeztessenek kezel\u0151orvosukkal, aki telefonos megbesz\u00e9l\u00e9st \u00e9s e-receptfel\u00edr\u00e1st tov\u00e1bbra is biztos\u00edtani fog \u00d6n\u00f6knek.<\/p>\n<p style=\"text-align: justify\">Rem\u00e9lj\u00fck, hogy a j\u00e1rv\u00e1nyt \u00d6n\u00f6kkel egy\u00fctt, k\u00f6z\u00f6s er\u0151vel &#8211; a kitart\u00f3, megfelel\u0151 maszkvisel\u00e9ssel, a 2 m\u00e9teres t\u00e1vols\u00e1gtart\u00e1ssal \u00e9s a gyakori, alapos szappanos k\u00e9zmos\u00e1ssal \u2013 miel\u0151bb legy\u0151zz\u00fck, \u00e9s ism\u00e9t a megszokott helyen \u00e9s m\u00f3don tudunk \u00d6n\u00f6kkel tal\u00e1lkozni.<\/p>\n<p style=\"text-align: justify\">Budapest, 2020.10.28.<\/p>\n<p>&nbsp;<\/p>\n<p>dr R\u00e9thelyi J\u00e1nos<\/p>\n<p>egyetemi tan\u00e1r<\/p>\n<p>igazgat\u00f3<\/p>\n<\/div>\n<\/div>\n","protected":false},"excerpt":{"rendered":"<p>Ezen az oldalon k\u00fcl\u00f6nb\u00f6z\u0151 inform\u00e1ci\u00f3kat osztunk meg a Pszichi\u00e1triai \u00e9s Pszichoter\u00e1pi\u00e1s Klinika \u00e9s COVID ell\u00e1t\u00e1ssal kapcsolatban. Az al\u00e1bbi bejegyz\u00e9sekre kattintva \u00e9rhet\u0151 el a teljes sz\u00f6veg. K\u00e9rj\u00fck, hogy nagy \u00e9rt\u00e9ket, p\u00e9nzt ne tartsanak magukn\u00e1l. A szem\u00e9lyazonos\u00edt\u00f3 okm\u00e1nyaik m\u00e1solat\u00e1t tarts\u00e1k csak magukn\u00e1l. Megk\u00e9rj\u00fck a hozz\u00e1tartoz\u00f3kat, hogy amennyiben lehets\u00e9ges a nagyobb \u00e9rt\u00e9kt\u00e1rgyakat, szem\u00e9lyazonos\u00edt\u00f3 okm\u00e1nyokat vigy\u00e9k haza. <a href=\"https:\/\/semmelweis.hu\/koronavirus\/files\/2020\/11\/COVID-19-betegtajekoztato-2020-11-26.pdf\">Semmelweis Egyetem COVID-19 betegt\u00e1j\u00e9koztat\u00f3<\/a> <a class=\"expand-cnt-link\" href=\"#\">Tisztelt Hozz\u00e1tartoz\u00f3k!<\/a> Tisztelt Hozz\u00e1tartoz\u00f3k! &hellip;<\/p>\n","protected":false},"author":101149,"featured_media":0,"parent":0,"menu_order":0,"comment_status":"closed","ping_status":"closed","template":"","meta":{"_acf_changed":false,"footnotes":""},"categories":[],"tags":[],"class_list":["post-3584","page","type-page","status-publish","hentry"],"acf":[],"_links":{"self":[{"href":"https:\/\/semmelweis.hu\/pszichiatria\/wp-json\/wp\/v2\/pages\/3584","targetHints":{"allow":["GET"]}}],"collection":[{"href":"https:\/\/semmelweis.hu\/pszichiatria\/wp-json\/wp\/v2\/pages"}],"about":[{"href":"https:\/\/semmelweis.hu\/pszichiatria\/wp-json\/wp\/v2\/types\/page"}],"author":[{"embeddable":true,"href":"https:\/\/semmelweis.hu\/pszichiatria\/wp-json\/wp\/v2\/users\/101149"}],"replies":[{"embeddable":true,"href":"https:\/\/semmelweis.hu\/pszichiatria\/wp-json\/wp\/v2\/comments?post=3584"}],"version-history":[{"count":10,"href":"https:\/\/semmelweis.hu\/pszichiatria\/wp-json\/wp\/v2\/pages\/3584\/revisions"}],"predecessor-version":[{"id":3755,"href":"https:\/\/semmelweis.hu\/pszichiatria\/wp-json\/wp\/v2\/pages\/3584\/revisions\/3755"}],"wp:attachment":[{"href":"https:\/\/semmelweis.hu\/pszichiatria\/wp-json\/wp\/v2\/media?parent=3584"}],"wp:term":[{"taxonomy":"category","embeddable":true,"href":"https:\/\/semmelweis.hu\/pszichiatria\/wp-json\/wp\/v2\/categories?post=3584"},{"taxonomy":"post_tag","embeddable":true,"href":"https:\/\/semmelweis.hu\/pszichiatria\/wp-json\/wp\/v2\/tags?post=3584"}],"curies":[{"name":"wp","href":"https:\/\/api.w.org\/{rel}","templated":true}]}}