{"id":2166,"date":"2017-02-16T15:35:52","date_gmt":"2017-02-16T14:35:52","guid":{"rendered":"http:\/\/semmelweis.hu\/pszichiatria\/?page_id=2166"},"modified":"2018-09-19T15:01:22","modified_gmt":"2018-09-19T13:01:22","slug":"posztgradualis-kepzes","status":"publish","type":"page","link":"https:\/\/semmelweis.hu\/pszichiatria\/oktatas\/posztgradualis-kepzes\/","title":{"rendered":"Posztgradu\u00e1lis k\u00e9pz\u00e9s"},"content":{"rendered":"<p><span style=\"text-decoration: underline\"><span style=\"color: #3366ff\"><a href=\"https:\/\/semmelweis.hu\/pszichiatria\/oktatas\/4-szamu-doktori-iskola\/\">Ment\u00e1lis eg\u00e9szs\u00e9gtudom\u00e1nyok Doktori Iskola<\/a><\/span><\/span><\/p>\n<p><span style=\"text-decoration: underline\"><span style=\"color: #3366ff\"><a href=\"https:\/\/semmelweis.hu\/pszichiatria\/oktatas\/pszichiatriai-szakkepzes\/\">Pszichi\u00e1tria szakk\u00e9pz\u00e9s<\/a><\/span><\/span><\/p>\n<p>R\u00e1\u00e9p\u00edtett szakk\u00e9pz\u00e9s<\/p>\n<ul>\n<li><span style=\"text-decoration: underline\"><span style=\"color: #3366ff;text-decoration: underline\"><a href=\"https:\/\/semmelweis.hu\/fpszcs\/oktatas\/\">Igazs\u00e1g\u00fcgyi Pszichi\u00e1triai Szakk\u00e9pz\u00e9s<\/a><\/span><\/span><\/li>\n<li><span style=\"text-decoration: underline\"><span style=\"color: #3366ff;text-decoration: underline\"><a href=\"http:\/\/vikote.hu\/oktatas\/\">Pszichoterapeuta Szakk\u00e9pz\u00e9s (VIKOTE)<\/a><\/span><\/span><\/li>\n<li><span style=\"text-decoration: underline\"><span style=\"color: #3366ff;text-decoration: underline\"><a href=\"https:\/\/semmelweis.hu\/rehab\/szakorvos-kepzes\/orvosi-rehabilitacio-egyeb-teruleten-raepitett-kepzes\/kovetelmenyrendszer-egyeb-teruleten\/\">Pszichi\u00e1triai Rehabilit\u00e1ci\u00f3 Szakk\u00e9pz\u00e9s<\/a><\/span><\/span><\/li>\n<\/ul>\n<p><span style=\"text-decoration: underline\"><span style=\"color: #3366ff\"><a href=\"https:\/\/semmelweis.hu\/pszichiatria\/oktatas\/cme-kepzes\/\">CME, szakorvos tov\u00e1bbk\u00e9pz\u00e9s<\/a><\/span><\/span><\/p>\n<p><a href=\"https:\/\/semmelweis.hu\/pszichiatria\/oktatas\/posztgradualis-kepzes\/neuropszichologiai-kepzes\/\"><span style=\"color: #3366ff\"><span style=\"text-decoration: underline\">Neuropszichol\u00f3gia k\u00e9pz\u00e9s<\/span><\/span><\/a><\/p>\n","protected":false},"excerpt":{"rendered":"<p><a href=\"https:\/\/semmelweis.hu\/pszichiatria\/oktatas\/4-szamu-doktori-iskola\/\">Ment\u00e1lis eg\u00e9szs\u00e9gtudom\u00e1nyok Doktori Iskola<\/a><br \/>\n<a href=\"https:\/\/semmelweis.hu\/pszichiatria\/oktatas\/pszichiatriai-szakkepzes\/\">Pszichi\u00e1tria szakk\u00e9pz\u00e9s<\/a><br \/>\nR\u00e1\u00e9p\u00edtett szakk\u00e9pz\u00e9s<\/p>\n<p><a href=\"https:\/\/semmelweis.hu\/fpszcs\/oktatas\/\">Igazs\u00e1g\u00fcgyi Pszichi\u00e1triai Szakk\u00e9pz\u00e9s<\/a><br \/>\n<a href=\"http:\/\/vikote.hu\/oktatas\/\">Pszichoterapeuta Szakk\u00e9pz\u00e9s (VIKOTE)<\/a><br \/>\n<a href=\"https:\/\/semmelweis.hu\/rehab\/szakorvos-kepzes\/orvosi-rehabilitacio-egyeb-teruleten-raepitett-kepzes\/kovetelmenyrendszer-egyeb-teruleten\/\">Pszichi\u00e1triai Rehabilit\u00e1ci\u00f3 Szakk\u00e9pz\u00e9s<\/a><\/p>\n<p><a href=\"https:\/\/semmelweis.hu\/pszichiatria\/oktatas\/cme-kepzes\/\">CME, szakorvos tov\u00e1bbk\u00e9pz\u00e9s<\/a><br \/>\n<a href=\"https:\/\/semmelweis.hu\/pszichiatria\/oktatas\/posztgradualis-kepzes\/neuropszichologiai-kepzes\/\">Neuropszichol\u00f3gia k\u00e9pz\u00e9s<\/a><\/p>\n","protected":false},"author":101123,"featured_media":0,"parent":9,"menu_order":0,"comment_status":"closed","ping_status":"closed","template":"","meta":{"_acf_changed":false,"footnotes":""},"categories":[],"tags":[],"class_list":["post-2166","page","type-page","status-publish","hentry"],"acf":[],"_links":{"self":[{"href":"https:\/\/semmelweis.hu\/pszichiatria\/wp-json\/wp\/v2\/pages\/2166","targetHints":{"allow":["GET"]}}],"collection":[{"href":"https:\/\/semmelweis.hu\/pszichiatria\/wp-json\/wp\/v2\/pages"}],"about":[{"href":"https:\/\/semmelweis.hu\/pszichiatria\/wp-json\/wp\/v2\/types\/page"}],"author":[{"embeddable":true,"href":"https:\/\/semmelweis.hu\/pszichiatria\/wp-json\/wp\/v2\/users\/101123"}],"replies":[{"embeddable":true,"href":"https:\/\/semmelweis.hu\/pszichiatria\/wp-json\/wp\/v2\/comments?post=2166"}],"version-history":[{"count":6,"href":"https:\/\/semmelweis.hu\/pszichiatria\/wp-json\/wp\/v2\/pages\/2166\/revisions"}],"predecessor-version":[{"id":2673,"href":"https:\/\/semmelweis.hu\/pszichiatria\/wp-json\/wp\/v2\/pages\/2166\/revisions\/2673"}],"up":[{"embeddable":true,"href":"https:\/\/semmelweis.hu\/pszichiatria\/wp-json\/wp\/v2\/pages\/9"}],"wp:attachment":[{"href":"https:\/\/semmelweis.hu\/pszichiatria\/wp-json\/wp\/v2\/media?parent=2166"}],"wp:term":[{"taxonomy":"category","embeddable":true,"href":"https:\/\/semmelweis.hu\/pszichiatria\/wp-json\/wp\/v2\/categories?post=2166"},{"taxonomy":"post_tag","embeddable":true,"href":"https:\/\/semmelweis.hu\/pszichiatria\/wp-json\/wp\/v2\/tags?post=2166"}],"curies":[{"name":"wp","href":"https:\/\/api.w.org\/{rel}","templated":true}]}}