{"id":1526,"date":"2016-11-28T10:29:46","date_gmt":"2016-11-28T09:29:46","guid":{"rendered":"http:\/\/semmelweis.hu\/pszichiatria\/?page_id=1526"},"modified":"2024-10-21T11:15:46","modified_gmt":"2024-10-21T09:15:46","slug":"munkatarsak","status":"publish","type":"page","link":"https:\/\/semmelweis.hu\/pszichiatria\/bemutatkozas\/munkatarsak\/","title":{"rendered":"Munkat\u00e1rsaink"},"content":{"rendered":"<div><strong>Igazgat\u00f3<\/strong><br \/>\nDr. R\u00e9thelyi J\u00e1nos egyetemi tan\u00e1r<\/div>\n<div>\u00a0<\/div>\n<div><strong>Igazgat\u00f3helyettes<\/strong><br \/>\nDr. Baran Brigitta egyetemi docens<br \/>\nDr. Unoka Zsolt egyetemi tan\u00e1r, tanulm\u00e1nyi felel\u0151s (\u00c1OK IV. \u00e9vf. Pszichoter\u00e1pia az orvosi gyakorlatban tant\u00e1rgy magyar, angol)<\/div>\n<div>\u00a0<\/div>\n<div>\n<p><strong>Professor Emeritus <\/strong><br \/>\nDr. Bitter Istv\u00e1n<br \/>\nDr. Faludi G\u00e1bor<br \/>\nDr. Tringer L\u00e1szl\u00f3<\/p>\n<p><strong>C\u00edmzetes egyetemi tan\u00e1r<\/strong><br \/>\nDr. Gazdag G\u00e1bor<br \/>\nDr. Rihmer Zolt\u00e1n<\/p>\n<p><strong style=\"font-size: 1rem\">C\u00edmzetes egyetemi docens<br \/>\n<\/strong><span style=\"font-size: 1rem\">Dr. Kurimay Tam\u00e1s<br \/>\n<\/span><strong style=\"font-size: 1rem\"><br \/>\nEgyetemi docensek<br \/>\n<\/strong><span style=\"font-size: 1rem\">Dr. Czobor P\u00e1l<br \/>\n<\/span><span style=\"font-size: 1rem\">Dr. Csukly G\u00e1bor tanulm\u00e1nyi felel\u0151s (AOK VI.\u00e9vf. magyar)<br \/>\n<\/span>Dr. Hidasi Zolt\u00e1n tanulm\u00e1nyi felel\u0151s (FOK IV. \u00e9vf. magyar, angol)<br \/>\nDr. Gonda X\u00e9nia<br \/>\n<span style=\"font-size: 1rem\">Dr. Szekeres Gy\u00f6rgy Tibor<br \/>\n<\/span>Dr. Tolna Judit<\/p>\n<p><strong style=\"font-size: 1rem\">Adjunktusok<br \/>\n<\/strong><span style=\"font-size: 1rem\">Dr. Balogh L\u00edvia<br \/>\n<\/span>Dr. Csala Ir\u00e9n<br \/>\nDr. Farkas Kinga<br \/>\nDr. Jekkel \u00c9va<br \/>\nDr. Mersich Beatrix<br \/>\n<span style=\"font-size: 1rem\">Dr. Pulay Attila tanulm\u00e1nyi felel\u0151s (\u00c1OK V. \u00e9vf. angol)<br \/>\n<\/span>Dr. Simon Vikt\u00f3ria<br \/>\nDr. Simor Attila<br \/>\nDr. Szily Erika tanulm\u00e1nyi felel\u0151s (AOK VI. \u00e9vf. angol)<\/p>\n<p><strong style=\"font-size: 1rem\">Tan\u00e1rseg\u00e9dek<br \/>\n<\/strong>Dr. Bodn\u00e1r Katalin<br \/>\n<span style=\"font-size: 1rem\">Dr. Egerv\u00e1ri Luca Dorottya<br \/>\n<\/span>Dr. Fullajt\u00e1r M\u00e1t\u00e9 tanulm\u00e1nyi felel\u0151s (\u00c1OK V., VI. \u00e9vf. n\u00e9met)<br \/>\nDr. Hajduska-D\u00e9r B\u00e1lint (\u00c1OK V. \u00e9vf. magyar)<br \/>\nDr. Herm\u00e1n Levente<br \/>\nDr. Komor\u00f3czy Eszter tanulm\u00e1nyi felel\u0151s (FOK IV. \u00e9vf. n\u00e9met)<br \/>\nDr. Menus \u00c1d\u00e1m<br \/>\nDr. Papp Szilvia<br \/>\nDr. Seres Imola<br \/>\nDr. Szab\u00f3-Ferenc \u00c1d\u00e1m<br \/>\nDr. Tombor L\u00e1szl\u00f3<br \/>\nDr. Zsigmond R\u00e9ka Ildik\u00f3<br \/>\nDr. Vass Edit<\/p>\n<p><strong style=\"font-size: 1rem\">Klinikai f\u0151orvosok<br \/>\n<\/strong>Dr. Csibri \u00c9va<br \/>\nDr. S\u00e1rosi Andrea<br \/>\nDr. Szeleczky M\u00e1ria<br \/>\nDr. Tak\u00e1cs Andrea<br \/>\nDr. Wurfer Nikolett<\/p>\n<p><strong>Klinikai szakorvosok<\/strong><br \/>\nDr. Bork\u00f3 Erzs\u00e9bet<br \/>\n<span style=\"font-size: 1rem\">Dr. B\u00e1thory Anna<br \/>\n<\/span>Dr. Blancz Brigitta<br \/>\nDr. Boly\u00f3s Csilla <br \/>\nDr. Elem\u00e9ry M\u00f3nika<br \/>\nDr. Freschl Gy\u00f6rgy<br \/>\nDr. Hamvas Szil\u00e1rd Andr\u00e1s<br \/>\nDr. Husz\u00e1r Zsolt<br \/>\nDr. Markovits Julia Lili<br \/>\nDr. Marosi Csilla<br \/>\nDr. Orb\u00e1n-Szigeti Bogl\u00e1rka<br \/>\nDr. R\u00f3ka Eszter<br \/>\nDr. Szab\u00f3 Gy\u00f6ngyi<br \/>\nDr. Seregi Krisztina<br \/>\nDr. Somogyi Szilvia<br \/>\nDr. Szeg\u0151 Andrea<\/p>\n<p><strong>Tudom\u00e1nyos munkat\u00e1rsak<br \/>\n<\/strong>Dr. Baradits M\u00e1t\u00e9 Gergely<br \/>\nDr. D\u00f6me P\u00e9ter<br \/>\nDr. Kakuszi Brigitta<\/p>\n<p><strong>Rezidensek<\/strong><br \/>\nDr. Asb\u00f3th Cec\u00edlia<br \/>\nDr. Cs\u00e1sz\u00e1r Ilona Bella<br \/>\nDr. Fodor Zsuzsanna<br \/>\nDr. Ihionvien Sarah<br \/>\nDr. Karakai Soma<br \/>\nDr. Karsai Czuczumanoff Bernadett<br \/>\nDr. Kupcsik Fanny<br \/>\nDr. Mailinger Dorottya Csenge<br \/>\nDr. Moln\u00e1r Rebeka<br \/>\nDr. Prepok Marcell<br \/>\nDr. R\u00e1cz Benedek P\u00e9ter<br \/>\nDr. Szebik Imre<br \/>\nDr. Szentes \u00c1d\u00e1m<br \/>\nDr. Szocsics P\u00e9ter<\/p>\n<p><strong>Klinikai szakpszichol\u00f3gusok<\/strong><br \/>\nErd\u00e9lyi Hamza Berta<br \/>\nGerlinger Lilla Orsolya<br \/>\nKecskem\u00e9ti Ildik\u00f3<br \/>\nKilencz T\u00fcnde<br \/>\nLisinczki Anna<br \/>\nSzondi-Nagy Szilvia<\/p>\n<p><strong>Neuropszichol\u00f3gus<\/strong><br \/>\nB\u00e1lint S\u00e1ra Eszter<\/p>\n<p><strong>Pszichol\u00f3gusok<\/strong><br \/>\n<span style=\"font-size: 1rem\">Csizmadia Laura<br \/>\nHajdu R\u00e9ka<br \/>\n<\/span>Sz\u0171cs Barbara<\/p>\n<p><strong>Klinikavezet\u0151 f\u0151n\u0151v\u00e9r<\/strong><br \/>\nV\u00e1rszegi \u00c1gnes<\/p>\n<p><strong>F\u0151n\u0151v\u00e9rek<br \/>\n<\/strong>Nagy Judit (Akut oszt\u00e1ly)<br \/>\nBernula Melinda (Addiktol\u00f3gia, kr\u00edzis oszt\u00e1ly)<br \/>\nAlatty\u00e1nyi Istv\u00e1nn\u00e9 Gy\u00f6ngyi (Affekt\u00edv oszt\u00e1ly)<br \/>\nT\u00e1la \u00c1rp\u00e1d (Organikus oszt\u00e1ly)<br \/>\n<span style=\"font-size: 1rem\">Zseli Katalin (Pszichoter\u00e1pia)<br \/>\n<\/span>Varga M\u00f3nika (Nappali Kh) <br \/>\nHaraszti G\u00e1bor (R\u00f3kus Klinikai T\u00f6mb)<\/p>\n<p><strong>Vezet\u0151 asszisztens<br \/>\n<\/strong><span style=\"font-size: 1rem\">Kov\u00e1cs M\u00e1rta (Ambulancia)<\/p>\n<p><\/span><strong>Szoci\u00e1lis munk\u00e1s<\/strong><br \/>\n<span style=\"font-size: 1rem\">Duleba T\u00edmea<br \/>\nFerencz Norbert<\/p>\n<p><\/span><strong>Gy\u00f3gytorn\u00e1sz<br \/>\n<\/strong>Magyarn\u00e9 Kov\u00e1ts Hanga<br \/>\nMal\u00e1rik Eszter (R\u00f3kus Klinikai T\u00f6mb)<\/p>\n<p><strong>Szocioterapeuta<\/strong><br \/>\nKulcs\u00e1r Edina (Balassa u.)<\/p>\n<p><strong>M\u0171v\u00e9szetterapeuta<\/strong><br \/>\nSzerdahelyi Zsuzsa (Balassa u.)<\/p>\n<p><strong>PhD-hallgat\u00f3k<br \/>\n<\/strong>Dr. Balogh D\u00e1vid<br \/>\nBecske Melinda<br \/>\nGr\u00faz L\u00e1szl\u00f3<br \/>\nDr. Ken\u00e9zl\u0151i Eszter<br \/>\nDr. L\u00e9vay Evelyn<br \/>\nDr. Moln\u00e1r Hajnalka<br \/>\nDr. P\u00e1lffy Patrik<br \/>\nR\u00e1cz Anna<br \/>\nDr. Salg\u00f3 Ella<br \/>\nDr. Somogyi Szilvia<br \/>\nSzab\u00f3 Dominik<br \/>\nDr. Szily Dorottya<br \/>\nDr. Tordai Csongor<br \/>\nVincze Katalin<\/p>\n<p><strong>Professzori titk\u00e1rs\u00e1g<br \/>\n<\/strong>Andr\u00e1ssy Dalma<br \/>\nMajlinger Kinga<br \/>\nJuh\u00e1szn\u00e9 Kov\u00e1cs Ilona<\/p>\n<p><strong>Orvos\u00edrnok<br \/>\n<\/strong>V\u00e9gh Vera (R\u00f3kus Klinikai T\u00f6mb)<br \/>\nSing-Szir\u00e1czki Mariann (R\u00f3kus Klinikai T\u00f6mb)<\/p>\n<p><strong>Oktat\u00e1si \u00fcgyviv\u0151 szak\u00e9rt\u0151k<\/strong><br \/>\nKiss Hajnal<br \/>\nSz\u00e9csi T\u00fcnde<br \/>\nMajlinger Kinga<\/p>\n<p><strong>K\u00f6nyvt\u00e1ros<\/strong><br \/>\nParcsami G\u00e1born\u00e9<\/p>\n<p><strong>Gazdas\u00e1gi irodavezet\u0151<\/strong><br \/>\nPolg\u00e1r Patr\u00edcia<\/p>\n<p><strong>Gazdas\u00e1gi \u00fcgyint\u00e9z\u0151k<\/strong><br \/>\nKov\u00e1cs Zita<br \/>\nMig\u00e1cs R\u00e9ka Roz\u00e1lia<\/p>\n<p><strong>Klinikai informatikus<\/strong><br \/>\nDe\u00e1k S\u00e1ndor<\/p>\n<p><strong style=\"font-size: 1rem\">Gondnok<br \/>\n<\/strong>Lasits Ferenc<\/p>\n<p><strong>Szerz\u0151d\u00e9ses (k\u00fcls\u0151) oktat\u00f3k<\/strong><br \/>\nDr. Bai Ildik\u00f3<br \/>\nDr. Bal\u00e1zs Judit \u00c1gnes<br \/>\nDr. Bodrogi Andrea<br \/>\nDr. G\u00e1doros Julianna<br \/>\nDr. Harangoz\u00f3 Judit<br \/>\nDr. Laz\u00e1ry Judit<br \/>\nDr. M\u00e9sz\u00e1ros Gy\u00f6rgy<br \/>\nDr. Olasz Anna<br \/>\nDr. Petke Zsolt<br \/>\nDr. Szil\u00e1gyi Gy\u00f6ngyi<br \/>\nDr. V\u00e1radi Enik\u0151<\/p>\n<p><strong>\u00d6nk\u00e9ntes seg\u00edt\u0151k<\/strong><br \/>\nBucz\u00f3 D\u00f3ra<br \/>\nDr. Czenner Zsuzsa<br \/>\nHeszberger Fatime<br \/>\nPataky Ilona c. egyetemi tan\u00e1r<br \/>\nP\u00e1lffy Zs\u00f3fia<br \/>\nProf. Silfen P\u00e9ter<br \/>\nDr. Simon Lajos<br \/>\nS\u00f6rnyei D\u00e1niel<\/p>\n<p>\n<strong>Tart\u00f3s t\u00e1voll\u00e9ten<\/strong><br \/>\nDr. Brindza N\u00f3ra<br \/>\nDr. Bulucz Judit<br \/>\nDr. Hamvas Imola <br \/>\nDr. Kiss Szilvia No\u00e9mi<br \/>\nDr. Kruk Emese<br \/>\nDr. L\u00e9k\u00f3 Andr\u00e1s<br \/>\nDr. Ralovich Fanni<\/p>\n<\/div>\n","protected":false},"excerpt":{"rendered":"<p>Igazgat\u00f3 Dr. R\u00e9thelyi J\u00e1nos egyetemi tan\u00e1r \u00a0 Igazgat\u00f3helyettes Dr. Baran Brigitta egyetemi docens Dr. Unoka Zsolt egyetemi tan\u00e1r, tanulm\u00e1nyi felel\u0151s (\u00c1OK IV. \u00e9vf. Pszichoter\u00e1pia az orvosi gyakorlatban tant\u00e1rgy magyar, angol) \u00a0 Professor Emeritus Dr. Bitter Istv\u00e1n Dr. Faludi G\u00e1bor Dr. Tringer L\u00e1szl\u00f3 C\u00edmzetes egyetemi tan\u00e1r Dr. Gazdag G\u00e1bor Dr. Rihmer Zolt\u00e1n C\u00edmzetes egyetemi docens Dr. &hellip;<\/p>\n","protected":false},"author":57,"featured_media":0,"parent":1405,"menu_order":2,"comment_status":"closed","ping_status":"closed","template":"","meta":{"_acf_changed":false,"footnotes":""},"categories":[],"tags":[],"class_list":["post-1526","page","type-page","status-publish","hentry"],"acf":[],"_links":{"self":[{"href":"https:\/\/semmelweis.hu\/pszichiatria\/wp-json\/wp\/v2\/pages\/1526","targetHints":{"allow":["GET"]}}],"collection":[{"href":"https:\/\/semmelweis.hu\/pszichiatria\/wp-json\/wp\/v2\/pages"}],"about":[{"href":"https:\/\/semmelweis.hu\/pszichiatria\/wp-json\/wp\/v2\/types\/page"}],"author":[{"embeddable":true,"href":"https:\/\/semmelweis.hu\/pszichiatria\/wp-json\/wp\/v2\/users\/57"}],"replies":[{"embeddable":true,"href":"https:\/\/semmelweis.hu\/pszichiatria\/wp-json\/wp\/v2\/comments?post=1526"}],"version-history":[{"count":12,"href":"https:\/\/semmelweis.hu\/pszichiatria\/wp-json\/wp\/v2\/pages\/1526\/revisions"}],"predecessor-version":[{"id":5079,"href":"https:\/\/semmelweis.hu\/pszichiatria\/wp-json\/wp\/v2\/pages\/1526\/revisions\/5079"}],"up":[{"embeddable":true,"href":"https:\/\/semmelweis.hu\/pszichiatria\/wp-json\/wp\/v2\/pages\/1405"}],"wp:attachment":[{"href":"https:\/\/semmelweis.hu\/pszichiatria\/wp-json\/wp\/v2\/media?parent=1526"}],"wp:term":[{"taxonomy":"category","embeddable":true,"href":"https:\/\/semmelweis.hu\/pszichiatria\/wp-json\/wp\/v2\/categories?post=1526"},{"taxonomy":"post_tag","embeddable":true,"href":"https:\/\/semmelweis.hu\/pszichiatria\/wp-json\/wp\/v2\/tags?post=1526"}],"curies":[{"name":"wp","href":"https:\/\/api.w.org\/{rel}","templated":true}]}}