{"id":1345,"date":"2016-08-11T13:11:50","date_gmt":"2016-08-11T11:11:50","guid":{"rendered":"http:\/\/semmelweis.hu\/pszichiatria\/?page_id=1345"},"modified":"2026-03-19T18:00:20","modified_gmt":"2026-03-19T17:00:20","slug":"gradualis-kepzes","status":"publish","type":"page","link":"https:\/\/semmelweis.hu\/pszichiatria\/oktatas\/gradualis-kepzes\/","title":{"rendered":"Gradu\u00e1lis K\u00e9pz\u00e9s"},"content":{"rendered":"<p><strong><span style=\"font-size: 18pt\">Aktu\u00e1lis dokumentumok:<\/span><\/strong><\/p>\n<p><a href=\"https:\/\/semmelweis.hu\/pszichiatria\/files\/2025\/12\/BEOSZTAS-4.-magyar-turnus_2026.-0105-0130_-masolata-1.xlsx_2025-12-17_KH-1.xlsx_jo-1.xlsx\">Beoszt\u00e1s tematika 4. turnus<\/a><\/p>\n<p><a href=\"https:\/\/semmelweis.hu\/pszichiatria\/files\/2025\/10\/BEOSZTAS-3.-magyar-turnus_2025.-11.03-11.28_.xlsx\">Beoszt\u00e1s tematika 3. turnus<\/a><\/p>\n<p><a href=\"https:\/\/semmelweis.hu\/pszichiatria\/files\/2025\/10\/BEOSZTAS-2.-magyar-turnus_2025-10-06-10.30._verzio-2025_10_15.xlsx\">Beoszt\u00e1s tematika 2. turnus<\/a><\/p>\n<p><a href=\"https:\/\/semmelweis.hu\/pszichiatria\/files\/2025\/09\/BEOSZTAS-1.-magyar-turnus_2025-2026_2025-09-05-3.xlsx\">Beoszt\u00e1s tematika 1. turnus<\/a><\/p>\n<p><span style=\"font-size: 18pt\"><strong>\u00c1ltal\u00e1nos inform\u00e1ci\u00f3k:<\/strong><\/span><\/p>\n<p style=\"text-align: justify\">Klinik\u00e1nkon az\u00a0\u00c1ltal\u00e1nos Orvostudom\u00e1nyi Karon (\u00c1OK) \u00e9s a Fogorvostudom\u00e1nyi Karon (FOK)\u00a03 nyelven (magyar, angol \u00e9s n\u00e9met) zajlik a pszichi\u00e1tria elm\u00e9leti \u00e9s gyakorlati\u00a0oktat\u00e1sa, a\u00a0Gy\u00f3gyszer\u00e9sztudom\u00e1nyi Kar (GYTK) hallgat\u00f3it magyar nyelven\u00a0oktatjuk.<\/p>\n<p style=\"text-align: justify\">A 2011\/12-es tan\u00e9vt\u0151l a IV. \u00e9ves hallgat\u00f3k sz\u00e1m\u00e1ra a Magatart\u00e1studom\u00e1nyi Int\u00e9zettel k\u00f6z\u00f6sen oktatta Klinik\u00e1nk a\u00a0<span class=\"Normal_0020_0028Web_0029__Char\">Pszichoter\u00e1pia az orvosi gyakorlatban<\/span>\u00a0nev\u0171 tant\u00e1rgyat. Az \u00faj curriculum bevezet\u00e9s\u00e9vel &#8211; a 2020-2021. tan\u00e9vt\u0151l &#8211; az V. \u00e9vfolyamos hallgat\u00f3k sz\u00e1m\u00e1ra k\u00f6telez\u0151\u00a0<span class=\"Normal_0020_0028Web_0029__Char\">Pszichi\u00e1tria, Pszichoter\u00e1pia<\/span>\u00a0integr\u00e1lt tant\u00e1rgy Pszichoter\u00e1pia modulja\u00a0egyes turnusainak oktat\u00e1s\u00e1ba klinik\u00e1nk bevonja egyetem\u00fcnk Magatart\u00e1studom\u00e1nyi Int\u00e9zet\u00e9nek \u00e9s a Klinikai Pszichol\u00f3giai Tansz\u00e9k\u00e9nek munkat\u00e1rsait.<\/p>\n<p><a href=\"https:\/\/semmelweis.hu\/pszichiatria\/en\/english-education\/\">English Education<\/a><\/p>\n<p><a href=\"https:\/\/semmelweis.hu\/pszichiatria\/de\/deutsch-ausbildung\/\">Deutsche Ausbildung<\/a><\/p>\n<p style=\"text-align: justify\"><strong>Az oktat\u00e1ssal kapcsolatos dokumentumok, karokra bontva, az al\u00e1bbi f\u00fclekre kattintva \u00e9rhet\u0151k el:<\/strong><\/p>\n<div class=\"responsive-tabs\">\n<h2 class=\"tabtitle\">\u00c1OK<\/h2>\n<div class=\"tabcontent\">\n\n<p><strong>V. \u00e9s VI. \u00e9vfolyam k\u00f6telez\u0151 t\u00e1rgya:<\/strong><\/p>\n<p style=\"padding-left: 30px\"><strong>Elmegy\u00f3gy\u00e1szat<\/strong><\/p>\n<p style=\"padding-left: 30px;text-align: justify\">Az elmegy\u00f3gy\u00e1szat elm\u00e9leti k\u00e9pz\u00e9s c\u00e9lja a lelki \u00e9s szellemi m\u0171k\u00f6d\u00e9sek \u00e9s zavaraik biol\u00f3giai, pszichol\u00f3giai \u00e9s szoci\u00e1lis megk\u00f6zel\u00edt\u00e9s\u00e9nek bemutat\u00e1sa, a f\u0151bb elmegy\u00f3gy\u00e1szati betegs\u00e9gekkel t\u00f6rt\u00e9n\u0151 tal\u00e1lkoz\u00e1s, azok komplex k\u00f3roktan\u00e1val, a szakma diagnosztikus reperto\u00e1rj\u00e1val, valamint a ter\u00e1pi\u00e1s lehet\u0151s\u00e9gekkel val\u00f3 megismerked\u00e9s. A k\u00e9pz\u00e9s feladat\u00e1nak tekinti a t\u00e1rgy elhelyez\u00e9s\u00e9t az orvosi szakm\u00e1k k\u00f6z\u00f6tt.<\/p>\n<div class=\"exp-col-content-holder\" style=\"padding-left: 30px\"><strong><a class=\"expand-content-link\" href=\"#\">Dokumentumok<\/a><\/strong><\/p>\n<div class=\"hidden-content\">\n<p><span style=\"font-size: 14pt\"><a href=\"https:\/\/semmelweis.hu\/pszichiatria\/files\/2019\/04\/klinikai-k\u00f3rh\u00e1zi-k\u00f6rlev\u00e9l.pdf\">Klinikai, korh\u00e1zi k\u00f6rlev\u00e9l (pdf)<\/a><\/span><\/p>\n<h4 style=\"text-align: justify\"><strong><span style=\"font-size: 14pt\">K\u00f6vetelm\u00e9nyek, t\u00e9telsorok<\/span><\/strong><\/h4>\n<p><span style=\"font-size: 14pt\"><a href=\"https:\/\/semmelweis.hu\/pszichiatria\/files\/2026\/03\/Minosito-lap-6-hetes-elektiv-2026.pdf\">Min\u0151s\u00edt\u0151 lap, 6 hetes elekt\u00edv 2026.<\/a><br \/>\n<a href=\"https:\/\/semmelweis.hu\/pszichiatria\/files\/2026\/03\/Magyar-hatodeves-6-hetes-kovetelmeny2026.pdf\">Magyar hatod\u00e9ves 6 hetes k\u00f6vetelm\u00e9ny 2026<\/a><br \/>\n<a href=\"https:\/\/semmelweis.hu\/pszichiatria\/files\/2024\/09\/Tantargyi-kovetelmenyrendszer-6-hetes-elektiv.-magyar-2023.pdf\">Tant\u00e1rgyi k\u00f6vetelm\u00e9nyrendszer 6 hetes elekt\u00edv<\/a><br \/>\n<a href=\"https:\/\/semmelweis.hu\/pszichiatria\/files\/2024\/09\/Csukly-kovetelmenyrendszer-3-hetes-gyak.-magyar-2023.pdf\">Famulusi gyakorlat k\u00f6vetelm\u00e9nyrendszere (VI. \u00e9vfolyam)<\/a><br \/>\n<a href=\"https:\/\/semmelweis.hu\/pszichiatria\/files\/2020\/08\/SKM_C25820082613330.pdf\">K\u00f6vetelm\u00e9nyrendszer \u00e9rtes\u00edt\u00e9s (pdf)<\/a><br \/>\n<a href=\"https:\/\/semmelweis.hu\/pszichiatria\/files\/2021\/09\/Pszich_Klinika_2021_Ujkurrikulum_2021-06-07-1.pdf\">Pszichi\u00e1tria k\u00f6vetelm\u00e9nyrendszere\u00a0(V. \u00e9vfolyam &#8211; pdf)<\/a><\/span><br \/>\n<a href=\"https:\/\/semmelweis.hu\/pszichiatria\/files\/2021\/08\/Ko\u0308vetelme\u0301nyrendszer2019-2020-6-hetes-elmegyogy2019.12.02.pdf\"><span style=\"font-size: 14pt\">Pszichi\u00e1tria k\u00f6vetelm\u00e9nyrendszere (VI. \u00e9vfolyam &#8211; pdf)<\/span><\/a><br \/>\n<span style=\"font-size: 14pt\"><a href=\"https:\/\/semmelweis.hu\/pszichiatria\/files\/2016\/11\/Pszichi%C3%A1tria-kollokviumi-t%C3%A9telek2016_17.pdf\">Pszichi\u00e1tria kollokviumi t\u00e9telek p\u00f3tvizsg\u00e1ra (pdf)<\/a><\/span><br \/>\n<span style=\"font-size: 14pt\"><a href=\"https:\/\/semmelweis.hu\/pszichiatria\/files\/2019\/07\/T\u00e9telsor2019.pdf\">Szigorlati t\u00e9telsor\u00a0(pdf)<\/a><\/span><\/p>\n<h4><strong><span style=\"font-size: 14pt\">Let\u00f6ltend\u0151 dokumentumok<\/span><\/strong><\/h4>\n<p><span style=\"font-size: 14pt\"><a href=\"https:\/\/semmelweis.hu\/pszichiatria\/files\/2013\/02\/reglap20112012.pdf\">Regisztr\u00e1ci\u00f3s lap hallgat\u00f3knak\u00a0(pdf)<span style=\"text-decoration: underline\"><br \/>\n<\/span><\/a><a href=\"https:\/\/semmelweis.hu\/pszichiatria\/files\/2016\/10\/korrajz_minta.pdf\">Minta k\u00f3rrajz\u00a0(pdf)<span style=\"text-decoration: underline\"><br \/>\n<\/span><\/a><a href=\"https:\/\/semmelweis.hu\/pszichiatria\/files\/2021\/09\/Min\u0151s\u00edt\u0151-lap2021.pdf\">Min\u0151s\u00edt\u0151 lap (pdf)<\/a><br \/>\n<a href=\"https:\/\/semmelweis.hu\/pszichiatria\/files\/2026\/03\/Minosito-lap-6-hetes-gyakorlat.pdf\">Minos\u00edt\u0151 lap 6 hetes gyakorlat<\/a><br \/>\n<\/span><a href=\"https:\/\/semmelweis.hu\/pszichiatria\/files\/2025\/12\/2025_megallapodas_minta_AOK.docx\"><span style=\"font-size: 14pt\">Hallgat\u00f3i Meg\u00e1llapod\u00e1s 2025 (docx)<\/span><\/a><\/p>\n<h4><strong><span style=\"font-size: 14pt\">Tematika<\/span><\/strong><\/h4>\n<p><span style=\"font-size: 14pt\"><a href=\"https:\/\/semmelweis.hu\/pszichiatria\/files\/2018\/09\/Magyar_eloadasok_2018_2019_%C3%A9ves-beoszt%C3%A1s.pdf\">Magyar el\u0151ad\u00e1sok beoszt\u00e1s 2018-2019 tan\u00e9v (pdf)<\/a><\/span><br \/>\n<span style=\"font-size: 14pt\"><a href=\"https:\/\/semmelweis.hu\/pszichiatria\/files\/2018\/09\/Tant%C3%A1rgyakon-%C3%A1t%C3%ADvel%C5%91-tartalmak.pdf\">Tant\u00e1rgyakon \u00e1t\u00edvel\u0151 tartalmak (pdf)<\/a><\/span><br \/>\n<span style=\"font-size: 14pt\"><a href=\"https:\/\/semmelweis.hu\/pszichiatria\/files\/2017\/09\/Magyar_eloadasok_2017_2018_%C3%A9ves-beoszt%C3%A1s.pdf\">V. \u00e9vfolyam el\u0151ad\u00e1s tematika, 2019\/2020 I-II. f\u00e9l\u00e9v (pdf)<br \/>\n<\/a><a href=\"https:\/\/semmelweis.hu\/pszichiatria\/files\/2018\/02\/Magyar_ea_2017_2018_m%C3%A1sodik-f%C3%A9l%C3%A9v.pdf\">V. \u00e9vfolyam el\u0151ad\u00e1s tematika, 2019\/2020 II. f\u00e9l\u00e9v (pdf)<\/a><br \/>\n<a href=\"https:\/\/semmelweis.hu\/pszichiatria\/files\/2016\/10\/Blokkositott_tematika_5odev_I_felev.pdf\">Blokkos\u00edtott oktat\u00e1s tematika, 2019\/2020 I. f\u00e9l\u00e9v (pdf)<br \/>\n<\/a><a href=\"https:\/\/semmelweis.hu\/pszichiatria\/files\/2016\/08\/Tematika_2015_16_2.pdf\">Blokkos\u00edtott oktat\u00e1s tematika 2019\/2020 II. f\u00e9l\u00e9v<\/a><br \/>\n<a href=\"https:\/\/semmelweis.hu\/pszichiatria\/files\/2018\/09\/5evesgyak_besz%C3%A1mol%C3%B3.pdf\">V. \u00e9ves gyakorlati besz\u00e1mol\u00f3 (pdf)<\/a><br \/>\n<a href=\"https:\/\/semmelweis.hu\/pszichiatria\/files\/2016\/11\/Turnus-bevezet%C5%912.pdf\">Turnus bevezet\u0151\u00a0(pdf)<\/a><\/span><br \/>\n<span style=\"font-size: 12pt\"><strong><a href=\"https:\/\/semmelweis.hu\/pszichiatria\/eloadasok\/\"><span style=\"font-size: 14pt\">El\u0151ad\u00e1sok<\/span><\/a><\/strong><\/span><\/p>\n<h4><strong>Szakdolgozat<\/strong><\/h4>\n<p><a href=\"https:\/\/semmelweis.hu\/pszichiatria\/files\/2025\/06\/Szakdolgozat-temak-2025-2026.pdf\">Szakdolgozat t\u00e9m\u00e1k 2025-2026<\/a><br \/>\n<a href=\"https:\/\/semmelweis.hu\/pszichiatria\/files\/2024\/06\/Szakdolgozat-temak-2024-2025.pdf\">Szakdolgozat t\u00e9m\u00e1k 2024-2025<\/a><br \/>\n<a href=\"https:\/\/semmelweis.hu\/pszichiatria\/files\/2022\/05\/Szakdolgozat-temak-2022-2023.pdf\">Szakdolgozat t\u00e9m\u00e1k 2022-2023<\/a><br \/>\n<a href=\"https:\/\/semmelweis.hu\/pszichiatria\/files\/2021\/06\/Szakdolgozat-t\u00e9m\u00e1k-2021-2022-1.pdf\">Szakdolgozat t\u00e9m\u00e1k 2021-2022<\/a><br \/>\n<a href=\"https:\/\/semmelweis.hu\/pszichiatria\/files\/2019\/07\/Szakdolgozati-c\u00edmbejelent\u0151-lap.doc\">Szakdolgozat c\u00edmbejelent\u0151 lap<\/a><br \/>\n<a href=\"https:\/\/semmelweis.hu\/pszichiatria\/files\/2019\/07\/Pl\u00e1gium-Nyilatkozat.docx\">Pl\u00e1gium nyilatkozat<\/a>\u00a0<\/p>\n<\/div>\n<p>&nbsp;<\/p>\n<\/div>\n<div>\u00a0<\/div>\n<div class=\"exp-col-content-holder\" style=\"padding-left: 30px\"><strong><a class=\"expand-content-link\" href=\"#\">IV. \u00e9vfolyam k\u00f6telez\u0151 t\u00e1rgya (archive):<\/a><\/strong><\/p>\n<div class=\"hidden-content\">\n<p style=\"padding-left: 30px\"><strong>Pszichoter\u00e1pia az orvosi gyakorlatban<\/strong><\/p>\n<p style=\"padding-left: 30px;text-align: justify\">Az el\u0151ad\u00e1ssorozat \u00e1ttekint\u00e9st ad a pszichoter\u00e1pia jelent\u0151s\u00e9g\u00e9r\u0151l \u00e9s alkalmaz\u00e1si lehet\u0151s\u00e9geir\u0151l az \u00e1ltal\u00e1nos orvosi \u00e9s szakrendel\u0151i gyakorlatban. Hangs\u00falyozottan foglalkozik az orvos-beteg kapcsolatban megjelen\u0151 verb\u00e1lis \u00e9s nem verb\u00e1lis kommunik\u00e1ci\u00f3 saj\u00e1toss\u00e1gaival \u00e9s jelent \u0151s\u00e9g\u00e9vel. Ismerteti a legjelent\u0151sebb pszichoter\u00e1pi\u00e1s m\u00f3dszerek (viselked\u00e9s- \u00e9s kognit\u00edv ter\u00e1pia, pszichoanalitikus ter\u00e1pi\u00e1k, szem\u00e9lyk\u00f6zpont\u00fa pszichoter\u00e1pia, relax\u00e1ci\u00f3, hipn\u00f3zis, csal\u00e1dter\u00e1pia, csoportter\u00e1pia) kialakul\u00e1s\u00e1t, elm\u00e9leti h\u00e1tter\u00e9t, m\u00f3dszertan\u00e1t, legfontosabb technik\u00e1it. \u00d6sszefoglalja a pszichoter\u00e1pia indik\u00e1ci\u00f3it a k\u00fcl\u00f6nf\u00e9le pszich\u00e9s zavarokban, ezen bel\u00fcl foglalkozik a pszichoter\u00e1pi\u00e1val kezelhet\u0151 betegcsoportok diagnosztikus krit\u00e9riumaival \u00e9s az egyes esetekben lehets\u00e9ges, illetve javasolt pszichoter\u00e1pi\u00e1s m\u00f3dszerekkel. \u00c1ttekinti a kr\u00edzis \u00e1llapot \u00e9s a szuic\u00eddium vesz\u00e9ly\u00e9nek t\u00fcneteit \u00e9s bemutatja a kr\u00edzisintervenci\u00f3, a kr\u00edzis felold\u00e1s\u00e1nak hat\u00e9kony m\u00f3djait. Ismerteti az egyes pszichoter\u00e1pi\u00e1s m\u00f3dszerek \u00f6n\u00e1ll\u00f3, illetve farmakoter\u00e1pi\u00e1val kombin\u00e1lt alkalmaz\u00e1s\u00e1nak lehet\u0151s\u00e9geit, azok el\u0151nyeit \u00e9s h\u00e1tr\u00e1nyait, \u00f6sszegzi a kombin\u00e1lt ter\u00e1pi\u00e1k sor\u00e1n figyelembe veend\u0151 \u00e9s m\u00e9rlegelend\u0151 szempontokat. Sz\u00f3 lesz a pszichoter\u00e1pi\u00e1s hat\u00e9konys\u00e1g vizsg\u00e1lhat\u00f3 v\u00e1ltoz\u00f3ir\u00f3l \u00e9s a hat\u00e9konys\u00e1g-vizsg\u00e1latok eredm\u00e9nyeir\u0151l is. Gyakorlatokon a bemutatott elm\u00e9let e-learning m\u00f3dszerrel t\u00e1mogatott elsaj\u00e1t\u00edt\u00e1sa mellett kifejezett hans\u00falyt fektet\u00fcnk a gyakrolati alkalmaz\u00e1ra.\u00a0<\/p>\n<div class=\"exp-col-content-holder\" style=\"padding-left: 30px\"><strong><a class=\"expand-content-link\" href=\"#\">Dokumentumok<\/a><\/strong><\/p>\n<div class=\"hidden-content\">\n<p><a href=\"https:\/\/semmelweis.hu\/pszichiatria\/files\/2018\/09\/Pszichoter%C3%A1pia-az-orvosi-gyakorlatban-magyar-PGy.pdf\">BLOKKOS\u00cdTOTT Pszichoter\u00e1pia az orvosi gyakorlatban k\u00f6vetelm\u00e9nyrendszer, gyakorlati tematika 2018_19_2<\/a><\/p>\n<p style=\"text-align: justify\"><a href=\"https:\/\/semmelweis.hu\/pszichiatria\/files\/2013\/02\/tetelsor_2012_pszichoter_orvosi_gyakorlatban.pdf\">Kollokviumi t\u00e9telsor a Pszichoter\u00e1pia az orvosi gyakorlatban c. k\u00f6telez\u0151 t\u00e1rgyhoz<\/a><\/p>\n<p><a href=\"https:\/\/semmelweis.hu\/pszichiatria\/files\/2018\/02\/Pszichoter%C3%A1pia-az-orvosi-gyakorlatban_ea_2017_2018_2.pdf\">El\u0151ad\u00e1s tematika 2018 (pdf)<\/a><\/p>\n<\/div>\n<p style=\"text-align: justify\">\u00a0<\/p>\n<p style=\"text-align: justify\"><a href=\"https:\/\/semmelweis.hu\/pszichiatria\/oktatas\/gradualis-kepzes\/e-learning\/e-learning\/\">E-learning<\/a><\/p>\n<\/div>\n<\/div>\n<\/div>\n\n<\/div><h2 class=\"tabtitle\">FOK<\/h2>\n<div class=\"tabcontent\">\n\n<p><strong>Elmegy\u00f3gy\u00e1szat:<\/strong><\/p>\n<p style=\"text-align: justify\">A tant\u00e1rgy feladata a k\u00e9pz\u00e9s c\u00e9lj\u00e1nak megval\u00f3s\u00edt\u00e1s\u00e1ban:<\/p>\n<p style=\"text-align: justify\">A pszichi\u00e1tria t\u00e1rgy oktat\u00e1sa szervesen illeszkedik a Fogorvostudom\u00e1nyi Kar gradu\u00e1lis oktat\u00e1s\u00e1nak folyamat\u00e1ba, az \u00e1ltal\u00e1nos orvosi klinikai t\u00e1rgyak k\u00f6r\u00e9be. Az oktat\u00e1s c\u00e9lja, hogy megismertesse a hallgat\u00f3kat a pszichi\u00e1tria fogalomt\u00e1r\u00e1val, diagnosztikai \u00e9s ter\u00e1pi\u00e1s m\u00f3dszertan\u00e1val, a leggyakoribb k\u00f3rk\u00e9pek klinikai jellemz\u0151ivel. Kiemelt jelent\u0151s\u00e9get ford\u00edtunk a fogorvosi gyakorlat szempontj\u00e1b\u00f3l l\u00e9nyeges pszichi\u00e1triai \u00e1llapotok, ill. a gyakori pszichi\u00e1triai betegs\u00e9gek fogorvosi vonatkoz\u00e1sainak oktat\u00e1s\u00e1ra.<\/p>\n<p><a href=\"https:\/\/semmelweis.hu\/pszichiatria\/files\/2024\/09\/fokintezkedesi-terv-alairt.pdf\">FOK int\u00e9zked\u00e9si terv 2024<\/a><\/p>\n<p><a href=\"https:\/\/semmelweis.hu\/pszichiatria\/files\/2023\/03\/Action-plan-based-on-the-student-feedback-received-in-the-1.pdf\">FOK int\u00e9zked\u00e9si terv 2023<\/a>\u00a0(pdf)<\/p>\n<p style=\"text-align: justify\"><a href=\"https:\/\/semmelweis.hu\/pszichiatria\/files\/2021\/05\/Pszichiatria_FOK_kovetelmeny.pdf\">FOK k\u00f6vetelm\u00e9nyrendszer (pdf)<\/a><\/p>\n<p><a href=\"https:\/\/semmelweis.hu\/pszichiatria\/files\/2018\/02\/FOK_magyar_tematika_2018.pdf\">FOK tematika 2023 (pdf)<\/a><\/p>\n<p><a href=\"https:\/\/semmelweis.hu\/pszichiatria\/files\/2018\/02\/FOK-magyar-kollokviumi-t%C3%A9telsor-2018.pdf\">FOK magyar kollokviumi t\u00e9mak\u00f6r\u00f6k\u00a0(pdf)<\/a><\/p>\n<p><em>El\u0151ad\u00e1sok fogorvostan hallgat\u00f3knak<\/em>:<\/p>\n<ol>\n<li><a href=\"https:\/\/semmelweis.hu\/pszichiatria\/files\/2013\/02\/fok_hun_bevezetes_2009.pdf\">A pszichi\u00e1tria t\u00e1rgya, tagoz\u00f3d\u00e1sa, vizsg\u00e1lati m\u00f3dszerei<\/a><\/li>\n<li><a href=\"https:\/\/semmelweis.hu\/pszichiatria\/files\/2013\/02\/fok_hun_affektiv_zavarok_2009.pdf\">Affekt\u00edv zavarok<\/a><\/li>\n<li><a href=\"https:\/\/semmelweis.hu\/pszichiatria\/files\/2013\/02\/fok_hun_szorongas_2009.pdf\">Szorong\u00e1sos zavarok<\/a><\/li>\n<li><a href=\"https:\/\/semmelweis.hu\/pszichiatria\/files\/2013\/02\/fok_hun_organikus_2009.pdf\">Organikus k\u00f3rk\u00e9pek<\/a><\/li>\n<li><a href=\"https:\/\/semmelweis.hu\/pszichiatria\/files\/2017\/03\/FOK-Addiktol%C3%B3gia-el%C5%91ad%C3%A1s.pdf\">Szenved\u00e9lybetegs\u00e9gek<\/a><\/li>\n<li><a href=\"https:\/\/semmelweis.hu\/pszichiatria\/files\/2013\/02\/fok_hun_szkizofrenia_2009.pdf\">A szkizofr\u00e9nia \u00e9s egy\u00e9b pszich\u00f3zisok<\/a><\/li>\n<li><a href=\"https:\/\/semmelweis.hu\/pszichiatria\/files\/2013\/02\/fok_hun_surg_pszich_2009.pdf\">S\u00fcrg\u0151ss\u00e9gi pszichi\u00e1tria<\/a><\/li>\n<li><a href=\"https:\/\/semmelweis.hu\/pszichiatria\/files\/2019\/11\/angok-FOK.ppt\">angok FOK<\/a><\/li>\n<\/ol>\n\n<\/div><h2 class=\"tabtitle\">GYTK<\/h2>\n<div class=\"tabcontent\">\n\n<p><em>El\u0151ad\u00e1sok gy\u00f3gyszer\u00e9sztan hallgat\u00f3knak<\/em>:<\/p>\n<p><a href=\"https:\/\/semmelweis.hu\/pszichiatria\/files\/2022\/12\/pszicho\u0301zis.pdf\">Pszich\u00f3zis\u00a0(pdf)<\/a><\/p>\n<p><a href=\"https:\/\/semmelweis.hu\/pszichiatria\/files\/2020\/11\/Klinikai-pszichol\u00f3gia-alkalmaz\u00e1sa-az-id\u0151sek-ell\u00e1t\u00e1s\u00e1ban.pdf\">Klinikai pszichol\u00f3gia alkalmaz\u00e1sa az id\u0151sek ell\u00e1t\u00e1s\u00e1ban (pdf)<\/a><\/p>\n<p><a href=\"https:\/\/semmelweis.hu\/pszichiatria\/files\/2020\/11\/A-SZEM\u00c9LYIS\u00c9G.pdf\">A\u00a0szem\u00e9lyis\u00e9g (pdf)<\/a><\/p>\n<p><a href=\"https:\/\/semmelweis.hu\/pszichiatria\/files\/2020\/11\/A-szem\u00e9lyis\u00e9gzavarok.pdf\">A szem\u00e9lyis\u00e9gzavarok (pdf)<\/a><\/p>\n<p><a href=\"https:\/\/semmelweis.hu\/pszichiatria\/files\/2020\/12\/Pszichoter\u00e1pia-a-mindennapi-gyakorlatban-20201110.pdf\">Pszichoter\u00e1pia a mindennapi gyakorlatban\u00a0(pdf)<\/a><\/p>\n<p>&nbsp;<\/p>\n<p><a href=\"https:\/\/semmelweis.hu\/pszichiatria\/files\/2020\/12\/T\u00e1pl\u00e1lkoz\u00e1si-\u00e9s-ev\u00e9szavarok_GYOK.pdf\">T\u00e1pl\u00e1lkoz\u00e1si- \u00e9s ev\u00e9szavarok (pdf)<\/a><\/p>\n<p><a href=\"https:\/\/semmelweis.hu\/pszichiatria\/files\/2020\/12\/Gyogyszeresz-ea-vegl.pdf\">Depresszi\u00f3, szuicidium, szorong\u00e1sos zavarok (pdf)<\/a><\/p>\n<p><a href=\"https:\/\/semmelweis.hu\/pszichiatria\/files\/2016\/10\/gytk_hun_organikus_2015.pdf\">Organikus \u00e9s geri\u00e1triai k\u00f3rk\u00e9pek 2015 (pdf)<\/a><\/p>\n<p><a href=\"https:\/\/semmelweis.hu\/pszichiatria\/files\/2013\/02\/gy\u00f3gyszer\u00e9sz-el\u0151ad\u00e1s-affekt\u00edv-zavarok_szorong\u00e1sos-k\u00f3rk\u00e9pek-2015-honlapra-1.pdf\">Affekt\u00edv zavarok_szorong\u00e1sos k\u00f3rk\u00e9pek (pdf)<\/a><\/p>\n<p>&nbsp;<\/p>\n<p>&nbsp;<\/p>\n<p style=\"text-align: justify\">\u00a0<\/div><\/div><\/p>\n","protected":false},"excerpt":{"rendered":"<p>Aktu\u00e1lis dokumentumok: <a href=\"https:\/\/semmelweis.hu\/pszichiatria\/files\/2025\/12\/BEOSZTAS-4.-magyar-turnus_2026.-0105-0130_-masolata-1.xlsx_2025-12-17_KH-1.xlsx_jo-1.xlsx\">Beoszt\u00e1s tematika 4. turnus<\/a> <a href=\"https:\/\/semmelweis.hu\/pszichiatria\/files\/2025\/10\/BEOSZTAS-3.-magyar-turnus_2025.-11.03-11.28_.xlsx\">Beoszt\u00e1s tematika 3. turnus<\/a> <a href=\"https:\/\/semmelweis.hu\/pszichiatria\/files\/2025\/10\/BEOSZTAS-2.-magyar-turnus_2025-10-06-10.30._verzio-2025_10_15.xlsx\">Beoszt\u00e1s tematika 2. turnus<\/a> <a href=\"https:\/\/semmelweis.hu\/pszichiatria\/files\/2025\/09\/BEOSZTAS-1.-magyar-turnus_2025-2026_2025-09-05-3.xlsx\">Beoszt\u00e1s tematika 1. turnus<\/a> \u00c1ltal\u00e1nos inform\u00e1ci\u00f3k: Klinik\u00e1nkon az\u00a0\u00c1ltal\u00e1nos Orvostudom\u00e1nyi Karon (\u00c1OK) \u00e9s a Fogorvostudom\u00e1nyi Karon (FOK)\u00a03 nyelven (magyar, angol \u00e9s n\u00e9met) zajlik a pszichi\u00e1tria elm\u00e9leti \u00e9s gyakorlati\u00a0oktat\u00e1sa, a\u00a0Gy\u00f3gyszer\u00e9sztudom\u00e1nyi Kar (GYTK) hallgat\u00f3it magyar nyelven\u00a0oktatjuk. A 2011\/12-es tan\u00e9vt\u0151l a IV. \u00e9ves hallgat\u00f3k sz\u00e1m\u00e1ra a Magatart\u00e1studom\u00e1nyi Int\u00e9zettel k\u00f6z\u00f6sen oktatta Klinik\u00e1nk a\u00a0Pszichoter\u00e1pia az orvosi gyakorlatban\u00a0nev\u0171 tant\u00e1rgyat. Az \u00faj curriculum bevezet\u00e9s\u00e9vel &#8211; &hellip;<\/p>\n","protected":false},"author":57,"featured_media":0,"parent":9,"menu_order":0,"comment_status":"closed","ping_status":"closed","template":"","meta":{"_acf_changed":false,"footnotes":""},"categories":[],"tags":[],"class_list":["post-1345","page","type-page","status-publish","hentry"],"acf":[],"_links":{"self":[{"href":"https:\/\/semmelweis.hu\/pszichiatria\/wp-json\/wp\/v2\/pages\/1345","targetHints":{"allow":["GET"]}}],"collection":[{"href":"https:\/\/semmelweis.hu\/pszichiatria\/wp-json\/wp\/v2\/pages"}],"about":[{"href":"https:\/\/semmelweis.hu\/pszichiatria\/wp-json\/wp\/v2\/types\/page"}],"author":[{"embeddable":true,"href":"https:\/\/semmelweis.hu\/pszichiatria\/wp-json\/wp\/v2\/users\/57"}],"replies":[{"embeddable":true,"href":"https:\/\/semmelweis.hu\/pszichiatria\/wp-json\/wp\/v2\/comments?post=1345"}],"version-history":[{"count":13,"href":"https:\/\/semmelweis.hu\/pszichiatria\/wp-json\/wp\/v2\/pages\/1345\/revisions"}],"predecessor-version":[{"id":5702,"href":"https:\/\/semmelweis.hu\/pszichiatria\/wp-json\/wp\/v2\/pages\/1345\/revisions\/5702"}],"up":[{"embeddable":true,"href":"https:\/\/semmelweis.hu\/pszichiatria\/wp-json\/wp\/v2\/pages\/9"}],"wp:attachment":[{"href":"https:\/\/semmelweis.hu\/pszichiatria\/wp-json\/wp\/v2\/media?parent=1345"}],"wp:term":[{"taxonomy":"category","embeddable":true,"href":"https:\/\/semmelweis.hu\/pszichiatria\/wp-json\/wp\/v2\/categories?post=1345"},{"taxonomy":"post_tag","embeddable":true,"href":"https:\/\/semmelweis.hu\/pszichiatria\/wp-json\/wp\/v2\/tags?post=1345"}],"curies":[{"name":"wp","href":"https:\/\/api.w.org\/{rel}","templated":true}]}}