{"id":77,"date":"2015-11-18T00:00:00","date_gmt":"2015-11-17T23:00:00","guid":{"rendered":"http:\/\/semmelweis.hu\/psychophysiology\/klara-horvath\/"},"modified":"2018-08-14T14:47:24","modified_gmt":"2018-08-14T12:47:24","slug":"klara-horvath","status":"publish","type":"page","link":"https:\/\/semmelweis.hu\/psychophysiology\/people\/former-collaborators-and-students\/klara-horvath\/","title":{"rendered":"Kl\u00e1ra Horv\u00e1th"},"content":{"rendered":"<table class=\"contentpaneopen\">\n<tbody>\n<tr>\n<td valign=\"top\">\n<table class=\"contentpaneopen\" border=\"0\">\n<tbody>\n<tr>\n<td valign=\"top\">\n<p><img decoding=\"async\" src=\"https:\/\/semmelweis.hu\/psychophysiology\/files\/2015\/11\/horvathk.jpg\" alt=\"\" align=\"right\" border=\"0\" \/><\/p>\n<h3>CURRICULUM VITAE<\/h3>\n<table border=\"0\">\n<tbody>\n<tr>\n<td><strong>Place\/date of birth:<\/strong><\/td>\n<td>May 18, 1986, Budapest, Hungary<\/td>\n<\/tr>\n<tr>\n<td><strong>Tel.:<\/strong><\/td>\n<td>(+3630) 4172211<\/td>\n<\/tr>\n<tr>\n<td><strong>E-mail:<\/strong><\/td>\n<td><a href=\"mailto:horv.klara@gmail.com\">horv.klara@gmail.com<\/a><\/td>\n<\/tr>\n<\/tbody>\n<\/table>\n<h4>EDUCATION:<\/h4>\n<table border=\"0\">\n<tbody>\n<tr>\n<td style=\"vertical-align: top\">2011 &#8211; present<\/td>\n<td>&nbsp;<\/td>\n<td><strong>University of Oxford,<\/strong> Department of Experimental Psychology, DPhil in Experimental Psychology<\/td>\n<\/tr>\n<tr>\n<td style=\"vertical-align: top\">2004 &#8211; 2011<\/td>\n<td>&nbsp;<\/td>\n<td><strong>Semmelweis University, Budapest, Hungary<\/strong>, Faculty of Medicine, Medicine, Medical Doctor: summa cum laude<\/td>\n<\/tr>\n<tr>\n<td style=\"vertical-align: top\">2006 &#8211; 2010<\/td>\n<td>&nbsp;<\/td>\n<td><strong>E\u00f6tv\u00f6s Lor\u00e1nd University, Budapest, Hungary<\/strong>, Faculty of Education and Psychology, Psychology BA: excellent (5)<\/td>\n<\/tr>\n<tr>\n<td style=\"vertical-align: top\">2000 &#8211; 2004<\/td>\n<td>&nbsp;<\/td>\n<td><strong>E\u00f6tv\u00f6s J\u00f3zsef Secondary School, Budapest, Hungary<\/strong>, specialised in Mathematics-English<\/td>\n<\/tr>\n<\/tbody>\n<\/table>\n<h4>PROFESSIONAL EXPERIENCE:<\/h4>\n<table border=\"0\">\n<tbody>\n<tr>\n<td style=\"vertical-align: top\">2009 &#8211; 2011<\/td>\n<td>&nbsp;<\/td>\n<td><strong>Teaching assistant<\/strong>, Semmelweis University, Budapest, Hungary, Institute of Behavioural Sciences<\/td>\n<\/tr>\n<tr>\n<td style=\"vertical-align: top\">2007 &#8211; 2011<\/td>\n<td>&nbsp;<\/td>\n<td><strong>Student Researcher<\/strong>, Semmelweis University, Budapest, Hungary, Institute of Behavioural Sciences<\/td>\n<\/tr>\n<tr>\n<td style=\"vertical-align: top\">2009 febr. &#8211; april<\/td>\n<td>&nbsp;<\/td>\n<td><strong>Research assistant<\/strong>, Educatio ltd.<\/td>\n<\/tr>\n<\/tbody>\n<\/table>\n<h4>ACCREDITED COURSES:<\/h4>\n<ul>\n<li><em>Electroencephalography for psychiatrists and psychologists<\/em><br \/>\norganized by the The Hungarian Society of Psychophysiology and Health-Psychology, The Institute of Behavioural Sciences of the Semmelweis University and the Insomnia Workgroup of the Hungarian Psychiatric Society<br \/>\n3 October 2007, Budapest<\/li>\n<li><em>Projective drawing analysis<\/em><br \/>\norganized by Zolt\u00e1n Vass<br \/>\nOctober 2006 &#8211; January 2007<\/li>\n<\/ul>\n<h4>RESEARCH INTEREST:<\/h4>\n<ul>\n<li>sleeping and cognitive development<\/li>\n<li>psychophysiology of personality<\/li>\n<li>memory and sleeping<\/li>\n<li>temperament and cognitive development<\/li>\n<li>quantitative EEG analysis<\/li>\n<\/ul>\n<h4>SKILLS:<\/h4>\n<p>Computer:<\/p>\n<ul>\n<li>ECDL-select<\/li>\n<li>MS-Office<\/li>\n<li>SPSS<\/li>\n<li>Statistica<\/li>\n<li>basic Matlab<\/li>\n<li>Dadisp<\/li>\n<li>Adobe Photoshop, Indesign, Illustrator<\/li>\n<\/ul>\n<p>Others:<\/p>\n<ul>\n<li>EEG sleep staging<\/li>\n<li>polysomnography<\/li>\n<li>quantitative EEG analysis<\/li>\n<li>Bayley Scale of Infant Development-scoring<\/li>\n<li>Tester&#8217;s Ratings of Infant Behaviour-scoring<\/li>\n<\/ul>\n<h4>LANGUAGE SKILLS:<\/h4>\n<ul>\n<li>Hungarian &#8211; native<\/li>\n<li>English &#8211; advanced (IELTS 8)<\/li>\n<li>French &#8211; intermediate<\/li>\n<li>German &#8211; basic<\/li>\n<\/ul>\n<h4>PUBLICATIONS:<\/h4>\n<p>Simor P.*, <strong>Horv\u00e1th K.*<\/strong>, Gombos F., Tak\u00e1cs PK., B\u00f3dizs R. (in press) Disturbed dreaming and sleep quality: altered sleep architecture in subjects with frequent nightmares. European Archives of Psychiatry and Clinical Neurosciences, DOI 10.1007\/s00406-012-0318-7 (*co-first authors)<\/p>\n<p>Simor P., Pajkossy P.,<strong> Horv\u00e1th K.<\/strong>, B\u00f3dizs R. (2012) Impaired executive functions in subjects with frequent nightmares as reflected by performance in different neuropsychological tasks. Brain and Cognition, 78(3): 274-283.<strong><br \/>\n<\/strong><\/p>\n<p><a href=\"http:\/\/www.epjournal.net\/filestore\/EP09244256.pdf\"><strong>Horv\u00e1th K.,<\/strong> Martos J., Mihalik B., B\u00f3dizs R. (2011) Is the social brain theory applicable to human individual differences? Relationship between Sociability personality dimension and brain size. <em>Evolutionary Psychology, 9<\/em>(2): 244-256.<\/a><\/p>\n<h4>CONFERENCE ABSTRACTS:<\/h4>\n<p><strong>Horv\u00e1th K., <\/strong>Simor P., S\u00e1ndor P., Vida R., Lihi R., Sulyok Z., B\u00f3dizs R.: <em>Spectral sleep EEG features of nightmare sufferers: evidence for a NREM disorder?<\/em> Ducog 2011; Perception and Learning; The third conference of the Central European Cognitive Science Association, 2011, May 12-15, Dubrovnik<br \/>\nKis A., Simor P., <strong>Horv\u00e1th K.<\/strong>, B\u00f3dizs R.: <em>Objective and subjective components of the first night effect.<\/em> Ducog 2011; Perception and Learning; The third conference of the Central European Cognitive Science Association, 2011, May 12-15, Dubrovnik<br \/>\n<strong>Horv\u00e1th K., <\/strong>Martos J., Mihalik, B., B\u00f3dizs R.: <em>Is the social brain theory applicable to human individual differences? Relationship between Sociability personality dimension and brain size<\/em>, 15th World Congress of Psychophysiology, Budapest, 2010<br \/>\n<strong>Horv\u00e1th K., <\/strong>Martos J., Mihalik, B., B\u00f3dizs R.: <em>Sociability or Extraversion? Neuroanatomic measures as supporting evidence of a basic personality factor<\/em>, International Brain Research Organization, International Workshop, P\u00e9cs, 2010.<br \/>\n<strong>Horv\u00e1th K., <\/strong>Martos J., Mihalik, B., B\u00f3dizs R.: <em>Szociabilit\u00e1s vagy Extraverzi\u00f3? Neuroanat\u00f3miai m\u00e9r\u00e9sek, mint az alapfaktorok lehets\u00e9ges meger\u0151s\u00edt\u0151 t\u00e9nyez\u0151i<\/em>. The VII. National Congress of the Hungarian Psychiatric Association, Budapest. 2010.<\/p>\n<\/td>\n<\/tr>\n<\/tbody>\n<\/table>\n<\/td>\n<\/tr>\n<\/tbody>\n<\/table>\n<p>&nbsp;<\/p>\n","protected":false},"excerpt":{"rendered":"<p>CURRICULUM VITAE Place\/date of birth: May 18, 1986, Budapest, Hungary Tel.: (+3630) 4172211 E-mail: <a href=\"mailto:horv.klara@gmail.com\">horv.klara@gmail.com<\/a> EDUCATION: 2011 &#8211; present &nbsp; University of Oxford, Department of Experimental Psychology, DPhil in Experimental Psychology 2004 &#8211; 2011 &nbsp; Semmelweis University, Budapest, Hungary, Faculty of Medicine, Medicine, Medical Doctor: summa cum laude 2006 &#8211; 2010 &nbsp; E\u00f6tv\u00f6s Lor\u00e1nd University, Budapest, &hellip;<\/p>\n","protected":false},"author":101277,"featured_media":0,"parent":102,"menu_order":4,"comment_status":"closed","ping_status":"closed","template":"","meta":{"_acf_changed":false,"footnotes":""},"categories":[],"tags":[],"class_list":["post-77","page","type-page","status-publish","hentry"],"acf":[],"_links":{"self":[{"href":"https:\/\/semmelweis.hu\/psychophysiology\/wp-json\/wp\/v2\/pages\/77","targetHints":{"allow":["GET"]}}],"collection":[{"href":"https:\/\/semmelweis.hu\/psychophysiology\/wp-json\/wp\/v2\/pages"}],"about":[{"href":"https:\/\/semmelweis.hu\/psychophysiology\/wp-json\/wp\/v2\/types\/page"}],"author":[{"embeddable":true,"href":"https:\/\/semmelweis.hu\/psychophysiology\/wp-json\/wp\/v2\/users\/101277"}],"replies":[{"embeddable":true,"href":"https:\/\/semmelweis.hu\/psychophysiology\/wp-json\/wp\/v2\/comments?post=77"}],"version-history":[{"count":5,"href":"https:\/\/semmelweis.hu\/psychophysiology\/wp-json\/wp\/v2\/pages\/77\/revisions"}],"predecessor-version":[{"id":1066,"href":"https:\/\/semmelweis.hu\/psychophysiology\/wp-json\/wp\/v2\/pages\/77\/revisions\/1066"}],"up":[{"embeddable":true,"href":"https:\/\/semmelweis.hu\/psychophysiology\/wp-json\/wp\/v2\/pages\/102"}],"wp:attachment":[{"href":"https:\/\/semmelweis.hu\/psychophysiology\/wp-json\/wp\/v2\/media?parent=77"}],"wp:term":[{"taxonomy":"category","embeddable":true,"href":"https:\/\/semmelweis.hu\/psychophysiology\/wp-json\/wp\/v2\/categories?post=77"},{"taxonomy":"post_tag","embeddable":true,"href":"https:\/\/semmelweis.hu\/psychophysiology\/wp-json\/wp\/v2\/tags?post=77"}],"curies":[{"name":"wp","href":"https:\/\/api.w.org\/{rel}","templated":true}]}}

Klára Horváth

<table class="contentpaneopen">
<tbody>
<tr>
<td valign="top">
<table class="contentpaneopen" border="0">
<tbody>
<tr>
<td valign="top">
<p><img decoding="async" src="https://semmelweis.hu/psychophysiology/files/2015/11/horvathk.jpg" alt="" align="right" border="0" /></p>
<h3>CURRICULUM VITAE</h3>
<table border="0">
<tbody>
<tr>
<td><strong>Place/date of birth:</strong></td>
<td>May 18, 1986, Budapest, Hungary</td>
</tr>
<tr>
<td><strong>Tel.:</strong></td>
<td>(+3630) 4172211</td>
</tr>
<tr>
<td><strong>E-mail:</strong></td>
<td><a href="mailto:horv.klara@gmail.com">horv.klara@gmail.com</a></td>
</tr>
</tbody>
</table>
<h4>EDUCATION:</h4>
<table border="0">
<tbody>
<tr>
<td style="vertical-align: top">2011 &#8211; present</td>
<td>&nbsp;</td>
<td><strong>University of Oxford,</strong> Department of Experimental Psychology, DPhil in Experimental Psychology</td>
</tr>
<tr>
<td style="vertical-align: top">2004 &#8211; 2011</td>
<td>&nbsp;</td>
<td><strong>Semmelweis University, Budapest, Hungary</strong>, Faculty of Medicine, Medicine, Medical Doctor: summa cum laude</td>
</tr>
<tr>
<td style="vertical-align: top">2006 &#8211; 2010</td>
<td>&nbsp;</td>
<td><strong>Eötvös Loránd University, Budapest, Hungary</strong>, Faculty of Education and Psychology, Psychology BA: excellent (5)</td>
</tr>
<tr>
<td style="vertical-align: top">2000 &#8211; 2004</td>
<td>&nbsp;</td>
<td><strong>Eötvös József Secondary School, Budapest, Hungary</strong>, specialised in Mathematics-English</td>
</tr>
</tbody>
</table>
<h4>PROFESSIONAL EXPERIENCE:</h4>
<table border="0">
<tbody>
<tr>
<td style="vertical-align: top">2009 &#8211; 2011</td>
<td>&nbsp;</td>
<td><strong>Teaching assistant</strong>, Semmelweis University, Budapest, Hungary, Institute of Behavioural Sciences</td>
</tr>
<tr>
<td style="vertical-align: top">2007 &#8211; 2011</td>
<td>&nbsp;</td>
<td><strong>Student Researcher</strong>, Semmelweis University, Budapest, Hungary, Institute of Behavioural Sciences</td>
</tr>
<tr>
<td style="vertical-align: top">2009 febr. &#8211; april</td>
<td>&nbsp;</td>
<td><strong>Research assistant</strong>, Educatio ltd.</td>
</tr>
</tbody>
</table>
<h4>ACCREDITED COURSES:</h4>
<ul>
<li><em>Electroencephalography for psychiatrists and psychologists</em><br />
organized by the The Hungarian Society of Psychophysiology and Health-Psychology, The Institute of Behavioural Sciences of the Semmelweis University and the Insomnia Workgroup of the Hungarian Psychiatric Society<br />
3 October 2007, Budapest</li>
<li><em>Projective drawing analysis</em><br />
organized by Zoltán Vass<br />
October 2006 &#8211; January 2007</li>
</ul>
<h4>RESEARCH INTEREST:</h4>
<ul>
<li>sleeping and cognitive development</li>
<li>psychophysiology of personality</li>
<li>memory and sleeping</li>
<li>temperament and cognitive development</li>
<li>quantitative EEG analysis</li>
</ul>
<h4>SKILLS:</h4>
<p>Computer:</p>
<ul>
<li>ECDL-select</li>
<li>MS-Office</li>
<li>SPSS</li>
<li>Statistica</li>
<li>basic Matlab</li>
<li>Dadisp</li>
<li>Adobe Photoshop, Indesign, Illustrator</li>
</ul>
<p>Others:</p>
<ul>
<li>EEG sleep staging</li>
<li>polysomnography</li>
<li>quantitative EEG analysis</li>
<li>Bayley Scale of Infant Development-scoring</li>
<li>Tester&#8217;s Ratings of Infant Behaviour-scoring</li>
</ul>
<h4>LANGUAGE SKILLS:</h4>
<ul>
<li>Hungarian &#8211; native</li>
<li>English &#8211; advanced (IELTS 8)</li>
<li>French &#8211; intermediate</li>
<li>German &#8211; basic</li>
</ul>
<h4>PUBLICATIONS:</h4>
<p>Simor P.*, <strong>Horváth K.*</strong>, Gombos F., Takács PK., Bódizs R. (in press) Disturbed dreaming and sleep quality: altered sleep architecture in subjects with frequent nightmares. European Archives of Psychiatry and Clinical Neurosciences, DOI 10.1007/s00406-012-0318-7 (*co-first authors)</p>
<p>Simor P., Pajkossy P.,<strong> Horváth K.</strong>, Bódizs R. (2012) Impaired executive functions in subjects with frequent nightmares as reflected by performance in different neuropsychological tasks. Brain and Cognition, 78(3): 274-283.<strong><br />
</strong></p>
<p><a href="http://www.epjournal.net/filestore/EP09244256.pdf"><strong>Horváth K.,</strong> Martos J., Mihalik B., Bódizs R. (2011) Is the social brain theory applicable to human individual differences? Relationship between Sociability personality dimension and brain size. <em>Evolutionary Psychology, 9</em>(2): 244-256.</a></p>
<h4>CONFERENCE ABSTRACTS:</h4>
<p><strong>Horváth K., </strong>Simor P., Sándor P., Vida R., Lihi R., Sulyok Z., Bódizs R.: <em>Spectral sleep EEG features of nightmare sufferers: evidence for a NREM disorder?</em> Ducog 2011; Perception and Learning; The third conference of the Central European Cognitive Science Association, 2011, May 12-15, Dubrovnik<br />
Kis A., Simor P., <strong>Horváth K.</strong>, Bódizs R.: <em>Objective and subjective components of the first night effect.</em> Ducog 2011; Perception and Learning; The third conference of the Central European Cognitive Science Association, 2011, May 12-15, Dubrovnik<br />
<strong>Horváth K., </strong>Martos J., Mihalik, B., Bódizs R.: <em>Is the social brain theory applicable to human individual differences? Relationship between Sociability personality dimension and brain size</em>, 15th World Congress of Psychophysiology, Budapest, 2010<br />
<strong>Horváth K., </strong>Martos J., Mihalik, B., Bódizs R.: <em>Sociability or Extraversion? Neuroanatomic measures as supporting evidence of a basic personality factor</em>, International Brain Research Organization, International Workshop, Pécs, 2010.<br />
<strong>Horváth K., </strong>Martos J., Mihalik, B., Bódizs R.: <em>Szociabilitás vagy Extraverzió? Neuroanatómiai mérések, mint az alapfaktorok lehetséges megerősítő tényezői</em>. The VII. National Congress of the Hungarian Psychiatric Association, Budapest. 2010.</p>
</td>
</tr>
</tbody>
</table>
</td>
</tr>
</tbody>
</table>
<p>&nbsp;</p>

<p>CURRICULUM VITAE Place/date of birth: May 18, 1986, Budapest, Hungary Tel.: (+3630) 4172211 E-mail: <a href="mailto:horv.klara@gmail.com">horv.klara@gmail.com</a> EDUCATION: 2011 &#8211; present &nbsp; University of Oxford, Department of Experimental Psychology, DPhil in Experimental Psychology 2004 &#8211; 2011 &nbsp; Semmelweis University, Budapest, Hungary, Faculty of Medicine, Medicine, Medical Doctor: summa cum laude 2006 &#8211; 2010 &nbsp; Eötvös Loránd University, Budapest, &hellip;</p>
