{"id":585,"date":"2015-12-26T22:02:08","date_gmt":"2015-12-26T21:02:08","guid":{"rendered":"http:\/\/semmelweis.hu\/psychophysiology\/?page_id=585"},"modified":"2016-01-20T15:43:33","modified_gmt":"2016-01-20T14:43:33","slug":"ferenc-gombos","status":"publish","type":"page","link":"https:\/\/semmelweis.hu\/psychophysiology\/people\/external-collaborators\/ferenc-gombos\/","title":{"rendered":"Ferenc Gombos"},"content":{"rendered":"<p><a href=\"https:\/\/semmelweis.hu\/psychophysiology\/files\/2015\/12\/feri.png\" rel=\"attachment wp-att-796\"><img loading=\"lazy\" decoding=\"async\" class=\"wp-image-796 alignright\" src=\"https:\/\/semmelweis.hu\/psychophysiology\/files\/2015\/12\/feri-222x300.png\" alt=\"feri\" width=\"155\" height=\"209\" srcset=\"https:\/\/semmelweis.hu\/psychophysiology\/files\/2015\/12\/feri-222x300.png 222w, https:\/\/semmelweis.hu\/psychophysiology\/files\/2015\/12\/feri.png 323w\" sizes=\"auto, (max-width: 155px) 100vw, 155px\" \/><\/a><\/p>\n<p><strong>PERSONAL INFORMATION<br \/><\/strong><\/p>\n<p>Place, date of birth:\u00a0\u00a0 \u00a0Budapest, 04\/03\/1975<br \/>Address: \u00a0\u00a0 \u00a0Fels\u0151 Z\u00f6ldm\u00e1li \u00fat. 109, 1025 Bp.<br \/>Phone: \u00a0\u00a0 \u00a0+36-(20)-9748-816<br \/>E-mail:\u00a0\u00a0 \u00a0fgombos@freemail.hu<\/p>\n<p>&nbsp;<\/p>\n<p><strong><br \/>EDUCATION<br \/><\/strong><\/p>\n<hr \/>\n<p>Department of Cognitive Sciences, <br \/>BUTE, <strong>Phd. studies in cognitive neurosciences<\/strong>\u00a0\u00a0\u00a0\u00a0\u00a0\u00a0\u00a0\u00a0\u00a0\u00a0\u00a0\u00a0\u00a0\u00a0\u00a0\u00a0\u00a0\u00a0 2006-2009<br \/>Consultant: Prof. Ilona Kov\u00e1cs<br \/>\u00a0\u00a0 \u00a0<br \/>University of Szeged<br \/><strong>MSc. studies in Computer Science\u00a0<\/strong>\u00a0 \u00a0\u00a0\u00a0\u00a0\u00a0\u00a0\u00a0\u00a0\u00a0\u00a0\u00a0\u00a0\u00a0\u00a0\u00a0\u00a0\u00a0\u00a0\u00a0\u00a0\u00a0\u00a0\u00a0\u00a0\u00a0\u00a0\u00a0\u00a0\u00a0\u00a0\u00a0\u00a0\u00a0\u00a0\u00a0\u00a0\u00a0\u00a0 2002-2004<br \/>With an excellent degree<br \/>\u00a0\u00a0 \u00a0<br \/>University of Szeged<br \/><strong>BSc. studies in Computer Science\u00a0<\/strong>\u00a0 \u00a0 \u00a0 \u00a0 \u00a0 \u00a0 \u00a0 \u00a0 \u00a0 \u00a0 \u00a0 \u00a0 \u00a0 \u00a0 \u00a0 \u00a0 \u00a0 \u00a0 \u00a0 \u00a0 \u00a0 1999-2002<\/p>\n<p><strong>Subject of PhD research work:<\/strong><br \/>\u201eSleep EEG analysis in Williams Syndrome: Atypical sleep architecture, altered EEG spectra and accelerated thalamocortical oscillations.\u201d<\/p>\n<p><strong>Subject of degree work:<\/strong><br \/>\u201eAnalyzing and predicting human ECG with learning algorithms.\u201d<\/p>\n<p><strong>SCIENTIFIC CAREER<br \/><\/strong><\/p>\n<hr \/>\n<ul>\n<li><strong>Developmental Neuroscience Laboratory, Department of\u00a0 \u00a0 \u00a0 \u00a0 \u00a0 2013 &#8211;<\/strong><br \/><strong>General Psychology, P\u00e1zm\u00e1ny P\u00e9ter Catholic University<\/strong><br \/>Research Fellow (sleep EEG laboratory manager)<\/li>\n<li><strong>Institute of Behavioral Science, Semmelweis University\u00a0\u00a0 \u00a0\u00a0\u00a0\u00a0\u00a0\u00a0\u00a0\u00a0\u00a0 2014 &#8211;<\/strong><br \/>Constant contributor\/External co-worker (sleep EEG analysis)<\/li>\n<li><strong>Faculty of Electrical Engineering and Informatics, \u00a0\u00a0 \u00a0\u00a0\u00a0\u00a0\u00a0\u00a0\u00a0\u00a0\u00a0\u00a0\u00a0\u00a0 2012 &#8211; 2012<\/strong><br \/><strong>Budapest University of Technology and Economics<\/strong><br \/>Research Assistant (sleep research)<\/li>\n<li><strong>Hungarian Academy of Sciences &#8211; BME\u00a0\u00a0 \u00a0\u00a0\u00a0\u00a0\u00a0\u00a0\u00a0\u00a0\u00a0\u00a0\u00a0\u00a0\u00a0\u00a0\u00a0\u00a0\u00a0\u00a0\u00a0\u00a0\u00a0\u00a0\u00a0\u00a0\u00a0\u00a0\u00a0\u00a0\u00a0\u00a0\u00a0\u00a0\u00a0\u00a0 2009 \u2013 2011<\/strong><br \/><strong>Cognitive Science Research Group<\/strong><br \/>Research Assistant (sleep research)<\/li>\n<li><strong>Social Renewal Operational Programme\u00a0\u00a0 \u00a0 \u00a0 \u00a0 \u00a0 \u00a0 \u00a0 \u00a0 \u00a0 \u00a0 \u00a0 \u00a0 \u00a0 \u00a0 \u00a0 \u00a0 \u00a0\u00a0 2010 \u2013 2011<\/strong><br \/><strong>Budapest University of Technology and Economics<\/strong><br \/>Work Assignment Contract (real-time image processing)<\/li>\n<li><strong>Department of Cognitive Sciences, \u00a0\u00a0 \u00a0\u00a0\u00a0\u00a0\u00a0\u00a0\u00a0\u00a0\u00a0\u00a0\u00a0\u00a0\u00a0\u00a0\u00a0\u00a0\u00a0\u00a0\u00a0\u00a0\u00a0\u00a0\u00a0\u00a0\u00a0\u00a0\u00a0\u00a0\u00a0\u00a0\u00a0\u00a0\u00a0\u00a0\u00a0\u00a0\u00a0\u00a0\u00a0\u00a0\u00a0\u00a0 2006 &#8211; 2008<\/strong><br \/><strong>Budapest University of Technology and Economics\u00a0<\/strong>\u00a0 \u00a0 <br \/>Research Assistant (perceptual learning)<strong><br \/><\/strong><\/li>\n<\/ul>\n<p><strong><br \/>PRIVATE SECTOR CAREER<br \/><\/strong><\/p>\n<hr \/>\n<ul>\n<li><strong>SimpTech\/Bifarma LTD.\u00a0\u00a0 \u00a0<br \/><\/strong>Research group leader in medical image processing\u00a0\u00a0 \u00a0 \u00a0 \u00a0 \u00a0 \u00a0 \u00a0 \u00a0 \u00a0 \u00a0 \u00a0\u00a0 \u00a0 \u00a0 \u00a0 <strong>2012 \u2013<\/strong><br \/>Automatic evaluation of X-Ray, MR and SPECT images<strong><br \/><\/strong><br \/>Researcher in medical image processing\u00a0\u00a0 \u00a0 \u00a0 \u00a0 \u00a0 \u00a0 \u00a0 \u00a0 \u00a0 \u00a0 \u00a0 \u00a0 \u00a0 \u00a0 \u00a0 \u00a0 \u00a0 \u00a0 \u00a0 \u00a0 \u00a0 \u00a0 \u00a0 \u00a0 \u00a0 <strong>2011 \u2013 2012<\/strong><br \/>Automatic evaluation of X-Ray images\n<\/li>\n<li><strong>Dark Angels LTD.\u00a0\u00a0 \u00a02007 \u2013 2011<br \/><\/strong>Software developer + IT manager\n<\/li>\n<li><strong>PannonRex Software Development &amp; Consulting LTD.\u00a0\u00a0 \u00a0 \u00a0 \u00a0 2002-2004<br \/><\/strong>Software developer in the field of 3D optimization<strong><br \/><\/strong><\/li>\n<\/ul>\n<p><strong><br \/>RESEARCH INTERESTS<br \/><\/strong><\/p>\n<hr \/>\n<ul>\n<li>Sleep EEG in Williams Syndrome<\/li>\n<li>Quantitative sleep EEG analysis, HD-EEG analysis<\/li>\n<li>Developing new methods in sleep EEG analysis<\/li>\n<li>Developmental neuroscience, perceptual learning<\/li>\n<li>Signal processing, mathematical optimization<\/li>\n<li>Medical image processing<\/li>\n<\/ul>\n<p><strong>\u00a0<br \/>PROGRAMMING SKILLS<br \/><\/strong><\/p>\n<hr \/>\n<ul>\n<li>Scientific programming: Matlab, Statistica, SPSS, EPrime, Dadisp<\/li>\n<li>C++\/Delphi: twelve+ years of programming experience<\/li>\n<li>Database management systems: MySQL, Oracle, PL\/SQL, Interbase(Firebird)<\/li>\n<li>Software designing techniques: Design Patterns, UML<\/li>\n<li>Project management and source control systems: MS Project, JIRA, SVN<\/li>\n<li>Artificial intelligence, learning algorithms, neural networks<\/li>\n<li>Data mining, genetic algorithms<\/li>\n<li>Image processing: MeVisLab, OpenCascade, Viskit<\/li>\n<\/ul>\n<p><strong><br \/>MANAGEMENT TRAINING<br \/><\/strong><\/p>\n<hr \/>\n<p>Management training (100 hours) at Demmler International LTD.\u00a0\u00a0 \u00a0 \u00a0 \u00a0 \u00a0 \u00a0 \u00a0 \u00a0 \u00a0 \u00a0 \u00a0 \u00a0 <strong>2013.<\/strong><\/p>\n<p>&nbsp;<\/p>\n<p><strong>LANGUAGE SKILLS<br \/><\/strong><\/p>\n<hr \/>\n<ul>\n<li>Hungarian: native<\/li>\n<li>English: advanced<\/li>\n<li>German: basic level<strong><br \/><\/strong><\/li>\n<\/ul>\n<p>&nbsp;<\/p>\n<p><strong>DETAILED LIST OF PUBLICATIONS<br \/><\/strong><\/p>\n<hr \/>\n<p>https:\/\/vm.mtmt.hu\/www\/index.php?AuthorID=10019578<br \/>https:\/\/www.researchgate.net\/profile\/Ferenc_Gombos<\/p>\n<p><strong>Cumulative impact factor: 43.55<\/strong><\/p>\n","protected":false},"excerpt":{"rendered":"<p><a href=\"https:\/\/semmelweis.hu\/psychophysiology\/files\/2015\/12\/feri.png\" rel=\"attachment wp-att-796\"><\/a> PERSONAL INFORMATION Place, date of birth:\u00a0\u00a0 \u00a0Budapest, 04\/03\/1975Address: \u00a0\u00a0 \u00a0Fels\u0151 Z\u00f6ldm\u00e1li \u00fat. 109, 1025 Bp.Phone: \u00a0\u00a0 \u00a0+36-(20)-9748-816E-mail:\u00a0\u00a0 \u00a0fgombos@freemail.hu &nbsp; EDUCATION Department of Cognitive Sciences, BUTE, Phd. studies in cognitive neurosciences\u00a0\u00a0\u00a0\u00a0\u00a0\u00a0\u00a0\u00a0\u00a0\u00a0\u00a0\u00a0\u00a0\u00a0\u00a0\u00a0\u00a0\u00a0 2006-2009Consultant: Prof. Ilona Kov\u00e1cs\u00a0\u00a0 \u00a0University of SzegedMSc. studies in Computer Science\u00a0\u00a0 \u00a0\u00a0\u00a0\u00a0\u00a0\u00a0\u00a0\u00a0\u00a0\u00a0\u00a0\u00a0\u00a0\u00a0\u00a0\u00a0\u00a0\u00a0\u00a0\u00a0\u00a0\u00a0\u00a0\u00a0\u00a0\u00a0\u00a0\u00a0\u00a0\u00a0\u00a0\u00a0\u00a0\u00a0\u00a0\u00a0\u00a0\u00a0 2002-2004With an excellent degree\u00a0\u00a0 \u00a0University of SzegedBSc. studies in Computer Science\u00a0\u00a0 \u00a0 \u00a0 &hellip;<\/p>\n","protected":false},"author":101077,"featured_media":0,"parent":99,"menu_order":0,"comment_status":"closed","ping_status":"closed","template":"","meta":{"_acf_changed":false,"footnotes":""},"categories":[],"tags":[],"class_list":["post-585","page","type-page","status-publish","hentry"],"acf":[],"_links":{"self":[{"href":"https:\/\/semmelweis.hu\/psychophysiology\/wp-json\/wp\/v2\/pages\/585","targetHints":{"allow":["GET"]}}],"collection":[{"href":"https:\/\/semmelweis.hu\/psychophysiology\/wp-json\/wp\/v2\/pages"}],"about":[{"href":"https:\/\/semmelweis.hu\/psychophysiology\/wp-json\/wp\/v2\/types\/page"}],"author":[{"embeddable":true,"href":"https:\/\/semmelweis.hu\/psychophysiology\/wp-json\/wp\/v2\/users\/101077"}],"replies":[{"embeddable":true,"href":"https:\/\/semmelweis.hu\/psychophysiology\/wp-json\/wp\/v2\/comments?post=585"}],"version-history":[{"count":6,"href":"https:\/\/semmelweis.hu\/psychophysiology\/wp-json\/wp\/v2\/pages\/585\/revisions"}],"predecessor-version":[{"id":800,"href":"https:\/\/semmelweis.hu\/psychophysiology\/wp-json\/wp\/v2\/pages\/585\/revisions\/800"}],"up":[{"embeddable":true,"href":"https:\/\/semmelweis.hu\/psychophysiology\/wp-json\/wp\/v2\/pages\/99"}],"wp:attachment":[{"href":"https:\/\/semmelweis.hu\/psychophysiology\/wp-json\/wp\/v2\/media?parent=585"}],"wp:term":[{"taxonomy":"category","embeddable":true,"href":"https:\/\/semmelweis.hu\/psychophysiology\/wp-json\/wp\/v2\/categories?post=585"},{"taxonomy":"post_tag","embeddable":true,"href":"https:\/\/semmelweis.hu\/psychophysiology\/wp-json\/wp\/v2\/tags?post=585"}],"curies":[{"name":"wp","href":"https:\/\/api.w.org\/{rel}","templated":true}]}}