{"id":1694,"date":"2019-09-25T14:06:19","date_gmt":"2019-09-25T12:06:19","guid":{"rendered":"http:\/\/semmelweis.hu\/psychophysiology\/?page_id=1694"},"modified":"2019-09-25T14:18:43","modified_gmt":"2019-09-25T12:18:43","slug":"melinda-becske","status":"publish","type":"page","link":"https:\/\/semmelweis.hu\/psychophysiology\/people\/university-staff\/melinda-becske\/","title":{"rendered":"Melinda Becske, M.A."},"content":{"rendered":"<p>Phone: +36 70 2439428<br \/>\nE-mail: <a href=\"mailto:becske.melinda@gmail.com\">becske.melinda@gmail.com<\/a><\/p>\n<p>Education and training<\/p>\n<p>2019- PhD studies<br \/>\nSemmelweis University, Department of Psychiatry and Psychotherapy<\/p>\n<p>2017-2019 Psychology (MA)<br \/>\nBudapest University of Technology and Economics, Department of Cognitive Science<\/p>\n<p>2014-2017 Psychology (BA)<br \/>\nK\u00e1roli G\u00e1sp\u00e1r University of the Reformed Church in Hungary<\/p>\n<p>2011-2013 English Studies, Applied Linguistics (MA)<br \/>\nUniversity of Debrecen<\/p>\n<p>2010-2011 Teacher of Hungarian Language and Literature (BA)<br \/>\nKyiv Slavonic University<\/p>\n<p><strong>Workplaces<\/strong><\/p>\n<p>01.08.2019 &#8211; Research assistant (part-time)<br \/>\nSemmelweis University, Institute of Behavioural Sciences<\/p>\n<p>01.09.2019 &#8211; PhD student<br \/>\nSemmelweis University, Department of Psychiatry and Psychotherapy<\/p>\n<p><strong>Language proficiency<\/strong><br \/>\nMother tongue &#8211; Hungarian<br \/>\nOther languages &#8211; English and Ukrainian (advanced)<\/p>\n<p><strong>Skills<\/strong><br \/>\nbasic knowledge of SPSS, Ropstat, PsychoPy<br \/>\nbasic programming skills (R, Matlab)<\/p>\n<p>&nbsp;<\/p>\n","protected":false},"excerpt":{"rendered":"<p>Phone: +36 70 2439428 E-mail: <a href=\"mailto:becske.melinda@gmail.com\">becske.melinda@gmail.com<\/a> Education and training 2019- PhD studies Semmelweis University, Department of Psychiatry and Psychotherapy 2017-2019 Psychology (MA) Budapest University of Technology and Economics, Department of Cognitive Science 2014-2017 Psychology (BA) K\u00e1roli G\u00e1sp\u00e1r University of the Reformed Church in Hungary 2011-2013 English Studies, Applied Linguistics (MA) University of Debrecen 2010-2011 Teacher of &hellip;<\/p>\n","protected":false},"author":101277,"featured_media":0,"parent":74,"menu_order":5,"comment_status":"closed","ping_status":"closed","template":"","meta":{"_acf_changed":false,"footnotes":""},"categories":[],"tags":[],"class_list":["post-1694","page","type-page","status-publish","hentry"],"acf":[],"_links":{"self":[{"href":"https:\/\/semmelweis.hu\/psychophysiology\/wp-json\/wp\/v2\/pages\/1694","targetHints":{"allow":["GET"]}}],"collection":[{"href":"https:\/\/semmelweis.hu\/psychophysiology\/wp-json\/wp\/v2\/pages"}],"about":[{"href":"https:\/\/semmelweis.hu\/psychophysiology\/wp-json\/wp\/v2\/types\/page"}],"author":[{"embeddable":true,"href":"https:\/\/semmelweis.hu\/psychophysiology\/wp-json\/wp\/v2\/users\/101277"}],"replies":[{"embeddable":true,"href":"https:\/\/semmelweis.hu\/psychophysiology\/wp-json\/wp\/v2\/comments?post=1694"}],"version-history":[{"count":4,"href":"https:\/\/semmelweis.hu\/psychophysiology\/wp-json\/wp\/v2\/pages\/1694\/revisions"}],"predecessor-version":[{"id":1702,"href":"https:\/\/semmelweis.hu\/psychophysiology\/wp-json\/wp\/v2\/pages\/1694\/revisions\/1702"}],"up":[{"embeddable":true,"href":"https:\/\/semmelweis.hu\/psychophysiology\/wp-json\/wp\/v2\/pages\/74"}],"wp:attachment":[{"href":"https:\/\/semmelweis.hu\/psychophysiology\/wp-json\/wp\/v2\/media?parent=1694"}],"wp:term":[{"taxonomy":"category","embeddable":true,"href":"https:\/\/semmelweis.hu\/psychophysiology\/wp-json\/wp\/v2\/categories?post=1694"},{"taxonomy":"post_tag","embeddable":true,"href":"https:\/\/semmelweis.hu\/psychophysiology\/wp-json\/wp\/v2\/tags?post=1694"}],"curies":[{"name":"wp","href":"https:\/\/api.w.org\/{rel}","templated":true}]}}