{"id":111,"date":"2015-11-18T00:00:00","date_gmt":"2015-11-17T23:00:00","guid":{"rendered":"http:\/\/semmelweis.hu\/psychophysiology\/peter-przemyslaw-ujma\/"},"modified":"2018-08-24T17:51:15","modified_gmt":"2018-08-24T15:51:15","slug":"peter-przemyslaw-ujma","status":"publish","type":"page","link":"https:\/\/semmelweis.hu\/psychophysiology\/people\/university-staff\/peter-przemyslaw-ujma\/","title":{"rendered":"Peter Przemys\u0142aw Ujma, Ph.D."},"content":{"rendered":"<p style=\"text-align: justify\"><em><strong>PERSONAL INFORMATION<a href=\"https:\/\/semmelweis.hu\/psychophysiology\/files\/2015\/11\/passport-photo.jpg\" rel=\"attachment wp-att-717\"><img loading=\"lazy\" decoding=\"async\" class=\" wp-image-717 alignright\" src=\"https:\/\/semmelweis.hu\/psychophysiology\/files\/2015\/11\/passport-photo-220x300.jpg\" alt=\"passport photo\" width=\"139\" height=\"189\" srcset=\"https:\/\/semmelweis.hu\/psychophysiology\/files\/2015\/11\/passport-photo-220x300.jpg 220w, https:\/\/semmelweis.hu\/psychophysiology\/files\/2015\/11\/passport-photo.jpg 385w\" sizes=\"auto, (max-width: 139px) 100vw, 139px\" \/><\/a><\/strong> <\/em><\/p>\n<p style=\"text-align: justify\">DOB:\u00a0\u00a0\u00a0\u00a0\u00a0\u00a0\u00a0\u00a0\u00a0\u00a0\u00a0\u00a0\u00a0\u00a0\u00a0\u00a0\u00a0\u00a0\u00a0\u00a0\u00a0\u00a0\u00a0\u00a0\u00a0\u00a0\u00a0\u00a0\u00a0\u00a0\u00a0\u00a0\u00a0\u00a0\u00a0\u00a0\u00a0\u00a0\u00a0\u00a0\u00a0 11-04-1988<\/p>\n<p style=\"text-align: justify\">Email: \u00a0\u00a0\u00a0\u00a0\u00a0\u00a0\u00a0\u00a0\u00a0\u00a0\u00a0\u00a0\u00a0\u00a0\u00a0\u00a0\u00a0\u00a0\u00a0\u00a0\u00a0\u00a0\u00a0\u00a0\u00a0\u00a0\u00a0\u00a0\u00a0\u00a0\u00a0\u00a0\u00a0\u00a0\u00a0\u00a0\u00a0\u00a0 <a href=\"mailto:peteru@vipmail.hu\">peteru88@gmail.com<\/a><\/p>\n<p style=\"text-align: justify\"><strong><em>EDUCATION<\/em><\/strong><\/p>\n<hr \/>\n<ul style=\"text-align: justify\">\n<li>2011-: PhD studies at Semmelweis University, Budapest, Hungary.<\/li>\n<li>2011-2012: Conference Interpreting postgraduate studies at the Budapest University of Technology and Economics (English, German, Italian).<\/li>\n<li>2009-2011: Cognitive Psychology MA studies at the Budapest University of Technology and Economics.<\/li>\n<li>2006-2009: Psychology BA studies at the P\u00e1zm\u00e1ny P\u00e9ter Catholic University.<\/li>\n<\/ul>\n<p style=\"text-align: justify\"><strong>PROFESSIONAL EXPERIENCE<\/strong><\/p>\n<hr \/>\n<ul style=\"text-align: justify\">\n<li>2015-: assistant lecturer at Semmelweis University, Budapest<\/li>\n<li>2013<strong>-: <\/strong>fellow of the Department of Epileptology of the Hungarian National Institute of Clinical Neuroscience (OKITI).<\/li>\n<li>2012<strong>-: <\/strong>cooperation with the research group of Dr. Martin Dresler at the Max Planck Institute of Psychiatry (Munich, Germany). Processing and analyis of a common all-night EEG database for research about the relationship between individual EEG characteristics and psychometric features.<\/li>\n<li>2010-: cooperation with the joint research department of Semmelweis University (SE) and BME under the supervision of R\u00f3bert B\u00f3dizs. Participation in the research of sleep EEG features and cognition, creation of MATLAB-based statistical analysis tools, and their application in EEG data analysis, extensive translation work (dream journals). PhD student in this research group since 2011.<\/li>\n<li>2009: apprenticeship at the research department of the P\u00e1zm\u00e1ny P\u00e9ter Catholic University (PPKE) under the supervision of Zolt\u00e1n Vidny\u00e1nszky and his team. Participation in EEG-based vision research experiments, with a minor insight to MR-based research methods.<\/li>\n<li>2008: apprenticeship at the electrophysiological research department of the Budapest Technical University (BME) under the supervision of Gyula Kov\u00e1cs and M\u00e1rta Zimmer. Participation in EEG-based vision research experiments.<\/li>\n<\/ul>\n<p style=\"text-align: justify\"><strong>TEACHINGS<br \/>\n<\/strong><\/p>\n<hr \/>\n<ul style=\"text-align: justify\">\n<li>2012-: lecturer at Kodol\u00e1nyi J\u00e1nos University College (various psychology-related subjects)<\/li>\n<li>2011-: lecturer at Semmelweis University (Medical Psychology, Medical Communication)<\/li>\n<\/ul>\n<p style=\"text-align: justify\"><strong>ACHIEVEMENTS<br \/>\n<\/strong><\/p>\n<hr \/>\n<ul style=\"text-align: justify\">\n<li>2015: 1<sup>st<\/sup> prize of the Semmelweis Friends\u2019 Association (Semmelweis Bar\u00e1ti K\u00f6r)<\/li>\n<li>2015: Award for Excellence in Research by the Mensa Foundation<\/li>\n<li>2014: Semmelweis University PhD Conference 1<sup>st<\/sup> prize<\/li>\n<li>2014: Honourable Mention Award at Gordon Research Conferences: Sleep Regulation &amp; Function (Galveston, Texas)<\/li>\n<li>2011: 1st place at the TDK (Hungarian national university-level scientific competition) at the Budapest University of Technology and Economics, in Foreign Languages (English)<\/li>\n<li>2011: supported author of the Ducog 3 international conference of the Central European Cognitive Science Association<\/li>\n<li>2010: awarded author of the article writing contest of the journal Mindennapi Pszichol\u00f3gia<\/li>\n<li>2006: 14th place and Honorable Mention at the XIV. International Philosophy Olympiad (Cosenza, Italy)<\/li>\n<li>2006: 3rd place at the OKTV (Hungarian national high school competition) in Philosophy<\/li>\n<\/ul>\n<p style=\"text-align: justify\"><strong>SKILLS<\/strong><\/p>\n<ul style=\"text-align: justify\">\n<li>Experience in experimental work and the statistical analysis of data<\/li>\n<li>MATLAB programming skills<\/li>\n<li>EEG signal processing skills (visual scoring and creating automatic processing algorithms)<\/li>\n<\/ul>\n<p style=\"text-align: justify\"><strong><em>LANGUAGE SKILLS<\/em><\/strong><\/p>\n<hr \/>\n<ul style=\"text-align: justify\">\n<li>Hungarian: native<\/li>\n<li>English: advanced (C1)<\/li>\n<li>German: advanced (C1)<\/li>\n<li>Italian: advanced (C1)<\/li>\n<\/ul>\n<p style=\"text-align: justify\"><strong><em>PUBLICATIONS<\/em><\/strong><\/p>\n<hr \/>\n<ul>\n<li style=\"text-align: justify\">P\u00e9ter Simor, Kl\u00e1ra Horv\u00e1th, P\u00e9ter P. Ujma, R\u00f3bert B\u00f3dizs (2013). Increased alpha power indicates wake-like EEG oscillations during different sleep stages in nightmare disorder. Biological Psychology 94:592-600.<\/li>\n<li style=\"text-align: justify\">P\u00e9ter Simor, J\u00e1nos K\u00f6rmendi, Kl\u00e1ra Horv\u00e1th, Ferenc Gombos, P\u00e9ter P. Ujma, R\u00f3bert B\u00f3dizs (2014). Electroencephalographic and Autonomic Alterations in Nightmare Disorder during Pre-and Post-REM periods. Brain and Cognition 91C:62-70.<\/li>\n<li style=\"text-align: justify\">P\u00e9ter P. Ujma, Boris Konrad, Lisa Genzel, Annabell Bleifuss, P\u00e9ter Simor, Adri\u00e1n P\u00f3t\u00e1ri, J\u00e1nos K\u00f6rmendi, Ferenc Gombos, Axel Steiger, R\u00f3bert B\u00f3dizs, Martin Dresler (2014). Sleep spindles and intelligence: Evidence for a sexual dimorphism. The Journal of Neuroscience, 34(49):16358-68.<\/li>\n<li style=\"text-align: justify\">R\u00f3bert B\u00f3dizs, Ferenc Gombos, P\u00e9ter P. Ujma, Ilona Kov\u00e1cs (2014). Sleep spindling and fluid intelligence across adolescent development: sex matters. Frontiers in Human Neuroscience, 8:952.<\/li>\n<li style=\"text-align: justify\">P\u00e9ter Przemyslaw Ujma, P\u00e9ter Simor, Ferri Raffaele, D\u00e1niel Fab\u00f3, Anna Kelemen, Lor\u00e1nd Er\u0151ss, R\u00f3bert B\u00f3dizs, P\u00e9ter Hal\u00e1sz (2015). Increased interictal spike activity associated with transient slow wave trains during non-rapid eye movement sleep. Sleep and Biological Rhythms. 13: 155\u2013162.<\/li>\n<li style=\"text-align: justify\">P\u00e9ter Przemyslaw Ujma, Ferenc Gombos, Lisa Genzel, Boris Nikolai Konrad, P\u00e9ter Simor, Axel Steiger, Martin Dresler, R\u00f3bert B\u00f3dizs (2015). A comparison of two sleep spindle detection methods based on all night averages: individually adjusted versus fixed frequencies. Frontiers in Human Neuroscience, 9:52.<\/li>\n<li style=\"text-align: justify\">P\u00e9ter Przemyslaw Ujma, R\u00f3bert B\u00f3dizs, Ferenc Gombos, Johannes Stintzing, Boris N. Konrad, Lisa Genzel, Axel Steiger, Martin Dresler (2015). Nap sleep spindle correlates of intelligence. Scientific Reports, 5:17159<\/li>\n<\/ul>\n<p><a href=\"https:\/\/semmelweis.hu\/psychophysiology\/files\/2015\/11\/UJMA.jpg\" rel=\"attachment wp-att-721\"><img loading=\"lazy\" decoding=\"async\" class=\"size-full wp-image-721 alignright\" src=\"https:\/\/semmelweis.hu\/psychophysiology\/files\/2015\/11\/UJMA.jpg\" alt=\"UJMA\" width=\"193\" height=\"91\" \/><\/a><a href=\"https:\/\/vm.mtmt.hu\/\/search\/slist.php?nwi=1&amp;inited=1&amp;ty_on=1&amp;url_on=1&amp;cite_type=2&amp;orderby=3D1a&amp;lang=1&amp;location=mtmt&amp;stn=1&amp;AuthorID=10039595\" target=\"_blank\" rel=\"noopener\"><strong>All publications<\/strong><\/a><\/p>\n<p>&nbsp;<\/p>\n","protected":false},"excerpt":{"rendered":"<p>PERSONAL INFORMATION <a href=\"https:\/\/semmelweis.hu\/psychophysiology\/files\/2015\/11\/passport-photo.jpg\" rel=\"attachment wp-att-717\"><\/a> DOB:\u00a0\u00a0\u00a0\u00a0\u00a0\u00a0\u00a0\u00a0\u00a0\u00a0\u00a0\u00a0\u00a0\u00a0\u00a0\u00a0\u00a0\u00a0\u00a0\u00a0\u00a0\u00a0\u00a0\u00a0\u00a0\u00a0\u00a0\u00a0\u00a0\u00a0\u00a0\u00a0\u00a0\u00a0\u00a0\u00a0\u00a0\u00a0\u00a0\u00a0\u00a0 11-04-1988 Email: \u00a0\u00a0\u00a0\u00a0\u00a0\u00a0\u00a0\u00a0\u00a0\u00a0\u00a0\u00a0\u00a0\u00a0\u00a0\u00a0\u00a0\u00a0\u00a0\u00a0\u00a0\u00a0\u00a0\u00a0\u00a0\u00a0\u00a0\u00a0\u00a0\u00a0\u00a0\u00a0\u00a0\u00a0\u00a0\u00a0\u00a0\u00a0 <a href=\"mailto:peteru@vipmail.hu\">peteru88@gmail.com<\/a> EDUCATION 2011-: PhD studies at Semmelweis University, Budapest, Hungary. 2011-2012: Conference Interpreting postgraduate studies at the Budapest University of Technology and Economics (English, German, Italian). 2009-2011: Cognitive Psychology MA studies at the Budapest University of Technology and Economics. 2006-2009: Psychology BA studies at the P\u00e1zm\u00e1ny P\u00e9ter Catholic University. PROFESSIONAL &hellip;<\/p>\n","protected":false},"author":101277,"featured_media":0,"parent":74,"menu_order":1,"comment_status":"closed","ping_status":"closed","template":"","meta":{"_acf_changed":false,"footnotes":""},"categories":[],"tags":[],"class_list":["post-111","page","type-page","status-publish","hentry"],"acf":[],"_links":{"self":[{"href":"https:\/\/semmelweis.hu\/psychophysiology\/wp-json\/wp\/v2\/pages\/111","targetHints":{"allow":["GET"]}}],"collection":[{"href":"https:\/\/semmelweis.hu\/psychophysiology\/wp-json\/wp\/v2\/pages"}],"about":[{"href":"https:\/\/semmelweis.hu\/psychophysiology\/wp-json\/wp\/v2\/types\/page"}],"author":[{"embeddable":true,"href":"https:\/\/semmelweis.hu\/psychophysiology\/wp-json\/wp\/v2\/users\/101277"}],"replies":[{"embeddable":true,"href":"https:\/\/semmelweis.hu\/psychophysiology\/wp-json\/wp\/v2\/comments?post=111"}],"version-history":[{"count":11,"href":"https:\/\/semmelweis.hu\/psychophysiology\/wp-json\/wp\/v2\/pages\/111\/revisions"}],"predecessor-version":[{"id":1105,"href":"https:\/\/semmelweis.hu\/psychophysiology\/wp-json\/wp\/v2\/pages\/111\/revisions\/1105"}],"up":[{"embeddable":true,"href":"https:\/\/semmelweis.hu\/psychophysiology\/wp-json\/wp\/v2\/pages\/74"}],"wp:attachment":[{"href":"https:\/\/semmelweis.hu\/psychophysiology\/wp-json\/wp\/v2\/media?parent=111"}],"wp:term":[{"taxonomy":"category","embeddable":true,"href":"https:\/\/semmelweis.hu\/psychophysiology\/wp-json\/wp\/v2\/categories?post=111"},{"taxonomy":"post_tag","embeddable":true,"href":"https:\/\/semmelweis.hu\/psychophysiology\/wp-json\/wp\/v2\/tags?post=111"}],"curies":[{"name":"wp","href":"https:\/\/api.w.org\/{rel}","templated":true}]}}