{"id":97,"date":"2012-12-07T13:30:28","date_gmt":"2012-12-07T12:30:28","guid":{"rendered":"http:\/\/semmelweis-egyetem.hu\/propedeutika\/?page_id=97"},"modified":"2024-11-20T14:43:57","modified_gmt":"2024-11-20T13:43:57","slug":"tetelsor","status":"publish","type":"page","link":"https:\/\/semmelweis.hu\/propedeutika\/oktatas\/fogaszati-altalanos-propedeutika\/tetelsor\/","title":{"rendered":"T\u00e9telsor"},"content":{"rendered":"<p><strong>Fog\u00e1szati \u00e1ltal\u00e1nos propedeutika t\u00e9telsor 2019-t\u0151l:\u00a0<\/strong><\/p>\n<ol>\n<li>\n<p><strong>A\u00a0 caries feloszt\u00e1sa k\u00fcl\u00f6nf\u00e9le rendszerek alapj\u00e1n. <\/strong><\/p>\n<\/li>\n<li>\n<p><strong>A caries incipiens jellemz\u0151i \u00e9s kezel\u00e9si lehet\u0151s\u00e9gei. <\/strong><\/p>\n<\/li>\n<li>\n<p><strong>A dentincaries jellemz\u00e9se. <\/strong><\/p>\n<\/li>\n<li>\n<p><strong>A fog\u00e1gybetegs\u00e9g form\u00e1i, pathol\u00f3gi\u00e1ja, diagnosztik\u00e1ja. <\/strong><\/p>\n<\/li>\n<li>\n<p><strong>A n\u00e9peg\u00e9szs\u00e9g\u00fcgy t\u00f6rt\u00e9nete Eur\u00f3p\u00e1ban \u00e9s Magyarorsz\u00e1gon. <\/strong><\/p>\n<\/li>\n<li>\n<p><strong>Or\u00e1lis param\u00e9terek vizsg\u00e1lat\u00e1hoz haszn\u00e1lt index sz\u00e1mok. <\/strong><\/p>\n<\/li>\n<li>\n<p><strong>A fog\u00e1szati kezel\u0151egys\u00e9g fel\u00e9p\u00edt\u00e9se.<\/strong><\/p>\n<\/li>\n<li>\n<p><strong>A fog\u00e1szatban haszn\u00e1lt forg\u00f3 \u00e9s k\u00e9zi m\u0171szerek csoportos\u00edt\u00e1sa \u00e9s jellemz\u00e9se.<\/strong><\/p>\n<\/li>\n<li>\n<p><strong>A fog\u00e1szati rendel\u0151 berendez\u00e9s\u00e9vel szemben t\u00e1masztott k\u00f6vetelm\u00e9nyek.<\/strong><\/p>\n<\/li>\n<li>\n<p><strong>A kontamin\u00e1ci\u00f3 \u00e9s keresztfert\u0151z\u00e9s fogalma.<br \/>\n<\/strong><strong style=\"font-size: 1rem\">A fog\u00e1szatban el\u0151fordul\u00f3 leggyakoribb fert\u0151z\u00e9sek.<\/strong><\/p>\n<\/li>\n<li>\n<p><strong>A fog\u00e1szatban elk\u00fcl\u00f6n\u00edthet\u0151 higi\u00e9n\u00e9s z\u00f3n\u00e1k.<\/strong><\/p>\n<\/li>\n<li>\n<p><strong>A fert\u0151tlen\u00edt\u00e9s fogalma \u00e9s alkalmaz\u00e1si ter\u00fcletei a fog\u00e1szatban.<\/strong><\/p>\n<\/li>\n<li>\n<p><strong>A steriliz\u00e1l\u00e1s fogalma \u00e9s fog\u00e1szati alkalmaz\u00e1sa.<\/strong><\/p>\n<\/li>\n<li>\n<p><strong>Fogak jel\u00f6l\u00e9se. Nevezetes s\u00edkok, ir\u00e1nyok a fog\u00e1szatban.<\/strong><\/p>\n<\/li>\n<li>\n<p><strong>A frontfogak makroszk\u00f3pos anat\u00f3mi\u00e1ja.<\/strong><\/p>\n<\/li>\n<li>\n<p><strong>A kis\u0151rl\u0151 fogak makroszk\u00f3pos anat\u00f3mi\u00e1ja.<\/strong><\/p>\n<\/li>\n<li>\n<p><strong>A nagy\u0151rl\u0151 fogak makroszk\u00f3pos anat\u00f3mi\u00e1ja.<\/strong><\/p>\n<\/li>\n<li>\n<p><strong>Minim\u00e1linvaz\u00edv technik\u00e1k az \u00fcregalak\u00edt\u00e1sban.<\/strong><\/p>\n<\/li>\n<li>\n<p><strong>A caries infiltr\u00e1ci\u00f3s mikroinvaz\u00edv technika alkalmaz\u00e1sa.<\/strong><\/p>\n<\/li>\n<li>\n<p><strong>A Black-elvek alkalmaz\u00e1sa az \u00fcregalak\u00edt\u00e1sban. A kavit\u00e1s alak\u00edt\u00e1ssal kapcsolatos felsz\u00ednek, falak, \u00e9lek, sz\u00f6gletek nevei<\/strong><\/p>\n<\/li>\n<li>\n<p><strong>A plakkelt\u00e1vol\u00edt\u00e1s jelent\u0151s\u00e9ge \u00e9s lehet\u0151s\u00e9gei.<\/strong><\/p>\n<\/li>\n<li>\n<p><strong>A mechanikai plakk-kontroll krit\u00e9riumai, technik\u00e1i \u00e9s eszk\u00f6zei.<\/strong><\/p>\n<\/li>\n<li>\n<p><strong>Az interdent\u00e1lis tiszt\u00edt\u00e1s jelent\u0151s\u00e9ge, az interdent\u00e1lis tiszt\u00edt\u00f3eszk\u00f6z\u00f6k \u00e9s azok alkalmaz\u00e1sa.<\/strong><\/p>\n<\/li>\n<li>\n<p><strong>A gingiv\u00e1lis sulcus tiszt\u00edt\u00e1s jelent\u0151s\u00e9ge, eszk\u00f6zei \u00e9s azok alkalmaz\u00e1sa. <\/strong><\/p>\n<\/li>\n<li>\n<p><strong>A r\u00f6gz\u00edtett fogp\u00f3tl\u00e1sok t\u00edpusai.<\/strong><\/p>\n<\/li>\n<li>\n<p><strong>A csonkel\u0151k\u00e9sz\u00edt\u00e9s szab\u00e1lyai. <\/strong><\/p>\n<\/li>\n<li>\n<p><strong>A kivehet\u0151 fogp\u00f3tl\u00e1sok t\u00edpusai. <\/strong><\/p>\n<\/li>\n<li>\n<p><strong>A fogelveszt\u00e9s okai \u00e9s k\u00f6vetkezm\u00e9nyei.<\/strong><\/p>\n<\/li>\n<li>\n<p><strong>A dentoalveol\u00e1ris seb\u00e9szet t\u00e1rgyk\u00f6rei \u2013 impakt\u00e1lt \u00e9s retin\u00e1lt fogak fogalma. A leggyakrabban v\u00e9gzett sz\u00e1jseb\u00e9szeti beavatkoz\u00e1sok<\/strong><\/p>\n<\/li>\n<li>\n<p><strong>Az arc- \u00e1llcsont seb\u00e9szeti beavatkoz\u00e1sok csoportos\u00edt\u00e1sa. Seb\u00e9szeti bemosakod\u00e1s. <\/strong><\/p>\n<\/li>\n<li>\n<p><strong>Rajzolja le a fecskend\u0151 \u00e9s a t\u0171 r\u00e9szeit \u00e9s hat\u00e1rozza meg azok m\u00e9reteit.<\/strong><\/p>\n<\/li>\n<li>\n<p><strong>A fog\u00e1szati \u00e9rz\u00e9stelen\u00edt\u00e9s \u00e1ltal\u00e1nos szab\u00e1lyai \u00e9s fajt\u00e1i.<\/strong><\/p>\n<\/li>\n<li>\n<p><strong>A fog\u00e1szati kezel\u0151egys\u00e9g, \u00e9s a seb\u00e9szeti m\u0171t\u0151 \u00f6sszehasonl\u00edt\u00e1sa.<\/strong><\/p>\n<\/li>\n<li>\n<p><strong>K\u00e9zhigi\u00e9n\u00e9s szab\u00e1lyok a fog\u00e1szati rendel\u0151ben. <\/strong><\/p>\n<\/li>\n<li>\n<p><strong>Black oszt\u00e1lyok, \u00e9s az oszt\u00e1lyoz\u00e1s alapja<\/strong><\/p>\n<\/li>\n<li>\n<p><strong>Mik a caries predilekci\u00f3s helyek, mi\u00e9rt predilekci\u00f3s helyek, \u00e9s hol tal\u00e1lhat\u00f3ak a fogfelsz\u00ednen?<\/strong><\/p>\n<\/li>\n<li>\n<p><strong>Cavit\u00e1s tervez\u00e9si m\u00f3dok \u00e9s r\u00f6vid le\u00edr\u00e1suk<\/strong><\/p>\n<\/li>\n<li>\n<p><strong>Az \u00fcregel\u0151k\u00e9sz\u00edt\u00e9s primer f\u00e1zisai, az egyes f\u00e1zisok defin\u00edci\u00f3ja<\/strong><\/p>\n<\/li>\n<li>\n<p><strong>Az \u00fcregalak\u00edt\u00e1s secunder f\u00e1zisai, az egyes f\u00e1zisok le\u00edr\u00e1sa.<\/strong><\/p>\n<\/li>\n<li>\n<p><strong>A ciszta fogalma. A fog\u00e1szati implant\u00e1tum. <\/strong><\/p>\n<\/li>\n<li>\n<p><strong>Black f\u00e9le \u00fcregalak\u00edt\u00e1s kontra minim\u00e1linvaz\u00edv prepar\u00e1l\u00e1s.<\/strong><\/p>\n<\/li>\n<li>\n<p><strong>Mikroinvaz\u00edv elj\u00e1r\u00e1sok a caries prevenci\u00f3ban \u00e9s a ter\u00e1pi\u00e1ban. <\/strong><\/p>\n<\/li>\n<li>\n<p><strong>Caries diagnosztika. Alternat\u00edv caries diagnosztikai rendszerek. <\/strong><\/p>\n<\/li>\n<li>\n<p><strong>A tejfogak \u00e9s a marad\u00f3 fogak megjelen\u00e9se a sz\u00e1j\u00fcregben<\/strong><\/p>\n<\/li>\n<li>\n<p><strong>Cs\u00edrahi\u00e1ny, impactalt, retine\u00e1lt fogak, persist\u00e1l\u00f3 tejfogak<\/strong><\/p>\n<\/li>\n<li>\n<p><strong>A kivehet\u0151 fogszab\u00e1lyoz\u00f3 k\u00e9sz\u00fcl\u00e9kek t\u00edpusai \u00e9s f\u0151bb r\u00e9szei<\/strong><\/p>\n<\/li>\n<li>\n<p><strong>A r\u00f6gz\u00edtett fogszab\u00e1lyoz\u00f3 k\u00e9sz\u00fcl\u00e9k (multiband) r\u00e9szei<\/strong><\/p>\n<\/li>\n<li>\n<p><strong>Az Angle-f\u00e9le diagnosztikai rendszer<\/strong><\/p>\n<\/li>\n<li>\n<p><strong>Hullad\u00e9kkezel\u00e9s a fog\u00e1szati rendel\u0151ben. K\u00f6rnyezetv\u00e9delmi szempontok. <\/strong><\/p>\n<\/li>\n<li>\n<p><strong>T\u0171sz\u00far\u00e1sos balesetek \u00e9s azok megel\u0151z\u00e9se. <\/strong><\/p>\n<\/li>\n<li>\n<p><strong>Csonkprepar\u00e1ci\u00f3s form\u00e1k<\/strong><\/p>\n<\/li>\n<li>\n<p><strong>Csonkprepar\u00e1l\u00e1ssal szemben t\u00e1masztott k\u00f6vetelm\u00e9nyek<\/strong><\/p>\n<\/li>\n<\/ol>\n","protected":false},"excerpt":{"rendered":"<p>Fog\u00e1szati \u00e1ltal\u00e1nos propedeutika t\u00e9telsor 2019-t\u0151l:\u00a0 A\u00a0 caries feloszt\u00e1sa k\u00fcl\u00f6nf\u00e9le rendszerek alapj\u00e1n. A caries incipiens jellemz\u0151i \u00e9s kezel\u00e9si lehet\u0151s\u00e9gei. A dentincaries jellemz\u00e9se. A fog\u00e1gybetegs\u00e9g form\u00e1i, pathol\u00f3gi\u00e1ja, diagnosztik\u00e1ja. A n\u00e9peg\u00e9szs\u00e9g\u00fcgy t\u00f6rt\u00e9nete Eur\u00f3p\u00e1ban \u00e9s Magyarorsz\u00e1gon. Or\u00e1lis param\u00e9terek vizsg\u00e1lat\u00e1hoz haszn\u00e1lt index sz\u00e1mok. A fog\u00e1szati kezel\u0151egys\u00e9g fel\u00e9p\u00edt\u00e9se. A fog\u00e1szatban haszn\u00e1lt forg\u00f3 \u00e9s k\u00e9zi m\u0171szerek csoportos\u00edt\u00e1sa \u00e9s jellemz\u00e9se. A fog\u00e1szati rendel\u0151 &hellip;<\/p>\n","protected":false},"author":141,"featured_media":0,"parent":1523,"menu_order":3,"comment_status":"closed","ping_status":"closed","template":"","meta":{"_acf_changed":false,"footnotes":""},"categories":[],"tags":[],"class_list":["post-97","page","type-page","status-publish","hentry"],"acf":[],"_links":{"self":[{"href":"https:\/\/semmelweis.hu\/propedeutika\/wp-json\/wp\/v2\/pages\/97","targetHints":{"allow":["GET"]}}],"collection":[{"href":"https:\/\/semmelweis.hu\/propedeutika\/wp-json\/wp\/v2\/pages"}],"about":[{"href":"https:\/\/semmelweis.hu\/propedeutika\/wp-json\/wp\/v2\/types\/page"}],"author":[{"embeddable":true,"href":"https:\/\/semmelweis.hu\/propedeutika\/wp-json\/wp\/v2\/users\/141"}],"replies":[{"embeddable":true,"href":"https:\/\/semmelweis.hu\/propedeutika\/wp-json\/wp\/v2\/comments?post=97"}],"version-history":[{"count":10,"href":"https:\/\/semmelweis.hu\/propedeutika\/wp-json\/wp\/v2\/pages\/97\/revisions"}],"predecessor-version":[{"id":2247,"href":"https:\/\/semmelweis.hu\/propedeutika\/wp-json\/wp\/v2\/pages\/97\/revisions\/2247"}],"up":[{"embeddable":true,"href":"https:\/\/semmelweis.hu\/propedeutika\/wp-json\/wp\/v2\/pages\/1523"}],"wp:attachment":[{"href":"https:\/\/semmelweis.hu\/propedeutika\/wp-json\/wp\/v2\/media?parent=97"}],"wp:term":[{"taxonomy":"category","embeddable":true,"href":"https:\/\/semmelweis.hu\/propedeutika\/wp-json\/wp\/v2\/categories?post=97"},{"taxonomy":"post_tag","embeddable":true,"href":"https:\/\/semmelweis.hu\/propedeutika\/wp-json\/wp\/v2\/tags?post=97"}],"curies":[{"name":"wp","href":"https:\/\/api.w.org\/{rel}","templated":true}]}}