{"id":3043,"date":"2026-07-24T09:30:42","date_gmt":"2026-07-24T07:30:42","guid":{"rendered":"https:\/\/semmelweis.hu\/propedeutika\/?page_id=3043"},"modified":"2026-08-11T08:07:43","modified_gmt":"2026-08-11T06:07:43","slug":"imre-foeldvari-laboratorium","status":"publish","type":"page","link":"https:\/\/semmelweis.hu\/propedeutika\/de\/einfuhrung-in-den-lehrstuhl-fur-propadeutik\/imre-foeldvari-laboratorium\/","title":{"rendered":"F\u00f6ldv\u00e1ri Imre Laboratorium"},"content":{"rendered":"<p>Unser im Jahr 2025 renoviertes Lehrlabor befindet sich im zweiten Obergeschoss des Bildungszentrums. Die neue Einrichtung bietet Platz f\u00fcr bis zu 39 Studierende und dient in Zusammenarbeit mit unserem Institut als Veranstaltungsort f\u00fcr die praktische Lehre in den Lehrveranstaltungen Zahn\u00e4rztliche Allgemeine Prop\u00e4deutik sowie Odontotechnologie und prothetische Prop\u00e4deutik.<\/p>\n<p>Jeder Studierendenarbeitsplatz ist mit einer zahn\u00e4rztlichen Behandlungseinheit, einem Phantompatienten, einem vollst\u00e4ndigen Satz zahn\u00e4rztlicher Instrumente sowie zahntechnischer Laborausstattung ausgestattet. Der Unterricht wird zus\u00e4tzlich durch moderne digitale Technologien unterst\u00fctzt, sodass die Studierenden Vorlesungen und Demonstrationsvideos auf individuellen Bildschirmen an ihren Arbeitspl\u00e4tzen verfolgen k\u00f6nnen.<\/p>\n\n        [slb_exclude]\n        <div class=\"row galeria-wrapper mx-0 h-auto\">\n            <div class=\"col-9 pl-0 pr-2\">\n            <span class=\"gallery-item frame\">\n\t\t\t\t<div class=\"galeria-left-img\"><a href=\"https:\/\/semmelweis.hu\/propedeutika\/files\/2025\/09\/Foldvari-5-scaled.jpg\"><img src=https:\/\/semmelweis.hu\/propedeutika\/files\/2025\/09\/Foldvari-5-scaled.jpg  \n                            alt=\"\" \n                            class=\"attachment-sote-gallery-big size-sote-gallery-big\" \n                            srcset=\"https:\/\/semmelweis.hu\/propedeutika\/files\/2025\/09\/Foldvari-5-400x267.jpg 400w, https:\/\/semmelweis.hu\/propedeutika\/files\/2025\/09\/Foldvari-5-1024x683.jpg 1024w, https:\/\/semmelweis.hu\/propedeutika\/files\/2025\/09\/Foldvari-5-768x512.jpg 768w, https:\/\/semmelweis.hu\/propedeutika\/files\/2025\/09\/Foldvari-5-1536x1024.jpg 1536w, https:\/\/semmelweis.hu\/propedeutika\/files\/2025\/09\/Foldvari-5-2048x1365.jpg 2048w, https:\/\/semmelweis.hu\/propedeutika\/files\/2025\/09\/Foldvari-5-753x502.jpg 753w, https:\/\/semmelweis.hu\/propedeutika\/files\/2025\/09\/Foldvari-5-203x135.jpg 203w\" ><\/a><\/div>\n            <\/span>\n\n            <\/div>\n\n\t\t\t<div class=\"col-3 pl-0 pr-0\">\n\t\t\t\t<div class=\"galeria-right-img d-flex justify-content-between flex-column h-100 w-100 px-0 mx-0 \">\n                <div class=\"galeria-box\">\n\t\t\t\t\t<h3 class=\"galeria-title\">Gal\u00e9ria<\/h3>\n\t\t\t\t\t<div class=\"galeria-subtitle\">\n\n\t\t\t\t\t\t<div class=\"galeria-page-counter\"><span>5<\/span>k\u00e9p<\/div>\n                    <\/div> <\/div>\n                    <span class=\"gallery-item frame d-none d-md-flex\">\n\t\t\t\t\t<div class=\"galeria-small-img mt-0\"><a href=\"https:\/\/semmelweis.hu\/propedeutika\/files\/2025\/09\/Foldvari-4-scaled.jpg\"><img src=https:\/\/semmelweis.hu\/propedeutika\/files\/2025\/09\/Foldvari-4-scaled.jpg \n                                alt=\"\"  \n                                class=\"attachment-sote-gallery-small size-sote-gallery-small\" \n                                srcset=\"https:\/\/semmelweis.hu\/propedeutika\/files\/2025\/09\/Foldvari-4-400x267.jpg 400w, https:\/\/semmelweis.hu\/propedeutika\/files\/2025\/09\/Foldvari-4-1024x683.jpg 1024w, https:\/\/semmelweis.hu\/propedeutika\/files\/2025\/09\/Foldvari-4-768x512.jpg 768w, https:\/\/semmelweis.hu\/propedeutika\/files\/2025\/09\/Foldvari-4-1536x1024.jpg 1536w, https:\/\/semmelweis.hu\/propedeutika\/files\/2025\/09\/Foldvari-4-2048x1365.jpg 2048w, https:\/\/semmelweis.hu\/propedeutika\/files\/2025\/09\/Foldvari-4-753x502.jpg 753w, https:\/\/semmelweis.hu\/propedeutika\/files\/2025\/09\/Foldvari-4-203x135.jpg 203w\" ><\/a><\/div>\n                    <\/span>\n                    <span class=\"gallery-item frame d-none d-md-flex\">\n\t\t\t\t\t<div class=\"galeria-small-img mt-0\"><a href=\"https:\/\/semmelweis.hu\/propedeutika\/files\/2025\/09\/Foldvari-3-scaled.jpg\"><img src=https:\/\/semmelweis.hu\/propedeutika\/files\/2025\/09\/Foldvari-3-scaled.jpg \n                                alt=\"\" \n                                class=\"attachment-sote-gallery-small size-sote-gallery-small\" \n                                srcset=\"https:\/\/semmelweis.hu\/propedeutika\/files\/2025\/09\/Foldvari-3-400x267.jpg 400w, https:\/\/semmelweis.hu\/propedeutika\/files\/2025\/09\/Foldvari-3-1024x683.jpg 1024w, https:\/\/semmelweis.hu\/propedeutika\/files\/2025\/09\/Foldvari-3-768x512.jpg 768w, https:\/\/semmelweis.hu\/propedeutika\/files\/2025\/09\/Foldvari-3-1536x1024.jpg 1536w, https:\/\/semmelweis.hu\/propedeutika\/files\/2025\/09\/Foldvari-3-2048x1365.jpg 2048w, https:\/\/semmelweis.hu\/propedeutika\/files\/2025\/09\/Foldvari-3-753x502.jpg 753w, https:\/\/semmelweis.hu\/propedeutika\/files\/2025\/09\/Foldvari-3-203x135.jpg 203w\" ><\/a><\/div>\n                    <\/span>\n\n                <\/div>\n\n            <\/div>\n\n            <span class=\"gallery-item\"><div class=\"hidden\"><a href=\"https:\/\/semmelweis.hu\/propedeutika\/files\/2025\/09\/Foldvari-2-scaled.jpg\">\n        <img src=https:\/\/semmelweis.hu\/propedeutika\/files\/2025\/09\/Foldvari-2-scaled.jpg alt=\"\" class=\"attachment-sote-gallery-big size-sote-gallery-big\" srcset=\"https:\/\/semmelweis.hu\/propedeutika\/files\/2025\/09\/Foldvari-2-400x267.jpg 400w, https:\/\/semmelweis.hu\/propedeutika\/files\/2025\/09\/Foldvari-2-1024x683.jpg 1024w, https:\/\/semmelweis.hu\/propedeutika\/files\/2025\/09\/Foldvari-2-768x512.jpg 768w, https:\/\/semmelweis.hu\/propedeutika\/files\/2025\/09\/Foldvari-2-1536x1024.jpg 1536w, https:\/\/semmelweis.hu\/propedeutika\/files\/2025\/09\/Foldvari-2-2048x1365.jpg 2048w, https:\/\/semmelweis.hu\/propedeutika\/files\/2025\/09\/Foldvari-2-753x502.jpg 753w, https:\/\/semmelweis.hu\/propedeutika\/files\/2025\/09\/Foldvari-2-203x135.jpg 203w\" >\n        <\/a><\/div><\/span><span class=\"gallery-item\"><div class=\"hidden\"><a href=\"https:\/\/semmelweis.hu\/propedeutika\/files\/2025\/09\/Foldvari-1-scaled.jpg\">\n        <img src=https:\/\/semmelweis.hu\/propedeutika\/files\/2025\/09\/Foldvari-1-scaled.jpg alt=\"\" class=\"attachment-sote-gallery-big size-sote-gallery-big\" srcset=\"https:\/\/semmelweis.hu\/propedeutika\/files\/2025\/09\/Foldvari-1-400x267.jpg 400w, https:\/\/semmelweis.hu\/propedeutika\/files\/2025\/09\/Foldvari-1-1024x683.jpg 1024w, https:\/\/semmelweis.hu\/propedeutika\/files\/2025\/09\/Foldvari-1-768x512.jpg 768w, https:\/\/semmelweis.hu\/propedeutika\/files\/2025\/09\/Foldvari-1-1536x1024.jpg 1536w, https:\/\/semmelweis.hu\/propedeutika\/files\/2025\/09\/Foldvari-1-2048x1365.jpg 2048w, https:\/\/semmelweis.hu\/propedeutika\/files\/2025\/09\/Foldvari-1-753x502.jpg 753w, https:\/\/semmelweis.hu\/propedeutika\/files\/2025\/09\/Foldvari-1-203x135.jpg 203w\" >\n        <\/a><\/div><\/span>\n            <\/div>\n\n            [\/slb_exclude]\n\t\n","protected":false},"excerpt":{"rendered":"<p>Unser im Jahr 2025 renoviertes Lehrlabor befindet sich im zweiten Obergeschoss des Bildungszentrums. Die neue Einrichtung bietet Platz f\u00fcr bis zu 39 Studierende und dient in Zusammenarbeit mit unserem Institut als Veranstaltungsort f\u00fcr die praktische Lehre in den Lehrveranstaltungen Zahn\u00e4rztliche Allgemeine Prop\u00e4deutik sowie Odontotechnologie und prothetische Prop\u00e4deutik. Jeder Studierendenarbeitsplatz ist mit einer zahn\u00e4rztlichen Behandlungseinheit, einem &hellip;<\/p>\n","protected":false},"author":101964,"featured_media":2549,"parent":3119,"menu_order":3,"comment_status":"closed","ping_status":"closed","template":"","meta":{"_acf_changed":false,"footnotes":""},"categories":[55],"tags":[],"class_list":["post-3043","page","type-page","status-publish","has-post-thumbnail","hentry","category-unsere-lehrlaboratorien"],"acf":[],"_links":{"self":[{"href":"https:\/\/semmelweis.hu\/propedeutika\/wp-json\/wp\/v2\/pages\/3043","targetHints":{"allow":["GET"]}}],"collection":[{"href":"https:\/\/semmelweis.hu\/propedeutika\/wp-json\/wp\/v2\/pages"}],"about":[{"href":"https:\/\/semmelweis.hu\/propedeutika\/wp-json\/wp\/v2\/types\/page"}],"author":[{"embeddable":true,"href":"https:\/\/semmelweis.hu\/propedeutika\/wp-json\/wp\/v2\/users\/101964"}],"replies":[{"embeddable":true,"href":"https:\/\/semmelweis.hu\/propedeutika\/wp-json\/wp\/v2\/comments?post=3043"}],"version-history":[{"count":4,"href":"https:\/\/semmelweis.hu\/propedeutika\/wp-json\/wp\/v2\/pages\/3043\/revisions"}],"predecessor-version":[{"id":3172,"href":"https:\/\/semmelweis.hu\/propedeutika\/wp-json\/wp\/v2\/pages\/3043\/revisions\/3172"}],"up":[{"embeddable":true,"href":"https:\/\/semmelweis.hu\/propedeutika\/wp-json\/wp\/v2\/pages\/3119"}],"wp:featuredmedia":[{"embeddable":true,"href":"https:\/\/semmelweis.hu\/propedeutika\/wp-json\/wp\/v2\/media\/2549"}],"wp:attachment":[{"href":"https:\/\/semmelweis.hu\/propedeutika\/wp-json\/wp\/v2\/media?parent=3043"}],"wp:term":[{"taxonomy":"category","embeddable":true,"href":"https:\/\/semmelweis.hu\/propedeutika\/wp-json\/wp\/v2\/categories?post=3043"},{"taxonomy":"post_tag","embeddable":true,"href":"https:\/\/semmelweis.hu\/propedeutika\/wp-json\/wp\/v2\/tags?post=3043"}],"curies":[{"name":"wp","href":"https:\/\/api.w.org\/{rel}","templated":true}]}}

Földvári Imre Laboratorium

<p>Unser im Jahr 2025 renoviertes Lehrlabor befindet sich im zweiten Obergeschoss des Bildungszentrums. Die neue Einrichtung bietet Platz für bis zu 39 Studierende und dient in Zusammenarbeit mit unserem Institut als Veranstaltungsort für die praktische Lehre in den Lehrveranstaltungen Zahnärztliche Allgemeine Propädeutik sowie Odontotechnologie und prothetische Propädeutik.</p>
<p>Jeder Studierendenarbeitsplatz ist mit einer zahnärztlichen Behandlungseinheit, einem Phantompatienten, einem vollständigen Satz zahnärztlicher Instrumente sowie zahntechnischer Laborausstattung ausgestattet. Der Unterricht wird zusätzlich durch moderne digitale Technologien unterstützt, sodass die Studierenden Vorlesungen und Demonstrationsvideos auf individuellen Bildschirmen an ihren Arbeitsplätzen verfolgen können.</p>

        [slb_exclude]
        <div class="row galeria-wrapper mx-0 h-auto">
            <div class="col-9 pl-0 pr-2">
            <span class="gallery-item frame">
				<div class="galeria-left-img"><a href="https://semmelweis.hu/propedeutika/files/2025/09/Foldvari-5-scaled.jpg"><img src=https://semmelweis.hu/propedeutika/files/2025/09/Foldvari-5-scaled.jpg  
                            alt="" 
                            class="attachment-sote-gallery-big size-sote-gallery-big" 
                            srcset="https://semmelweis.hu/propedeutika/files/2025/09/Foldvari-5-400x267.jpg 400w, https://semmelweis.hu/propedeutika/files/2025/09/Foldvari-5-1024x683.jpg 1024w, https://semmelweis.hu/propedeutika/files/2025/09/Foldvari-5-768x512.jpg 768w, https://semmelweis.hu/propedeutika/files/2025/09/Foldvari-5-1536x1024.jpg 1536w, https://semmelweis.hu/propedeutika/files/2025/09/Foldvari-5-2048x1365.jpg 2048w, https://semmelweis.hu/propedeutika/files/2025/09/Foldvari-5-753x502.jpg 753w, https://semmelweis.hu/propedeutika/files/2025/09/Foldvari-5-203x135.jpg 203w" ></a></div>
            </span>

            </div>

			<div class="col-3 pl-0 pr-0">
				<div class="galeria-right-img d-flex justify-content-between flex-column h-100 w-100 px-0 mx-0 ">
                <div class="galeria-box">
					<h3 class="galeria-title">Galéria</h3>
					<div class="galeria-subtitle">

						<div class="galeria-page-counter"><span>5</span>kép</div>
                    </div> </div>
                    <span class="gallery-item frame d-none d-md-flex">
					<div class="galeria-small-img mt-0"><a href="https://semmelweis.hu/propedeutika/files/2025/09/Foldvari-4-scaled.jpg"><img src=https://semmelweis.hu/propedeutika/files/2025/09/Foldvari-4-scaled.jpg 
                                alt=""  
                                class="attachment-sote-gallery-small size-sote-gallery-small" 
                                srcset="https://semmelweis.hu/propedeutika/files/2025/09/Foldvari-4-400x267.jpg 400w, https://semmelweis.hu/propedeutika/files/2025/09/Foldvari-4-1024x683.jpg 1024w, https://semmelweis.hu/propedeutika/files/2025/09/Foldvari-4-768x512.jpg 768w, https://semmelweis.hu/propedeutika/files/2025/09/Foldvari-4-1536x1024.jpg 1536w, https://semmelweis.hu/propedeutika/files/2025/09/Foldvari-4-2048x1365.jpg 2048w, https://semmelweis.hu/propedeutika/files/2025/09/Foldvari-4-753x502.jpg 753w, https://semmelweis.hu/propedeutika/files/2025/09/Foldvari-4-203x135.jpg 203w" ></a></div>
                    </span>
                    <span class="gallery-item frame d-none d-md-flex">
					<div class="galeria-small-img mt-0"><a href="https://semmelweis.hu/propedeutika/files/2025/09/Foldvari-3-scaled.jpg"><img src=https://semmelweis.hu/propedeutika/files/2025/09/Foldvari-3-scaled.jpg 
                                alt="" 
                                class="attachment-sote-gallery-small size-sote-gallery-small" 
                                srcset="https://semmelweis.hu/propedeutika/files/2025/09/Foldvari-3-400x267.jpg 400w, https://semmelweis.hu/propedeutika/files/2025/09/Foldvari-3-1024x683.jpg 1024w, https://semmelweis.hu/propedeutika/files/2025/09/Foldvari-3-768x512.jpg 768w, https://semmelweis.hu/propedeutika/files/2025/09/Foldvari-3-1536x1024.jpg 1536w, https://semmelweis.hu/propedeutika/files/2025/09/Foldvari-3-2048x1365.jpg 2048w, https://semmelweis.hu/propedeutika/files/2025/09/Foldvari-3-753x502.jpg 753w, https://semmelweis.hu/propedeutika/files/2025/09/Foldvari-3-203x135.jpg 203w" ></a></div>
                    </span>

                </div>

            </div>

            <span class="gallery-item"><div class="hidden"><a href="https://semmelweis.hu/propedeutika/files/2025/09/Foldvari-2-scaled.jpg">
        <img src=https://semmelweis.hu/propedeutika/files/2025/09/Foldvari-2-scaled.jpg alt="" class="attachment-sote-gallery-big size-sote-gallery-big" srcset="https://semmelweis.hu/propedeutika/files/2025/09/Foldvari-2-400x267.jpg 400w, https://semmelweis.hu/propedeutika/files/2025/09/Foldvari-2-1024x683.jpg 1024w, https://semmelweis.hu/propedeutika/files/2025/09/Foldvari-2-768x512.jpg 768w, https://semmelweis.hu/propedeutika/files/2025/09/Foldvari-2-1536x1024.jpg 1536w, https://semmelweis.hu/propedeutika/files/2025/09/Foldvari-2-2048x1365.jpg 2048w, https://semmelweis.hu/propedeutika/files/2025/09/Foldvari-2-753x502.jpg 753w, https://semmelweis.hu/propedeutika/files/2025/09/Foldvari-2-203x135.jpg 203w" >
        </a></div></span><span class="gallery-item"><div class="hidden"><a href="https://semmelweis.hu/propedeutika/files/2025/09/Foldvari-1-scaled.jpg">
        <img src=https://semmelweis.hu/propedeutika/files/2025/09/Foldvari-1-scaled.jpg alt="" class="attachment-sote-gallery-big size-sote-gallery-big" srcset="https://semmelweis.hu/propedeutika/files/2025/09/Foldvari-1-400x267.jpg 400w, https://semmelweis.hu/propedeutika/files/2025/09/Foldvari-1-1024x683.jpg 1024w, https://semmelweis.hu/propedeutika/files/2025/09/Foldvari-1-768x512.jpg 768w, https://semmelweis.hu/propedeutika/files/2025/09/Foldvari-1-1536x1024.jpg 1536w, https://semmelweis.hu/propedeutika/files/2025/09/Foldvari-1-2048x1365.jpg 2048w, https://semmelweis.hu/propedeutika/files/2025/09/Foldvari-1-753x502.jpg 753w, https://semmelweis.hu/propedeutika/files/2025/09/Foldvari-1-203x135.jpg 203w" >
        </a></div></span>
            </div>

            [/slb_exclude]

<p>Unser im Jahr 2025 renoviertes Lehrlabor befindet sich im zweiten Obergeschoss des Bildungszentrums. Die neue Einrichtung bietet Platz für bis zu 39 Studierende und dient in Zusammenarbeit mit unserem Institut als Veranstaltungsort für die praktische Lehre in den Lehrveranstaltungen Zahnärztliche Allgemeine Propädeutik sowie Odontotechnologie und prothetische Propädeutik. Jeder Studierendenarbeitsplatz ist mit einer zahnärztlichen Behandlungseinheit, einem &hellip;</p>
