{"id":2482,"date":"2025-09-08T15:53:17","date_gmt":"2025-09-08T13:53:17","guid":{"rendered":"https:\/\/semmelweis.hu\/propedeutika\/?page_id=2482"},"modified":"2025-10-08T19:26:20","modified_gmt":"2025-10-08T17:26:20","slug":"sugar-laszlo-tanlabor","status":"publish","type":"page","link":"https:\/\/semmelweis.hu\/propedeutika\/sugar-laszlo-tanlabor\/","title":{"rendered":"Sug\u00e1r L\u00e1szl\u00f3 tanlabor"},"content":{"rendered":"<p class=\"paragraph\" style=\"margin: 0cm;margin-bottom: .0001pt;line-height: 150%;vertical-align: baseline\"><span class=\"normaltextrun\">A tansz\u00e9k 2025-ben meg\u00fajult tanterme 13 darab <a href=\"https:\/\/www.cj-optik.de\/en\/flexion-adv-111\/\">Flexion Advanced Sensor Unit<\/a> oper\u00e1ci\u00f3s mikroszk\u00f3ppal gazdagodott, \u00edgy a frissen indult Bevezet\u00e9s a Mikroszk\u00f3pos Fog\u00e1szatba tant\u00e1rgy gyakorlati helysz\u00ednek\u00e9nt szolg\u00e1l. Az \u00faj eszk\u00f6z\u00f6k lehet\u0151s\u00e9get biztos\u00edtanak arra, hogy hallgat\u00f3ink gyakorolj\u00e1k a mikroszk\u00f3p \u00e1ltal megk\u00f6nny\u00edtett munkaf\u00e1zisokat, \u00fagymint az \u00fcregalak\u00edt\u00e1s \u00e9s a pulpakamra felt\u00e1r\u00e1sa. Kiemelt c\u00e9l a helyes be\u00e1ll\u00edt\u00e1sok \u00e9s az ergonomikus haszn\u00e1lat elsaj\u00e1t\u00edt\u00e1sa.<\/span><span class=\"eop\">\u00a0<\/span><\/p>\n\r\n        [slb_exclude]\r\n        <div class=\"row galeria-wrapper mx-0 h-auto\">\r\n            <div class=\"col-9 pl-0 pr-2\">\r\n            <span class=\"gallery-item frame\">\r\n\t\t\t\t<div class=\"galeria-left-img\"><a href=\"https:\/\/semmelweis.hu\/propedeutika\/files\/2025\/09\/Sugar-1-scaled.jpg\"><img src=https:\/\/semmelweis.hu\/propedeutika\/files\/2025\/09\/Sugar-1-scaled.jpg  \r\n                            alt=\"\" \r\n                            class=\"attachment-sote-gallery-big size-sote-gallery-big\" \r\n                            srcset=\"https:\/\/semmelweis.hu\/propedeutika\/files\/2025\/09\/Sugar-1-400x267.jpg 400w, https:\/\/semmelweis.hu\/propedeutika\/files\/2025\/09\/Sugar-1-1024x683.jpg 1024w, https:\/\/semmelweis.hu\/propedeutika\/files\/2025\/09\/Sugar-1-768x512.jpg 768w, https:\/\/semmelweis.hu\/propedeutika\/files\/2025\/09\/Sugar-1-1536x1024.jpg 1536w, https:\/\/semmelweis.hu\/propedeutika\/files\/2025\/09\/Sugar-1-2048x1365.jpg 2048w, https:\/\/semmelweis.hu\/propedeutika\/files\/2025\/09\/Sugar-1-753x502.jpg 753w, https:\/\/semmelweis.hu\/propedeutika\/files\/2025\/09\/Sugar-1-203x135.jpg 203w\" ><\/a><\/div>\r\n            <\/span>\r\n\r\n            <\/div>\r\n\r\n\t\t\t<div class=\"col-3 pl-0 pr-0\">\r\n\t\t\t\t<div class=\"galeria-right-img d-flex justify-content-between flex-column h-100 w-100 px-0 mx-0 \">\r\n                <div class=\"galeria-box\">\r\n\t\t\t\t\t<h3 class=\"galeria-title\">Gal\u00e9ria<\/h3>\r\n\t\t\t\t\t<div class=\"galeria-subtitle\">\r\n\r\n\t\t\t\t\t\t<div class=\"galeria-page-counter\"><span>5<\/span>k\u00e9p<\/div>\r\n                    <\/div> <\/div>\r\n                    <span class=\"gallery-item frame d-none d-md-flex\">\r\n\t\t\t\t\t<div class=\"galeria-small-img mt-0\"><a href=\"https:\/\/semmelweis.hu\/propedeutika\/files\/2025\/09\/Sugar-2-scaled.jpg\"><img src=https:\/\/semmelweis.hu\/propedeutika\/files\/2025\/09\/Sugar-2-scaled.jpg \r\n                                alt=\"\"  \r\n                                class=\"attachment-sote-gallery-small size-sote-gallery-small\" \r\n                                srcset=\"https:\/\/semmelweis.hu\/propedeutika\/files\/2025\/09\/Sugar-2-400x267.jpg 400w, https:\/\/semmelweis.hu\/propedeutika\/files\/2025\/09\/Sugar-2-1024x683.jpg 1024w, https:\/\/semmelweis.hu\/propedeutika\/files\/2025\/09\/Sugar-2-768x512.jpg 768w, https:\/\/semmelweis.hu\/propedeutika\/files\/2025\/09\/Sugar-2-1536x1024.jpg 1536w, https:\/\/semmelweis.hu\/propedeutika\/files\/2025\/09\/Sugar-2-2048x1365.jpg 2048w, https:\/\/semmelweis.hu\/propedeutika\/files\/2025\/09\/Sugar-2-753x502.jpg 753w, https:\/\/semmelweis.hu\/propedeutika\/files\/2025\/09\/Sugar-2-203x135.jpg 203w\" ><\/a><\/div>\r\n                    <\/span>\r\n                    <span class=\"gallery-item frame d-none d-md-flex\">\r\n\t\t\t\t\t<div class=\"galeria-small-img mt-0\"><a href=\"https:\/\/semmelweis.hu\/propedeutika\/files\/2025\/09\/Sugar-3-scaled.jpg\"><img src=https:\/\/semmelweis.hu\/propedeutika\/files\/2025\/09\/Sugar-3-scaled.jpg \r\n                                alt=\"\" \r\n                                class=\"attachment-sote-gallery-small size-sote-gallery-small\" \r\n                                srcset=\"https:\/\/semmelweis.hu\/propedeutika\/files\/2025\/09\/Sugar-3-400x267.jpg 400w, https:\/\/semmelweis.hu\/propedeutika\/files\/2025\/09\/Sugar-3-1024x683.jpg 1024w, https:\/\/semmelweis.hu\/propedeutika\/files\/2025\/09\/Sugar-3-768x512.jpg 768w, https:\/\/semmelweis.hu\/propedeutika\/files\/2025\/09\/Sugar-3-1536x1024.jpg 1536w, https:\/\/semmelweis.hu\/propedeutika\/files\/2025\/09\/Sugar-3-2048x1365.jpg 2048w, https:\/\/semmelweis.hu\/propedeutika\/files\/2025\/09\/Sugar-3-753x502.jpg 753w, https:\/\/semmelweis.hu\/propedeutika\/files\/2025\/09\/Sugar-3-203x135.jpg 203w\" ><\/a><\/div>\r\n                    <\/span>\r\n\r\n                <\/div>\r\n\r\n            <\/div>\r\n\r\n            <span class=\"gallery-item\"><div class=\"hidden\"><a href=\"https:\/\/semmelweis.hu\/propedeutika\/files\/2025\/09\/Sugar-4-scaled.jpg\">\r\n        <img src=https:\/\/semmelweis.hu\/propedeutika\/files\/2025\/09\/Sugar-4-scaled.jpg alt=\"\" class=\"attachment-sote-gallery-big size-sote-gallery-big\" srcset=\"https:\/\/semmelweis.hu\/propedeutika\/files\/2025\/09\/Sugar-4-400x267.jpg 400w, https:\/\/semmelweis.hu\/propedeutika\/files\/2025\/09\/Sugar-4-1024x683.jpg 1024w, https:\/\/semmelweis.hu\/propedeutika\/files\/2025\/09\/Sugar-4-768x512.jpg 768w, https:\/\/semmelweis.hu\/propedeutika\/files\/2025\/09\/Sugar-4-1536x1024.jpg 1536w, https:\/\/semmelweis.hu\/propedeutika\/files\/2025\/09\/Sugar-4-2048x1365.jpg 2048w, https:\/\/semmelweis.hu\/propedeutika\/files\/2025\/09\/Sugar-4-753x502.jpg 753w, https:\/\/semmelweis.hu\/propedeutika\/files\/2025\/09\/Sugar-4-203x135.jpg 203w\" >\r\n        <\/a><\/div><\/span><span class=\"gallery-item\"><div class=\"hidden\"><a href=\"https:\/\/semmelweis.hu\/propedeutika\/files\/2025\/09\/Sugar-5-scaled.jpg\">\r\n        <img src=https:\/\/semmelweis.hu\/propedeutika\/files\/2025\/09\/Sugar-5-scaled.jpg alt=\"\" class=\"attachment-sote-gallery-big size-sote-gallery-big\" srcset=\"https:\/\/semmelweis.hu\/propedeutika\/files\/2025\/09\/Sugar-5-400x267.jpg 400w, https:\/\/semmelweis.hu\/propedeutika\/files\/2025\/09\/Sugar-5-1024x683.jpg 1024w, https:\/\/semmelweis.hu\/propedeutika\/files\/2025\/09\/Sugar-5-768x512.jpg 768w, https:\/\/semmelweis.hu\/propedeutika\/files\/2025\/09\/Sugar-5-1536x1024.jpg 1536w, https:\/\/semmelweis.hu\/propedeutika\/files\/2025\/09\/Sugar-5-2048x1365.jpg 2048w, https:\/\/semmelweis.hu\/propedeutika\/files\/2025\/09\/Sugar-5-753x502.jpg 753w, https:\/\/semmelweis.hu\/propedeutika\/files\/2025\/09\/Sugar-5-203x135.jpg 203w\" >\r\n        <\/a><\/div><\/span>\r\n            <\/div>\r\n\r\n            [\/slb_exclude]\r\n\t\n","protected":false},"excerpt":{"rendered":"<p>A tansz\u00e9k 2025-ben meg\u00fajult tanterme 13 darab <a href=\"https:\/\/www.cj-optik.de\/en\/flexion-adv-111\/\">Flexion Advanced Sensor Unit<\/a> oper\u00e1ci\u00f3s mikroszk\u00f3ppal gazdagodott, \u00edgy a frissen indult Bevezet\u00e9s a Mikroszk\u00f3pos Fog\u00e1szatba tant\u00e1rgy gyakorlati helysz\u00ednek\u00e9nt szolg\u00e1l. Az \u00faj eszk\u00f6z\u00f6k lehet\u0151s\u00e9get biztos\u00edtanak arra, hogy hallgat\u00f3ink gyakorolj\u00e1k a mikroszk\u00f3p \u00e1ltal megk\u00f6nny\u00edtett munkaf\u00e1zisokat, \u00fagymint az \u00fcregalak\u00edt\u00e1s \u00e9s a pulpakamra felt\u00e1r\u00e1sa. Kiemelt c\u00e9l a helyes be\u00e1ll\u00edt\u00e1sok \u00e9s az ergonomikus haszn\u00e1lat elsaj\u00e1t\u00edt\u00e1sa.\u00a0<\/p>\n","protected":false},"author":101964,"featured_media":0,"parent":0,"menu_order":0,"comment_status":"closed","ping_status":"closed","template":"","meta":{"_acf_changed":false,"footnotes":""},"categories":[],"tags":[],"class_list":["post-2482","page","type-page","status-publish","hentry"],"acf":[],"_links":{"self":[{"href":"https:\/\/semmelweis.hu\/propedeutika\/wp-json\/wp\/v2\/pages\/2482","targetHints":{"allow":["GET"]}}],"collection":[{"href":"https:\/\/semmelweis.hu\/propedeutika\/wp-json\/wp\/v2\/pages"}],"about":[{"href":"https:\/\/semmelweis.hu\/propedeutika\/wp-json\/wp\/v2\/types\/page"}],"author":[{"embeddable":true,"href":"https:\/\/semmelweis.hu\/propedeutika\/wp-json\/wp\/v2\/users\/101964"}],"replies":[{"embeddable":true,"href":"https:\/\/semmelweis.hu\/propedeutika\/wp-json\/wp\/v2\/comments?post=2482"}],"version-history":[{"count":8,"href":"https:\/\/semmelweis.hu\/propedeutika\/wp-json\/wp\/v2\/pages\/2482\/revisions"}],"predecessor-version":[{"id":2600,"href":"https:\/\/semmelweis.hu\/propedeutika\/wp-json\/wp\/v2\/pages\/2482\/revisions\/2600"}],"wp:attachment":[{"href":"https:\/\/semmelweis.hu\/propedeutika\/wp-json\/wp\/v2\/media?parent=2482"}],"wp:term":[{"taxonomy":"category","embeddable":true,"href":"https:\/\/semmelweis.hu\/propedeutika\/wp-json\/wp\/v2\/categories?post=2482"},{"taxonomy":"post_tag","embeddable":true,"href":"https:\/\/semmelweis.hu\/propedeutika\/wp-json\/wp\/v2\/tags?post=2482"}],"curies":[{"name":"wp","href":"https:\/\/api.w.org\/{rel}","templated":true}]}}