{"id":1893,"date":"2024-07-01T11:13:29","date_gmt":"2024-07-01T09:13:29","guid":{"rendered":"https:\/\/semmelweis.hu\/propedeutika\/?page_id=1893"},"modified":"2026-02-04T13:03:56","modified_gmt":"2026-02-04T12:03:56","slug":"odontotechnologia-es-fogpotlastani-propedeutika-ii-gyakorlati-tematika","status":"publish","type":"page","link":"https:\/\/semmelweis.hu\/propedeutika\/oktatas\/odontotechnologia-es-fogpotlastani-propedeutika\/odontotechnologia-es-fogpotlastani-propedeutika-ii-gyakorlati-tematika\/","title":{"rendered":"Odontotechnol\u00f3gia \u00e9s fogp\u00f3tl\u00e1stani propedeutika II. gyakorlati tematika"},"content":{"rendered":"<ul>\n<li>Az odontotechnol\u00f3gia \u00e9s fogp\u00f3tl\u00e1stani propedeutika II. k\u00f6vetelm\u00e9nyrendszere, hallgat\u00f3i t\u00e1j\u00e9koztat\u00f3ja, szemin\u00e1riumi tematik\u00e1ja valamint a hallgat\u00f3i h\u00e1zirend \u00e9s a hallgat\u00f3kra vonatkoz\u00f3 t\u0171z-\u00e9s munkav\u00e9delmi el\u0151\u00edr\u00e1sok el\u00e9rhet\u0151ek a <a href=\"https:\/\/semmelweis.hu\/fogpotlastan\/oktatas\/2023-2024-es-tanev-ii-felev\/\">Fogp\u00f3tl\u00e1stani Klinika<\/a> honlapj\u00e1n.<\/li>\n<li>A t\u00e1rgy gyakorlati tematik\u00e1ja el\u00e9rhet\u0151:\n<ul>\n<li><a href=\"https:\/\/semmelweis.hu\/fogpotlastan\/oktatas\/2024-2025-os-tanev-ii-felev\/\">Odontotechnol\u00f3gia \u00e9s Fogp\u00f3tl\u00e1stani propedeutika II. 2025-2026 II. f\u00e9l\u00e9v gyakorlati tematika<\/a><\/li>\n<\/ul>\n<\/li>\n<\/ul>\n","protected":false},"excerpt":{"rendered":"<p>Az odontotechnol\u00f3gia \u00e9s fogp\u00f3tl\u00e1stani propedeutika II. k\u00f6vetelm\u00e9nyrendszere, hallgat\u00f3i t\u00e1j\u00e9koztat\u00f3ja, szemin\u00e1riumi tematik\u00e1ja valamint a hallgat\u00f3i h\u00e1zirend \u00e9s a hallgat\u00f3kra vonatkoz\u00f3 t\u0171z-\u00e9s munkav\u00e9delmi el\u0151\u00edr\u00e1sok el\u00e9rhet\u0151ek a <a href=\"https:\/\/semmelweis.hu\/fogpotlastan\/oktatas\/2023-2024-es-tanev-ii-felev\/\">Fogp\u00f3tl\u00e1stani Klinika<\/a> honlapj\u00e1n.<br \/>\nA t\u00e1rgy gyakorlati tematik\u00e1ja el\u00e9rhet\u0151:<\/p>\n<p><a href=\"https:\/\/semmelweis.hu\/fogpotlastan\/oktatas\/2024-2025-os-tanev-ii-felev\/\">Odontotechnol\u00f3gia \u00e9s Fogp\u00f3tl\u00e1stani propedeutika II. 2025-2026 II. f\u00e9l\u00e9v gyakorlati tematika<\/a><\/p>\n","protected":false},"author":101964,"featured_media":0,"parent":1525,"menu_order":2,"comment_status":"closed","ping_status":"closed","template":"","meta":{"_acf_changed":false,"footnotes":""},"categories":[],"tags":[],"class_list":["post-1893","page","type-page","status-publish","hentry"],"acf":[],"_links":{"self":[{"href":"https:\/\/semmelweis.hu\/propedeutika\/wp-json\/wp\/v2\/pages\/1893","targetHints":{"allow":["GET"]}}],"collection":[{"href":"https:\/\/semmelweis.hu\/propedeutika\/wp-json\/wp\/v2\/pages"}],"about":[{"href":"https:\/\/semmelweis.hu\/propedeutika\/wp-json\/wp\/v2\/types\/page"}],"author":[{"embeddable":true,"href":"https:\/\/semmelweis.hu\/propedeutika\/wp-json\/wp\/v2\/users\/101964"}],"replies":[{"embeddable":true,"href":"https:\/\/semmelweis.hu\/propedeutika\/wp-json\/wp\/v2\/comments?post=1893"}],"version-history":[{"count":7,"href":"https:\/\/semmelweis.hu\/propedeutika\/wp-json\/wp\/v2\/pages\/1893\/revisions"}],"predecessor-version":[{"id":2647,"href":"https:\/\/semmelweis.hu\/propedeutika\/wp-json\/wp\/v2\/pages\/1893\/revisions\/2647"}],"up":[{"embeddable":true,"href":"https:\/\/semmelweis.hu\/propedeutika\/wp-json\/wp\/v2\/pages\/1525"}],"wp:attachment":[{"href":"https:\/\/semmelweis.hu\/propedeutika\/wp-json\/wp\/v2\/media?parent=1893"}],"wp:term":[{"taxonomy":"category","embeddable":true,"href":"https:\/\/semmelweis.hu\/propedeutika\/wp-json\/wp\/v2\/categories?post=1893"},{"taxonomy":"post_tag","embeddable":true,"href":"https:\/\/semmelweis.hu\/propedeutika\/wp-json\/wp\/v2\/tags?post=1893"}],"curies":[{"name":"wp","href":"https:\/\/api.w.org\/{rel}","templated":true}]}}