{"id":1890,"date":"2024-07-01T11:10:31","date_gmt":"2024-07-01T09:10:31","guid":{"rendered":"https:\/\/semmelweis.hu\/propedeutika\/?page_id=1890"},"modified":"2025-08-29T09:23:06","modified_gmt":"2025-08-29T07:23:06","slug":"odontotechnologia-es-fogpotlastani-propedeutika-i-gyakorlati-tematika","status":"publish","type":"page","link":"https:\/\/semmelweis.hu\/propedeutika\/oktatas\/odontotechnologia-es-fogpotlastani-propedeutika\/odontotechnologia-es-fogpotlastani-propedeutika-i-gyakorlati-tematika\/","title":{"rendered":"Odontotechnol\u00f3gia \u00e9s fogp\u00f3tl\u00e1stani propedeutika I. gyakorlati tematika"},"content":{"rendered":"<p>Az odontotechnol\u00f3gia \u00e9s fogp\u00f3tl\u00e1stani propedeutika I. k\u00f6vetelm\u00e9nyrendszere, hallgat\u00f3i t\u00e1j\u00e9koztat\u00f3ja, szemin\u00e1riumi tematik\u00e1ja valamint a hallgat\u00f3i h\u00e1zirend \u00e9s a hallgat\u00f3kra vonatkoz\u00f3 t\u0171z-\u00e9s munkav\u00e9delmi el\u0151\u00edr\u00e1sok el\u00e9rhet\u0151ek <a href=\"https:\/\/semmelweis.hu\/fogpotlastan\/oktatas\/2025-2026-os-tanev-i-felev\/\">a Fogp\u00f3tl\u00e1stani Klinika honlapj\u00e1n<\/a>.\u00a0<\/p>\n<p>A t\u00e1rgy gyakorlati tematik\u00e1ja el\u00e9rhet\u0151: <a href=\"https:\/\/semmelweis.hu\/propedeutika\/files\/2025\/08\/Odontotechnologia-es-fogpotlastani-propedeutika-I.-2025-2026.-I.-felev-gyakorlati-tematika.pdf\">Odontotechnol\u00f3gia \u00e9s fogp\u00f3tl\u00e1stani propedeutika I. 2025-2026. I. f\u00e9l\u00e9v gyakorlati tematika<\/a><\/p>\n","protected":false},"excerpt":{"rendered":"<p>Az odontotechnol\u00f3gia \u00e9s fogp\u00f3tl\u00e1stani propedeutika I. k\u00f6vetelm\u00e9nyrendszere, hallgat\u00f3i t\u00e1j\u00e9koztat\u00f3ja, szemin\u00e1riumi tematik\u00e1ja valamint a hallgat\u00f3i h\u00e1zirend \u00e9s a hallgat\u00f3kra vonatkoz\u00f3 t\u0171z-\u00e9s munkav\u00e9delmi el\u0151\u00edr\u00e1sok el\u00e9rhet\u0151ek <a href=\"https:\/\/semmelweis.hu\/fogpotlastan\/oktatas\/2025-2026-os-tanev-i-felev\/\">a Fogp\u00f3tl\u00e1stani Klinika honlapj\u00e1n<\/a>.\u00a0<br \/>\nA t\u00e1rgy gyakorlati tematik\u00e1ja el\u00e9rhet\u0151: <a href=\"https:\/\/semmelweis.hu\/propedeutika\/files\/2025\/08\/Odontotechnologia-es-fogpotlastani-propedeutika-I.-2025-2026.-I.-felev-gyakorlati-tematika.pdf\">Odontotechnol\u00f3gia \u00e9s fogp\u00f3tl\u00e1stani propedeutika I. 2025-2026. I. f\u00e9l\u00e9v gyakorlati tematika<\/a><\/p>\n","protected":false},"author":101964,"featured_media":0,"parent":1525,"menu_order":1,"comment_status":"closed","ping_status":"closed","template":"","meta":{"_acf_changed":false,"footnotes":""},"categories":[],"tags":[],"class_list":["post-1890","page","type-page","status-publish","hentry"],"acf":[],"_links":{"self":[{"href":"https:\/\/semmelweis.hu\/propedeutika\/wp-json\/wp\/v2\/pages\/1890","targetHints":{"allow":["GET"]}}],"collection":[{"href":"https:\/\/semmelweis.hu\/propedeutika\/wp-json\/wp\/v2\/pages"}],"about":[{"href":"https:\/\/semmelweis.hu\/propedeutika\/wp-json\/wp\/v2\/types\/page"}],"author":[{"embeddable":true,"href":"https:\/\/semmelweis.hu\/propedeutika\/wp-json\/wp\/v2\/users\/101964"}],"replies":[{"embeddable":true,"href":"https:\/\/semmelweis.hu\/propedeutika\/wp-json\/wp\/v2\/comments?post=1890"}],"version-history":[{"count":7,"href":"https:\/\/semmelweis.hu\/propedeutika\/wp-json\/wp\/v2\/pages\/1890\/revisions"}],"predecessor-version":[{"id":2457,"href":"https:\/\/semmelweis.hu\/propedeutika\/wp-json\/wp\/v2\/pages\/1890\/revisions\/2457"}],"up":[{"embeddable":true,"href":"https:\/\/semmelweis.hu\/propedeutika\/wp-json\/wp\/v2\/pages\/1525"}],"wp:attachment":[{"href":"https:\/\/semmelweis.hu\/propedeutika\/wp-json\/wp\/v2\/media?parent=1890"}],"wp:term":[{"taxonomy":"category","embeddable":true,"href":"https:\/\/semmelweis.hu\/propedeutika\/wp-json\/wp\/v2\/categories?post=1890"},{"taxonomy":"post_tag","embeddable":true,"href":"https:\/\/semmelweis.hu\/propedeutika\/wp-json\/wp\/v2\/tags?post=1890"}],"curies":[{"name":"wp","href":"https:\/\/api.w.org\/{rel}","templated":true}]}}

Odontotechnológia és fogpótlástani propedeutika I. gyakorlati tematika

<p>Az odontotechnológia és fogpótlástani propedeutika I. követelményrendszere, hallgatói tájékoztatója, szemináriumi tematikája valamint a hallgatói házirend és a hallgatókra vonatkozó tűz-és munkavédelmi előírások elérhetőek <a href="https://semmelweis.hu/fogpotlastan/oktatas/2025-2026-os-tanev-i-felev/">a Fogpótlástani Klinika honlapján</a>. </p>
<p>A tárgy gyakorlati tematikája elérhető: <a href="https://semmelweis.hu/propedeutika/files/2025/08/Odontotechnologia-es-fogpotlastani-propedeutika-I.-2025-2026.-I.-felev-gyakorlati-tematika.pdf">Odontotechnológia és fogpótlástani propedeutika I. 2025-2026. I. félév gyakorlati tematika</a></p>

<p>Az odontotechnológia és fogpótlástani propedeutika I. követelményrendszere, hallgatói tájékoztatója, szemináriumi tematikája valamint a hallgatói házirend és a hallgatókra vonatkozó tűz-és munkavédelmi előírások elérhetőek <a href="https://semmelweis.hu/fogpotlastan/oktatas/2025-2026-os-tanev-i-felev/">a Fogpótlástani Klinika honlapján</a>. <br />
A tárgy gyakorlati tematikája elérhető: <a href="https://semmelweis.hu/propedeutika/files/2025/08/Odontotechnologia-es-fogpotlastani-propedeutika-I.-2025-2026.-I.-felev-gyakorlati-tematika.pdf">Odontotechnológia és fogpótlástani propedeutika I. 2025-2026. I. félév gyakorlati tematika</a></p>
