{"id":9278,"date":"2013-01-02T12:57:34","date_gmt":"2013-01-02T11:57:34","guid":{"rendered":"http:\/\/semmelweis.hu\/phd\/doktori-iskolak\/mentalis-egeszsegtudomanyok-en\/"},"modified":"2020-07-16T16:19:25","modified_gmt":"2020-07-16T14:19:25","slug":"mentalis-egeszsegtudomanyok-en","status":"publish","type":"page","link":"https:\/\/semmelweis.hu\/phd\/en\/schools-archive\/mentalis-egeszsegtudomanyok-en\/","title":{"rendered":"Mental Health Sciences"},"content":{"rendered":"<p><strong><br \/>\n<\/strong><strong>Prof. Gy\u00f6rgy Bagdy M.D., Ph.D., D.Sc.<\/strong><br \/>\n<strong>E-mail:<\/strong> <a href=\"mailto:bagdy.gyorgy@pharma.semmelweis-univ.hu\">bagdy.gyorgy@pharma.semmelweis-univ.hu<\/a><br \/>\nEducational coordinator<br \/>\n<strong>Hajnal Kiss<br \/>\nE-mail:<\/strong> <a href=\"mailto:kiss.hajnal@med.semmelweis-univ.hu\">kiss.hajnal@med.semmelweis-univ.hu<\/a><br \/>\n+36 1 4591500\/51322<\/p>\n<table style=\"width: 700px;height: 1px;border: 0px solid #ffffff\" border=\"0\" cellspacing=\"0\" cellpadding=\"8\">\n<tbody>\n<tr>\n<td style=\"background-color: #499fd4\" colspan=\"2\"><span style=\"color: #ffffff\"><strong>Programs<\/strong><\/span><\/td>\n<td style=\"background-color: #499fd4\"><span style=\"color: #ffffff\"> <strong>Co-ordinators<\/strong><\/span><\/td>\n<\/tr>\n<tr style=\"background-color: #fafafa\">\n<td style=\"background-color: #fbfbfb\" colspan=\"2\">01.\u00a0 Psychiatry<\/td>\n<td style=\"background-color: #fbfbfb\">Prof. J\u00e1nos\u00a0 R\u00e9thelyi<br \/>\nM.D., Ph.D.,<\/td>\n<\/tr>\n<tr style=\"background-color: #f4f4f4\">\n<td style=\"background-color: #f4f4f4\" colspan=\"2\">02. Mental Health Sciences<\/td>\n<td style=\"background-color: #f4f4f4\">Prof. J\u00f3zsef Kov\u00e1cs,<br \/>\nM.D., Ph.D., D.Sc.<\/td>\n<\/tr>\n<tr style=\"background-color: #fafafa\">\n<td style=\"background-color: #fbfbfb\" colspan=\"2\">03. Sociological and mental health approaches to resources<br \/>\nfor individuals and communities<\/td>\n<td style=\"background-color: #fbfbfb\">Prof. Be\u00e1ta D\u00e1vid Pethesn\u00e9<br \/>\nPh.D. habil.<\/td>\n<\/tr>\n<\/tbody>\n<\/table>\n<p>&nbsp;<\/p>\n<p>All the information about the Mental Health Sciences Doctoral School in the doctoral database:<br \/>\n<a href=\"https:\/\/doktori.hu\/index.php?menuid=191&amp;di_ID=133&amp;lang=EN\" target=\"_blank\" rel=\"noopener noreferrer\">https:\/\/doktori.hu\/index.php?menuid=191&amp;di_ID=133&amp;lang=EN<\/a><\/p>\n","protected":false},"excerpt":{"rendered":"<p>Prof. Gy\u00f6rgy Bagdy M.D., Ph.D., D.Sc. E-mail: <a href=\"mailto:bagdy.gyorgy@pharma.semmelweis-univ.hu\">bagdy.gyorgy@pharma.semmelweis-univ.hu<\/a> Educational coordinator Hajnal Kiss E-mail: <a href=\"mailto:kiss.hajnal@med.semmelweis-univ.hu\">kiss.hajnal@med.semmelweis-univ.hu<\/a> +36 1 4591500\/51322 Programs Co-ordinators 01.\u00a0 Psychiatry Prof. J\u00e1nos\u00a0 R\u00e9thelyi M.D., Ph.D., 02. Mental Health Sciences Prof. J\u00f3zsef Kov\u00e1cs, M.D., Ph.D., D.Sc. 03. Sociological and mental health approaches to resources for individuals and communities Prof. Be\u00e1ta D\u00e1vid Pethesn\u00e9 Ph.D. habil. &nbsp; All the &hellip;<\/p>\n","protected":false},"author":158,"featured_media":0,"parent":9321,"menu_order":5,"comment_status":"closed","ping_status":"closed","template":"","meta":{"_acf_changed":false,"footnotes":""},"categories":[],"tags":[],"class_list":["post-9278","page","type-page","status-publish","hentry"],"acf":[],"_links":{"self":[{"href":"https:\/\/semmelweis.hu\/phd\/wp-json\/wp\/v2\/pages\/9278","targetHints":{"allow":["GET"]}}],"collection":[{"href":"https:\/\/semmelweis.hu\/phd\/wp-json\/wp\/v2\/pages"}],"about":[{"href":"https:\/\/semmelweis.hu\/phd\/wp-json\/wp\/v2\/types\/page"}],"author":[{"embeddable":true,"href":"https:\/\/semmelweis.hu\/phd\/wp-json\/wp\/v2\/users\/158"}],"replies":[{"embeddable":true,"href":"https:\/\/semmelweis.hu\/phd\/wp-json\/wp\/v2\/comments?post=9278"}],"version-history":[{"count":10,"href":"https:\/\/semmelweis.hu\/phd\/wp-json\/wp\/v2\/pages\/9278\/revisions"}],"predecessor-version":[{"id":11842,"href":"https:\/\/semmelweis.hu\/phd\/wp-json\/wp\/v2\/pages\/9278\/revisions\/11842"}],"up":[{"embeddable":true,"href":"https:\/\/semmelweis.hu\/phd\/wp-json\/wp\/v2\/pages\/9321"}],"wp:attachment":[{"href":"https:\/\/semmelweis.hu\/phd\/wp-json\/wp\/v2\/media?parent=9278"}],"wp:term":[{"taxonomy":"category","embeddable":true,"href":"https:\/\/semmelweis.hu\/phd\/wp-json\/wp\/v2\/categories?post=9278"},{"taxonomy":"post_tag","embeddable":true,"href":"https:\/\/semmelweis.hu\/phd\/wp-json\/wp\/v2\/tags?post=9278"}],"curies":[{"name":"wp","href":"https:\/\/api.w.org\/{rel}","templated":true}]}}