{"id":65933,"date":"2026-01-14T10:48:05","date_gmt":"2026-01-14T09:48:05","guid":{"rendered":"https:\/\/semmelweis.hu\/phd\/?page_id=65933"},"modified":"2026-01-30T14:22:53","modified_gmt":"2026-01-30T13:22:53","slug":"egyeb-dokumentumok","status":"publish","type":"page","link":"https:\/\/semmelweis.hu\/phd\/dokumentumok\/egyeb-dokumentumok\/","title":{"rendered":"Egy\u00e9b dokumentumok"},"content":{"rendered":"<div class=\"fontos_div\">\n<p><strong>EGY\u00c9B DOKUMENTUMOK<\/strong><\/p>\n<\/div>\n<hr \/>\n<ul>\n<li><a href=\"https:\/\/semmelweis.hu\/phd\/files\/2026\/01\/MAB-SE_DI_kepzesi_terv202jan.docx\">Semmelweis Egyetem Doktori Iskola k\u00e9pz\u00e9si terve<\/a><\/li>\n<\/ul>\n<hr \/>\n<ul>\n<li><a href=\"https:\/\/semmelweis.hu\/phd\/files\/2026\/01\/MAB-beszamolo-2025.docx\">MAB besz\u00e1mol\u00f3 2025<\/a><\/li>\n<\/ul>\n<hr \/>\n<ul>\n<li><a href=\"https:\/\/semmelweis.hu\/phd\/files\/2026\/01\/Quality-Assurance-Plan-for-Doctoral-Education.pdf\">Doktori k\u00e9pz\u00e9s \u00e9s doktori fokozatszerz\u00e9s min\u0151s\u00e9gbiztos\u00edt\u00e1si keretrendszere<\/a>\n<ul>\n<li><a href=\"https:\/\/semmelweis.hu\/phd\/files\/2026\/01\/doktoriorg.docx\">Organogram<\/a><\/li>\n<li><a href=\"https:\/\/semmelweis.hu\/phd\/files\/2026\/01\/MAB-minosegbiztositasi_terv2026jan.docx\">Doktori k\u00e9pz\u00e9s min\u0151s\u00e9gbiztos\u00edt\u00e1si terve<\/a><\/li>\n<\/ul>\n<\/li>\n<\/ul>\n<hr \/>\n<ul>\n<li><a href=\"https:\/\/semmelweis.hu\/phd\/files\/2026\/01\/1.sz_.melleklet_minosegcelok.xlsx\">Egyetemi min\u0151s\u00e9gc\u00e9lok<\/a>\n<ul>\n<li><a href=\"https:\/\/semmelweis.hu\/phd\/files\/2026\/01\/IFT_minosegcel_doktori.xlsx\">Doktori k\u00e9pz\u00e9s min\u0151s\u00e9gc\u00e9ljai<\/a><\/li>\n<\/ul>\n<\/li>\n<\/ul>\n<hr \/>\n<ul>\n<li><a href=\"https:\/\/semmelweis.hu\/phd\/files\/2026\/01\/3.sz_.melleklet_ESG_szakpolitika.docx\">ESG min\u0151s\u00e9gpolitika<\/a><\/li>\n<\/ul>\n<hr \/>\n<ul>\n<li><a href=\"https:\/\/semmelweis.hu\/phd\/files\/2026\/01\/tanulasi_eredmeny_DI_sablon.docx\">Kurzusle\u00edr\u00e1s sablon<\/a><\/li>\n<\/ul>\n<hr \/>\n<ul>\n<li><a href=\"https:\/\/semmelweis.hu\/phd\/files\/2026\/01\/javaslat_panasz_folyamat_DI.docx\">Javaslatt\u00e9tel \u00e9s panaszkezel\u00e9s<\/a><\/li>\n<\/ul>\n<hr \/>\n<ul>\n<li>\n<p><a href=\"https:\/\/semmelweis.hu\/phd\/files\/2026\/01\/Mukodesi-szabalyzata-doktori-kepzes-ESG-alapu-mukodesenek-keretrendszere.pdf\">M\u0171k\u00f6d\u00e9si szab\u00e1lyzat\/a doktori k\u00e9pz\u00e9s ESG-alap\u00fa m\u0171k\u00f6d\u00e9s\u00e9nek keretrendszere<\/a><\/p>\n<\/li>\n<\/ul>\n<hr \/>\n<ul>\n<li><a href=\"https:\/\/semmelweis.hu\/phd\/files\/2026\/01\/mab_statuszhoz_kiegeszitesek.xlsx\">MAB st\u00e1tuszhoz kieg\u00e9sz\u00edt\u00e9sek<\/a><\/li>\n<\/ul>\n<hr \/>\n<p>&nbsp;<\/p>\n","protected":false},"excerpt":{"rendered":"<p>EGY\u00c9B DOKUMENTUMOK<\/p>\n<p><a href=\"https:\/\/semmelweis.hu\/phd\/files\/2026\/01\/MAB-SE_DI_kepzesi_terv202jan.docx\">Semmelweis Egyetem Doktori Iskola k\u00e9pz\u00e9si terve<\/a><\/p>\n<p><a href=\"https:\/\/semmelweis.hu\/phd\/files\/2026\/01\/MAB-beszamolo-2025.docx\">MAB besz\u00e1mol\u00f3 2025<\/a><\/p>\n<p><a href=\"https:\/\/semmelweis.hu\/phd\/files\/2026\/01\/Quality-Assurance-Plan-for-Doctoral-Education.pdf\">Doktori k\u00e9pz\u00e9s \u00e9s doktori fokozatszerz\u00e9s min\u0151s\u00e9gbiztos\u00edt\u00e1si keretrendszere<\/a><\/p>\n<p><a href=\"https:\/\/semmelweis.hu\/phd\/files\/2026\/01\/doktoriorg.docx\">Organogram<\/a><br \/>\n<a href=\"https:\/\/semmelweis.hu\/phd\/files\/2026\/01\/MAB-minosegbiztositasi_terv2026jan.docx\">Doktori k\u00e9pz\u00e9s min\u0151s\u00e9gbiztos\u00edt\u00e1si terve<\/a><\/p>\n<p><a href=\"https:\/\/semmelweis.hu\/phd\/files\/2026\/01\/1.sz_.melleklet_minosegcelok.xlsx\">Egyetemi min\u0151s\u00e9gc\u00e9lok<\/a><\/p>\n<p><a href=\"https:\/\/semmelweis.hu\/phd\/files\/2026\/01\/IFT_minosegcel_doktori.xlsx\">Doktori k\u00e9pz\u00e9s min\u0151s\u00e9gc\u00e9ljai<\/a><\/p>\n<p><a href=\"https:\/\/semmelweis.hu\/phd\/files\/2026\/01\/3.sz_.melleklet_ESG_szakpolitika.docx\">ESG min\u0151s\u00e9gpolitika<\/a><\/p>\n<p><a href=\"https:\/\/semmelweis.hu\/phd\/files\/2026\/01\/tanulasi_eredmeny_DI_sablon.docx\">Kurzusle\u00edr\u00e1s sablon<\/a><\/p>\n<p><a href=\"https:\/\/semmelweis.hu\/phd\/files\/2026\/01\/javaslat_panasz_folyamat_DI.docx\">Javaslatt\u00e9tel \u00e9s panaszkezel\u00e9s<\/a><\/p>\n<p><a href=\"https:\/\/semmelweis.hu\/phd\/files\/2026\/01\/Mukodesi-szabalyzata-doktori-kepzes-ESG-alapu-mukodesenek-keretrendszere.pdf\">M\u0171k\u00f6d\u00e9si szab\u00e1lyzat\/a doktori k\u00e9pz\u00e9s ESG-alap\u00fa m\u0171k\u00f6d\u00e9s\u00e9nek keretrendszere<\/a><\/p>\n<p><a href=\"https:\/\/semmelweis.hu\/phd\/files\/2026\/01\/mab_statuszhoz_kiegeszitesek.xlsx\">MAB st\u00e1tuszhoz kieg\u00e9sz\u00edt\u00e9sek<\/a><\/p>\n<p>&nbsp;<\/p>\n","protected":false},"author":102199,"featured_media":0,"parent":9443,"menu_order":4,"comment_status":"closed","ping_status":"closed","template":"template-fullwidth.php","meta":{"_acf_changed":false,"footnotes":""},"categories":[],"tags":[],"class_list":["post-65933","page","type-page","status-publish","hentry"],"acf":[],"_links":{"self":[{"href":"https:\/\/semmelweis.hu\/phd\/wp-json\/wp\/v2\/pages\/65933","targetHints":{"allow":["GET"]}}],"collection":[{"href":"https:\/\/semmelweis.hu\/phd\/wp-json\/wp\/v2\/pages"}],"about":[{"href":"https:\/\/semmelweis.hu\/phd\/wp-json\/wp\/v2\/types\/page"}],"author":[{"embeddable":true,"href":"https:\/\/semmelweis.hu\/phd\/wp-json\/wp\/v2\/users\/102199"}],"replies":[{"embeddable":true,"href":"https:\/\/semmelweis.hu\/phd\/wp-json\/wp\/v2\/comments?post=65933"}],"version-history":[{"count":10,"href":"https:\/\/semmelweis.hu\/phd\/wp-json\/wp\/v2\/pages\/65933\/revisions"}],"predecessor-version":[{"id":66183,"href":"https:\/\/semmelweis.hu\/phd\/wp-json\/wp\/v2\/pages\/65933\/revisions\/66183"}],"up":[{"embeddable":true,"href":"https:\/\/semmelweis.hu\/phd\/wp-json\/wp\/v2\/pages\/9443"}],"wp:attachment":[{"href":"https:\/\/semmelweis.hu\/phd\/wp-json\/wp\/v2\/media?parent=65933"}],"wp:term":[{"taxonomy":"category","embeddable":true,"href":"https:\/\/semmelweis.hu\/phd\/wp-json\/wp\/v2\/categories?post=65933"},{"taxonomy":"post_tag","embeddable":true,"href":"https:\/\/semmelweis.hu\/phd\/wp-json\/wp\/v2\/tags?post=65933"}],"curies":[{"name":"wp","href":"https:\/\/api.w.org\/{rel}","templated":true}]}}