{"id":65476,"date":"2025-09-29T10:02:03","date_gmt":"2025-09-29T08:02:03","guid":{"rendered":"https:\/\/semmelweis.hu\/phd\/?page_id=65476"},"modified":"2025-09-30T08:39:29","modified_gmt":"2025-09-30T06:39:29","slug":"ekop-kdp-egyetemi-kutatoi-osztondij-program-kooperativ-doktori-program","status":"publish","type":"page","link":"https:\/\/semmelweis.hu\/phd\/rolunk\/elnyert-palyazatok\/ekop-kdp-egyetemi-kutatoi-osztondij-program-kooperativ-doktori-program\/","title":{"rendered":"EK\u00d6P-KDP-2025 &#8211; Egyetemi Kutat\u00f3i \u00d6szt\u00f6nd\u00edj Program \u2013 Kooperat\u00edv Doktori Program"},"content":{"rendered":"<h4><strong>EK\u00d6P-KDP-2025 \u2013 Egyetemi Kutat\u00f3i \u00d6szt\u00f6nd\u00edj Program \u2013 Kooperat\u00edv Doktori Program<\/strong><\/h4>\n<ul>\n<li><strong>Kedvezm\u00e9nyezett:<\/strong>\u00a0Semmelweis Egyetem<\/li>\n<li><strong>Projekt azonos\u00edt\u00f3 sz\u00e1ma r\u00f6vid\u00edtve: 2025-2.1.2-EK\u00d6P-KDP<\/strong>\u00a0a PUBLIK\u00c1CI\u00d3KON\u00a0k\u00e9rj\u00fck, ezt haszn\u00e1lni<\/li>\n<li><strong>Projekt azonos\u00edt\u00f3 sz\u00e1ma:\u00a0<\/strong>2025-2.1.2-EK\u00d6P-KDP-2025-00007<\/li>\n<li><strong>Forr\u00e1s:<\/strong>\u00a0Nemzeti Kutat\u00e1si, Fejleszt\u00e9si \u00e9s Innov\u00e1ci\u00f3s Alap<\/li>\n<li><strong>T\u00e1mogat\u00e1s \u00f6sszege:\u00a0<\/strong>436 266\u00a0672 Ft<\/li>\n<li><strong>T\u00e1mogat\u00e1s intenzit\u00e1sa:<\/strong>\u00a0100%<\/li>\n<li><strong>Megval\u00f3s\u00edt\u00e1s id\u0151tartama:\u00a0<\/strong>2025.09.01.-2029.08.31.<\/li>\n<\/ul>\n<h5>Projekt c\u00e9lja, t\u00e1mogat\u00e1sra jogosultak k\u00f6re<\/h5>\n<p>Az\u00a0<strong>EK\u00d6P-KDP<\/strong>\u00a0c\u00e9lja a fels\u0151oktat\u00e1si int\u00e9zm\u00e9nyek oktat\u00f3i \u00e9s kutat\u00f3i ut\u00e1np\u00f3tl\u00e1s\u00e1nak, valamint az innovat\u00edv magyar v\u00e1llalkoz\u00e1sok kutat\u00f3-fejleszt\u0151i ut\u00e1np\u00f3tl\u00e1s\u00e1nak biztos\u00edt\u00e1sa, \u00e9s a legtehets\u00e9gesebb hallgat\u00f3k a fels\u0151oktat\u00e1si tehets\u00e9ggondoz\u00e1sba val\u00f3 bevon\u00e1sa. A program 2025. \u00e9vben meghirdet\u00e9sre ker\u00fcl\u0151 \u00f6szt\u00f6nd\u00edjp\u00e1ly\u00e1zatai a fels\u0151oktat\u00e1sban r\u00e9szt vev\u0151 hallgat\u00f3i kiv\u00e1l\u00f3s\u00e1got t\u00e1mogatj\u00e1k olyan doktori k\u00e9pz\u00e9sben r\u00e9szt vev\u0151 hallgat\u00f3k t\u00e1mogat\u00e1s\u00e1val, akik a fels\u0151oktat\u00e1si int\u00e9zm\u00e9nyben eredm\u00e9nyes kutat\u00e1si \u00e9s alkot\u00f3i tev\u00e9kenys\u00e9get folytatnak \u00e9s akik doktori hallgat\u00f3i st\u00e1tuszuk mellett fels\u0151oktat\u00e1si int\u00e9zm\u00e9nyen k\u00edv\u00fcl, els\u0151sorban v\u00e1llalatokn\u00e1l v\u00e9geznek kutat\u00f3munk\u00e1t (munkaviszonyban vagy munkav\u00e9gz\u00e9sre ir\u00e1nyul\u00f3 egy\u00e9b jogviszonyban), amely el\u0151seg\u00edti tudom\u00e1nyos eredm\u00e9nyeik gyakorlati hasznosul\u00e1s\u00e1t.<\/p>\n<h5>SEG\u00c9DLETEK<\/h5>\n<p><a href=\"https:\/\/semmelweis.hu\/phd\/files\/2025\/09\/EKOP-KDP-Havi-kotelezo-konzultaciok-igazololapja_2025.09.01.-2026.01.31.docx\">EK\u00d6P-KDP Havi k\u00f6telez\u0151 konzult\u00e1ci\u00f3k igazol\u00f3lapja 2025.09.01. \u2013 2026.01.31<\/a><\/p>\n<p><a href=\"https:\/\/semmelweis.hu\/phd\/files\/2025\/09\/EKOP-KDP-Havi-kotelezo-konzultaciok-igazololapja_2026.02.01.-2026.08.31.docx\">EK\u00d6P-KDP Havi k\u00f6telez\u0151 konzult\u00e1ci\u00f3k igazol\u00f3lapja 2026.02.01. \u2013 2026.08.31<\/a><\/p>\n<p><a href=\"https:\/\/semmelweis.hu\/phd\/files\/2025\/09\/EKOP-KDP-Havi-kotelezo-konzultaciok-igazololapja_2026.09.01.-2027.01.31.docx\">EK\u00d6P-KDP Havi k\u00f6telez\u0151 konzult\u00e1ci\u00f3k igazol\u00f3lapja 2026.09.01. \u2013 2027.01.31<\/a><\/p>\n<p><a href=\"https:\/\/semmelweis.hu\/phd\/files\/2025\/09\/EKOP-KDP-Havi-kotelezo-konzultaciok-igazololapja_2027.02.01.-2027.08.31.docx\">EK\u00d6P-KDP Havi k\u00f6telez\u0151 konzult\u00e1ci\u00f3k igazol\u00f3lapja 2027.02.01. \u2013 2027.08.31<\/a><\/p>\n<p><a href=\"https:\/\/semmelweis.hu\/phd\/files\/2025\/09\/EKOP-KDP-Havi-kotelezo-konzultaciok-igazololapja_2027.09.01.-2028.01.31.docx\">EK\u00d6P-KDP Havi k\u00f6telez\u0151 konzult\u00e1ci\u00f3k igazol\u00f3lapja 2027.09.01. \u2013 2028.01.31<\/a><\/p>\n<p><a href=\"https:\/\/semmelweis.hu\/phd\/files\/2025\/09\/EKOP-KDP-Havi-kotelezo-konzultaciok-igazololapja_2028.02.01.-2028.08.31.docx\">EK\u00d6P-KDP Havi k\u00f6telez\u0151 konzult\u00e1ci\u00f3k igazol\u00f3lapja 2028.02.01. \u2013 2028.08.31<\/a><\/p>\n<p><a href=\"https:\/\/semmelweis.hu\/phd\/files\/2025\/09\/EKOP-KDP-Havi-kotelezo-konzultaciok-igazololapja_2028.09.01.-2029.01.31.docx\">EK\u00d6P-KDP Havi k\u00f6telez\u0151 konzult\u00e1ci\u00f3k igazol\u00f3lapja 2028.09.01. \u2013 2029.01.31<\/a><\/p>\n<p><a href=\"https:\/\/semmelweis.hu\/phd\/files\/2025\/09\/EKOP-KDP-Havi-kotelezo-konzultaciok-igazololapja_2029.02.01.-2029.08.31.docx\">EK\u00d6P-KDP Havi k\u00f6telez\u0151 konzult\u00e1ci\u00f3k igazol\u00f3lapja 2029.02.01. \u2013 2029.08.31<\/a><\/p>\n<p><a href=\"https:\/\/semmelweis.hu\/phd\/files\/2025\/09\/EKOP-KDP-2025-Sablon-a-havi-konzultacio-vezetesehez.docx\">EK\u00d6P-KDP 2025 Sablon a havi konzult\u00e1ci\u00f3 vezet\u00e9s\u00e9hez<\/a><\/p>\n<p><a href=\"https:\/\/semmelweis.hu\/phd\/files\/2025\/09\/EKOP-KDP-2025_10.sz_.melleklet_hallgatoi_adatvaltozas_bejelento.docx\">EK\u00d6P-KDP-2025_10.sz. mell\u00e9klet hallgat\u00f3i adatv\u00e1ltoz\u00e1s bejelent\u0151<\/a><\/p>\n<p><a href=\"https:\/\/semmelweis.hu\/phd\/files\/2025\/04\/SE-EKOP-KDP-2025-felhivas.pdf\">SE_EK\u00d6P-KDP-2025 felh\u00edv\u00e1s<\/a> <br \/>\nM\u00f3dos\u00edt\u00e1s d\u00e1tuma 2025.05.27.<\/p>\n<p><a href=\"https:\/\/semmelweis.hu\/phd\/files\/2025\/09\/SE-EKOP-KDP-2025-potkiiras.pdf\">SE EK\u00d6P-KDP-2025 p\u00f3tki\u00edr\u00e1s<\/a><\/p>\n<p><a href=\"https:\/\/semmelweis.hu\/gazdalkodas-kfi\/files\/2024\/12\/NKFIA_tajekoztatasi_nyilvanossagi_kotelezettsegek_arculati_kezikonyv2023-1.pdf\">Arculati k\u00e9zik\u00f6nyv<\/a><\/p>\n<p><a href=\"https:\/\/semmelweis.hu\/innovacio\/files\/2024\/12\/NKFIA_tajekoztatasi_nyilvanossagi_kotelezettsegek_arculati_kezikonyv2023-1.pdf\">NKFIH log\u00f3k\u00a0ZIP<\/a> (12 536 KB)<\/p>\n<p><a href=\"https:\/\/tud.sze.hu\/images\/kepek\/EK%C3%96P log%C3%B3.zip\">Egyetemi Kutat\u00f3i \u00d6szt\u00f6nd\u00edj Program log\u00f3k<\/a><\/p>\n<p>A Semmelweis Egyetem EK\u00d6P-KDP-2025 nyertes p\u00e1ly\u00e1zatok list\u00e1ja: felt\u00f6lt\u00e9s alatt<\/p>\n<p>NKFIH EK\u00d6P-KDP-2025 p\u00e1ly\u00e1zati oldala: <br \/>\n<a href=\"https:\/\/nkfih.gov.hu\/palyazoknak\/aktualis-felhivasok\/osztondijak\/egyetemi-kutatoi-osztondij-program-2025\">https:\/\/nkfih.gov.hu\/palyazoknak\/aktualis-felhivasok\/osztondijak\/egyetemi-kutatoi-osztondij-program-2025<\/a><\/p>\n<h5>El\u00e9rhet\u0151s\u00e9g<\/h5>\n<p>EK\u00d6P-KDP \u00fcgyint\u00e9z\u0151 el\u00e9rhet\u0151s\u00e9ge:\u00a0<br \/>\n<a href=\"mailto:ekop-kdp@semmelweis.hu\">ekop-kdp@semmelweis.hu<\/a><\/p>\n<p>Felh\u00edv\u00e1s nyomtatv\u00e1nyai: <br \/>\n<a href=\"https:\/\/semmelweis.hu\/phd\/hallgatoknak\/palyazatok-osztondijak\/ekop-kdp-palyazat\/\">https:\/\/semmelweis.hu\/phd\/hallgatoknak\/palyazatok-osztondijak\/ekop-kdp-palyazat\/<\/a><\/p>\n<p><a href=\"https:\/\/semmelweis.hu\/phd\/hallgatoknak\/palyazatok-osztondijak\/ekop-kdp-palyazat\/\"><img loading=\"lazy\" decoding=\"async\" class=\"alignright wp-image-65444 size-medium\" src=\"https:\/\/semmelweis.hu\/phd\/files\/2025\/09\/NKFIA_infoblokk_kerettel_program_allo_2019_HU-400x220.png\" alt=\"\" width=\"400\" height=\"220\" srcset=\"https:\/\/semmelweis.hu\/phd\/files\/2025\/09\/NKFIA_infoblokk_kerettel_program_allo_2019_HU-400x220.png 400w, https:\/\/semmelweis.hu\/phd\/files\/2025\/09\/NKFIA_infoblokk_kerettel_program_allo_2019_HU-1024x564.png 1024w, https:\/\/semmelweis.hu\/phd\/files\/2025\/09\/NKFIA_infoblokk_kerettel_program_allo_2019_HU-768x423.png 768w, https:\/\/semmelweis.hu\/phd\/files\/2025\/09\/NKFIA_infoblokk_kerettel_program_allo_2019_HU-1536x846.png 1536w, https:\/\/semmelweis.hu\/phd\/files\/2025\/09\/NKFIA_infoblokk_kerettel_program_allo_2019_HU-2048x1128.png 2048w, https:\/\/semmelweis.hu\/phd\/files\/2025\/09\/NKFIA_infoblokk_kerettel_program_allo_2019_HU-753x415.png 753w\" sizes=\"auto, (max-width: 400px) 100vw, 400px\" \/><\/a><\/p>\n","protected":false},"excerpt":{"rendered":"<p>EK\u00d6P-KDP-2025 \u2013 Egyetemi Kutat\u00f3i \u00d6szt\u00f6nd\u00edj Program \u2013 Kooperat\u00edv Doktori Program Kedvezm\u00e9nyezett:\u00a0Semmelweis Egyetem Projekt azonos\u00edt\u00f3 sz\u00e1ma r\u00f6vid\u00edtve: 2025-2.1.2-EK\u00d6P-KDP\u00a0a PUBLIK\u00c1CI\u00d3KON\u00a0k\u00e9rj\u00fck, ezt haszn\u00e1lni Projekt azonos\u00edt\u00f3 sz\u00e1ma:\u00a02025-2.1.2-EK\u00d6P-KDP-2025-00007 Forr\u00e1s:\u00a0Nemzeti Kutat\u00e1si, Fejleszt\u00e9si \u00e9s Innov\u00e1ci\u00f3s Alap T\u00e1mogat\u00e1s \u00f6sszege:\u00a0436 266\u00a0672 Ft T\u00e1mogat\u00e1s intenzit\u00e1sa:\u00a0100% Megval\u00f3s\u00edt\u00e1s id\u0151tartama:\u00a02025.09.01.-2029.08.31. Projekt c\u00e9lja, t\u00e1mogat\u00e1sra jogosultak k\u00f6re Az\u00a0EK\u00d6P-KDP\u00a0c\u00e9lja a fels\u0151oktat\u00e1si int\u00e9zm\u00e9nyek oktat\u00f3i \u00e9s kutat\u00f3i ut\u00e1np\u00f3tl\u00e1s\u00e1nak, valamint az innovat\u00edv magyar v\u00e1llalkoz\u00e1sok &hellip;<\/p>\n","protected":false},"author":102199,"featured_media":0,"parent":65449,"menu_order":0,"comment_status":"closed","ping_status":"closed","template":"template-fullwidth.php","meta":{"_acf_changed":false,"footnotes":""},"categories":[],"tags":[],"class_list":["post-65476","page","type-page","status-publish","hentry"],"acf":[],"_links":{"self":[{"href":"https:\/\/semmelweis.hu\/phd\/wp-json\/wp\/v2\/pages\/65476","targetHints":{"allow":["GET"]}}],"collection":[{"href":"https:\/\/semmelweis.hu\/phd\/wp-json\/wp\/v2\/pages"}],"about":[{"href":"https:\/\/semmelweis.hu\/phd\/wp-json\/wp\/v2\/types\/page"}],"author":[{"embeddable":true,"href":"https:\/\/semmelweis.hu\/phd\/wp-json\/wp\/v2\/users\/102199"}],"replies":[{"embeddable":true,"href":"https:\/\/semmelweis.hu\/phd\/wp-json\/wp\/v2\/comments?post=65476"}],"version-history":[{"count":2,"href":"https:\/\/semmelweis.hu\/phd\/wp-json\/wp\/v2\/pages\/65476\/revisions"}],"predecessor-version":[{"id":65483,"href":"https:\/\/semmelweis.hu\/phd\/wp-json\/wp\/v2\/pages\/65476\/revisions\/65483"}],"up":[{"embeddable":true,"href":"https:\/\/semmelweis.hu\/phd\/wp-json\/wp\/v2\/pages\/65449"}],"wp:attachment":[{"href":"https:\/\/semmelweis.hu\/phd\/wp-json\/wp\/v2\/media?parent=65476"}],"wp:term":[{"taxonomy":"category","embeddable":true,"href":"https:\/\/semmelweis.hu\/phd\/wp-json\/wp\/v2\/categories?post=65476"},{"taxonomy":"post_tag","embeddable":true,"href":"https:\/\/semmelweis.hu\/phd\/wp-json\/wp\/v2\/tags?post=65476"}],"curies":[{"name":"wp","href":"https:\/\/api.w.org\/{rel}","templated":true}]}}