{"id":6532,"date":"2017-03-21T12:25:06","date_gmt":"2017-03-21T11:25:06","guid":{"rendered":"http:\/\/phd.semmelweis.hu\/?page_id=6532"},"modified":"2025-05-15T14:26:13","modified_gmt":"2025-05-15T12:26:13","slug":"doktori-kepzesrol-fokozatszerzesrol","status":"publish","type":"page","link":"https:\/\/semmelweis.hu\/phd\/hallgatoknak\/doktori-kepzesrol-fokozatszerzesrol\/","title":{"rendered":"Doktori k\u00e9pz\u00e9s \u00e9s a fokozatszerz\u00e9s folyamata"},"content":{"rendered":"<div class=\"keretes w-100\">\n<p><strong>A nemzetk\u00f6zileg is elismert <a href=\"https:\/\/semmelweis.hu\/phd\/hallgatoknak\/doktori-avato\/\">doktori oklevelek \u00e1tad\u00e1sra \u00fcnnep\u00e9lyes keretek k\u00f6z\u00f6tt<\/a>, \u00e9vente egy alkalommal, \u0151sszel ker\u00fcl sor.<\/strong><\/p>\n<\/div>\n<h2 style=\"text-align: center\">A doktori k\u00e9pz\u00e9s \u00e9s a fokozatszerz\u00e9s folyamat\u00e1br\u00e1ja<\/h2>\n<h3 style=\"text-align: center\">Szervezett k\u00e9pz\u00e9sben (1. k\u00e9p) \u00e9s egy\u00e9ni fokozatszerz\u00e9s eset\u00e9n (2. k\u00e9p)<\/h3>\n<p><a href=\"https:\/\/semmelweis.hu\/phd\/files\/2025\/05\/Kepzesben-levok.png\"><img loading=\"lazy\" decoding=\"async\" class=\"aligncenter wp-image-64817 size-full\" src=\"https:\/\/semmelweis.hu\/phd\/files\/2025\/05\/Kepzesben-levok.png\" alt=\"\" width=\"2032\" height=\"3392\" srcset=\"https:\/\/semmelweis.hu\/phd\/files\/2025\/05\/Kepzesben-levok.png 2032w, https:\/\/semmelweis.hu\/phd\/files\/2025\/05\/Kepzesben-levok-240x400.png 240w, https:\/\/semmelweis.hu\/phd\/files\/2025\/05\/Kepzesben-levok-613x1024.png 613w, https:\/\/semmelweis.hu\/phd\/files\/2025\/05\/Kepzesben-levok-768x1282.png 768w, https:\/\/semmelweis.hu\/phd\/files\/2025\/05\/Kepzesben-levok-920x1536.png 920w, https:\/\/semmelweis.hu\/phd\/files\/2025\/05\/Kepzesben-levok-1227x2048.png 1227w, https:\/\/semmelweis.hu\/phd\/files\/2025\/05\/Kepzesben-levok-753x1257.png 753w\" sizes=\"auto, (max-width: 2032px) 100vw, 2032px\" \/><\/a><\/p>\n<p>&nbsp;<\/p>\n<hr \/>\n<p><a href=\"https:\/\/semmelweis.hu\/phd\/files\/2025\/05\/Egyeni-fokozatszerzok_friss.png\"><img loading=\"lazy\" decoding=\"async\" class=\"size-full wp-image-64822 aligncenter\" src=\"https:\/\/semmelweis.hu\/phd\/files\/2025\/05\/Egyeni-fokozatszerzok_friss.png\" alt=\"\" width=\"2031\" height=\"2724\" srcset=\"https:\/\/semmelweis.hu\/phd\/files\/2025\/05\/Egyeni-fokozatszerzok_friss.png 2031w, https:\/\/semmelweis.hu\/phd\/files\/2025\/05\/Egyeni-fokozatszerzok_friss-298x400.png 298w, https:\/\/semmelweis.hu\/phd\/files\/2025\/05\/Egyeni-fokozatszerzok_friss-763x1024.png 763w, https:\/\/semmelweis.hu\/phd\/files\/2025\/05\/Egyeni-fokozatszerzok_friss-768x1030.png 768w, https:\/\/semmelweis.hu\/phd\/files\/2025\/05\/Egyeni-fokozatszerzok_friss-1145x1536.png 1145w, https:\/\/semmelweis.hu\/phd\/files\/2025\/05\/Egyeni-fokozatszerzok_friss-1527x2048.png 1527w, https:\/\/semmelweis.hu\/phd\/files\/2025\/05\/Egyeni-fokozatszerzok_friss-753x1010.png 753w\" sizes=\"auto, (max-width: 2031px) 100vw, 2031px\" \/><\/a><\/p>\n<p>&nbsp;<\/p>\n<p>&nbsp;<\/p>\n<p>&nbsp;<\/p>\n<p>&nbsp;<\/p>\n<p>&nbsp;<\/p>\n","protected":false},"excerpt":{"rendered":"<p>A nemzetk\u00f6zileg is elismert <a href=\"https:\/\/semmelweis.hu\/phd\/hallgatoknak\/doktori-avato\/\">doktori oklevelek \u00e1tad\u00e1sra \u00fcnnep\u00e9lyes keretek k\u00f6z\u00f6tt<\/a>, \u00e9vente egy alkalommal, \u0151sszel ker\u00fcl sor.<\/p>\n<p>A doktori k\u00e9pz\u00e9s \u00e9s a fokozatszerz\u00e9s folyamat\u00e1br\u00e1ja<br \/>\nSzervezett k\u00e9pz\u00e9sben (1. k\u00e9p) \u00e9s egy\u00e9ni fokozatszerz\u00e9s eset\u00e9n (2. k\u00e9p)<br \/>\n<a href=\"https:\/\/semmelweis.hu\/phd\/files\/2025\/05\/Kepzesben-levok.png\"><\/a><br \/>\n&nbsp;<\/p>\n<p><a href=\"https:\/\/semmelweis.hu\/phd\/files\/2025\/05\/Egyeni-fokozatszerzok_friss.png\"><\/a><br \/>\n&nbsp;<br \/>\n&nbsp;<br \/>\n&nbsp;<br \/>\n&nbsp;<br \/>\n&nbsp;<\/p>\n","protected":false},"author":158,"featured_media":0,"parent":367,"menu_order":0,"comment_status":"closed","ping_status":"closed","template":"template-fullwidth.php","meta":{"_acf_changed":false,"footnotes":""},"categories":[1],"tags":[],"class_list":["post-6532","page","type-page","status-publish","hentry","category-hirek"],"acf":[],"_links":{"self":[{"href":"https:\/\/semmelweis.hu\/phd\/wp-json\/wp\/v2\/pages\/6532","targetHints":{"allow":["GET"]}}],"collection":[{"href":"https:\/\/semmelweis.hu\/phd\/wp-json\/wp\/v2\/pages"}],"about":[{"href":"https:\/\/semmelweis.hu\/phd\/wp-json\/wp\/v2\/types\/page"}],"author":[{"embeddable":true,"href":"https:\/\/semmelweis.hu\/phd\/wp-json\/wp\/v2\/users\/158"}],"replies":[{"embeddable":true,"href":"https:\/\/semmelweis.hu\/phd\/wp-json\/wp\/v2\/comments?post=6532"}],"version-history":[{"count":13,"href":"https:\/\/semmelweis.hu\/phd\/wp-json\/wp\/v2\/pages\/6532\/revisions"}],"predecessor-version":[{"id":64823,"href":"https:\/\/semmelweis.hu\/phd\/wp-json\/wp\/v2\/pages\/6532\/revisions\/64823"}],"up":[{"embeddable":true,"href":"https:\/\/semmelweis.hu\/phd\/wp-json\/wp\/v2\/pages\/367"}],"wp:attachment":[{"href":"https:\/\/semmelweis.hu\/phd\/wp-json\/wp\/v2\/media?parent=6532"}],"wp:term":[{"taxonomy":"category","embeddable":true,"href":"https:\/\/semmelweis.hu\/phd\/wp-json\/wp\/v2\/categories?post=6532"},{"taxonomy":"post_tag","embeddable":true,"href":"https:\/\/semmelweis.hu\/phd\/wp-json\/wp\/v2\/tags?post=6532"}],"curies":[{"name":"wp","href":"https:\/\/api.w.org\/{rel}","templated":true}]}}