{"id":63542,"date":"2024-11-11T16:02:45","date_gmt":"2024-11-11T15:02:45","guid":{"rendered":"https:\/\/semmelweis.hu\/phd\/?page_id=63542"},"modified":"2024-11-15T16:59:45","modified_gmt":"2024-11-15T15:59:45","slug":"cardiovascular-topics","status":"publish","type":"page","link":"https:\/\/semmelweis.hu\/phd\/en\/doctoral-divisions\/cardiovascular-medicine-and-research-division\/cardiovascular-topics\/","title":{"rendered":"Topics of the Cardiovascular Medicine and Research Division"},"content":{"rendered":"\n<table id=\"tablepress-10\" class=\"tablepress tablepress-id-10\">\n<thead>\n<tr class=\"row-1\">\n\t<th class=\"column-1\">Title of the topic<\/th><th class=\"column-2\">Supervisor<\/th><th class=\"column-3\">Email address<\/th><th class=\"column-4\">Program<\/th>\n<\/tr>\n<\/thead>\n<tbody class=\"row-striping row-hover\">\n<tr class=\"row-2\">\n\t<td class=\"column-1\">The incidence, significance and treatment of the various forms of ischemic heart disease (IHD), analysis of factors influencing the short- and long-term effectiveness<\/td><td class=\"column-2\">Becker D\u00e1vid<\/td><td class=\"column-3\">becker.david@semmelweis.hu<\/td><td class=\"column-4\">Cardiovascular Disorders: Physiology and Medicine of Ischaemic Circulatory Diseases program<\/td>\n<\/tr>\n<tr class=\"row-3\">\n\t<td class=\"column-1\">Implementing artificial intelligence in cardiovascular disease<\/td><td class=\"column-2\">Becker D\u00e1vid<\/td><td class=\"column-3\">becker.david@semmelweis.hu<\/td><td class=\"column-4\">Cardiovascular Disorders: Physiology and Medicine of Ischaemic Circulatory Diseases program<\/td>\n<\/tr>\n<tr class=\"row-4\">\n\t<td class=\"column-1\">Newfront possibilities of donor heart preservation in cardiac transplantation<\/td><td class=\"column-2\">Benke K\u00e1lm\u00e1n<\/td><td class=\"column-3\">benke.kalman@semmelweis.hu<\/td><td class=\"column-4\">Cardiovascular Disorders: Physiology and Medicine of Ischaemic Circulatory Diseases program<\/td>\n<\/tr>\n<tr class=\"row-5\">\n\t<td class=\"column-1\">Structural Phenotyping of Arrhythmias and Device-Based Heart Failure Therapy: An MR-, CCTA-, and PCCT-Based Approach<\/td><td class=\"column-2\">Drobni Zs\u00f3fia<\/td><td class=\"column-3\">zsofi.drobni@gmail.com<\/td><td class=\"column-4\">Cardiovascular Disorders: Physiology and Medicine of Ischaemic Circulatory Diseases program<\/td>\n<\/tr>\n<tr class=\"row-6\">\n\t<td class=\"column-1\">Drug and non-pharmacological management strategies and diagnostic approaches for patients with cardiac arrhythmias and heart failure<\/td><td class=\"column-2\">Duray G\u00e1bor<\/td><td class=\"column-3\">gduray@yahoo.com<\/td><td class=\"column-4\">Cardiovascular Disorders: Physiology and Medicine of Ischaemic Circulatory Diseases program<\/td>\n<\/tr>\n<tr class=\"row-7\">\n\t<td class=\"column-1\">Intracoronary, morphological assessment of non-conventional coronary artery disease and efficacy evaluation of novel therapeutic methods<\/td><td class=\"column-2\">\u00c9des Istv\u00e1n Ferenc<\/td><td class=\"column-3\">edes.istvan@semmelweis.hu<\/td><td class=\"column-4\">Cardiovascular Disorders: Physiology and Medicine of Ischaemic Circulatory Diseases program<\/td>\n<\/tr>\n<tr class=\"row-8\">\n\t<td class=\"column-1\">Functional and morphological assessment of the right heart in cardiac diseases using advanced echocardiographic techniques.<\/td><td class=\"column-2\">F\u00e1bi\u00e1n Alexandra<\/td><td class=\"column-3\">fabian.alexandra@semmelweis.hu<\/td><td class=\"column-4\">Cardiovascular Disorders: Physiology and Medicine of Ischaemic Circulatory Diseases program<\/td>\n<\/tr>\n<tr class=\"row-9\">\n\t<td class=\"column-1\">Pathophysiology, diagnostics and prognostics of acute illnesses<\/td><td class=\"column-2\">Fenyves B\u00e1nk G\u00e1bor<\/td><td class=\"column-3\">fenyves.bank@semmelweis.hu<\/td><td class=\"column-4\">Cardiovascular Disorders: Physiology and Medicine of Ischaemic Circulatory Diseases program<\/td>\n<\/tr>\n<tr class=\"row-10\">\n\t<td class=\"column-1\">Sociocultural and psychological factors as the risk for cardiovascular diseases<\/td><td class=\"column-2\">Folyovich Andr\u00e1s<\/td><td class=\"column-3\">andras.folyovich@janoskorhaz.hu<\/td><td class=\"column-4\">Cardiovascular Disorders: Physiology and Medicine of Ischaemic Circulatory Diseases program<\/td>\n<\/tr>\n<tr class=\"row-11\">\n\t<td class=\"column-1\">Importance of medical nutrition therapy of stroke patients<\/td><td class=\"column-2\">Folyovich Andr\u00e1s<\/td><td class=\"column-3\">andras.folyovich@janoskorhaz.hu<\/td><td class=\"column-4\">Cardiovascular Disorders: Physiology and Medicine of Ischaemic Circulatory Diseases program<\/td>\n<\/tr>\n<tr class=\"row-12\">\n\t<td class=\"column-1\">Progenitor cells in cardiovascular remodelling and regeneration: in vivo and in vitro studies<\/td><td class=\"column-2\">F\u00f6ldes G\u00e1bor<\/td><td class=\"column-3\">foldes.gabor@semmelweis.hu<\/td><td class=\"column-4\">Cardiovascular Disorders: Physiology and Medicine of Ischaemic Circulatory Diseases program<\/td>\n<\/tr>\n<tr class=\"row-13\">\n\t<td class=\"column-1\">Clinical and experimental electrophysiology<\/td><td class=\"column-2\">Gell\u00e9r L\u00e1szl\u00f3<\/td><td class=\"column-3\">geller.laszlo@semmelweis.hu<\/td><td class=\"column-4\">Cardiovascular Disorders: Physiology and Medicine of Ischaemic Circulatory Diseases program<\/td>\n<\/tr>\n<tr class=\"row-14\">\n\t<td class=\"column-1\">Investigation of the ischemic adaptation of the heart in presence of comorbidities in in vitro cell culture models<\/td><td class=\"column-2\">G\u00f6rbe Anik\u00f3<\/td><td class=\"column-3\">gorbe.aniko@semmelweis.hu<\/td><td class=\"column-4\">Cardiovascular Disorders: Physiology and Medicine of Ischaemic Circulatory Diseases program<\/td>\n<\/tr>\n<tr class=\"row-15\">\n\t<td class=\"column-1\">Identification and analysis of prognostically important factors in acute coronary syndrome patients treated with percutaneous coronary intervention<\/td><td class=\"column-2\">Hizoh Istv\u00e1n<\/td><td class=\"column-3\">hizoh.istvan@semmelweis.hu<\/td><td class=\"column-4\">Cardiovascular Disorders: Physiology and Medicine of Ischaemic Circulatory Diseases program<\/td>\n<\/tr>\n<tr class=\"row-16\">\n\t<td class=\"column-1\">Pharmacological and Device treatment of chronic heart failure<\/td><td class=\"column-2\">Kosztin Annam\u00e1ria<\/td><td class=\"column-3\">kosztin.annamaria@semmelweis.hu<\/td><td class=\"column-4\">Cardiovascular Disorders: Physiology and Medicine of Ischaemic Circulatory Diseases program<\/td>\n<\/tr>\n<tr class=\"row-17\">\n\t<td class=\"column-1\">Myocardial mechanics in left-sided and right-sided heart failure<\/td><td class=\"column-2\">Kov\u00e1cs Attila<\/td><td class=\"column-3\">kovatti@gmail.com<\/td><td class=\"column-4\">Cardiovascular Disorders: Physiology and Medicine of Ischaemic Circulatory Diseases program<\/td>\n<\/tr>\n<tr class=\"row-18\">\n\t<td class=\"column-1\">Advanced echocardiographic measures in altered cardiac loading conditions<\/td><td class=\"column-2\">Lakatos B\u00e1lint K\u00e1roly<\/td><td class=\"column-3\">lakatos.balint@semmelweis.hu<\/td><td class=\"column-4\">Cardiovascular Disorders: Physiology and Medicine of Ischaemic Circulatory Diseases program<\/td>\n<\/tr>\n<tr class=\"row-19\">\n\t<td class=\"column-1\">Precision medicine-focused clinical research in emergency care<\/td><td class=\"column-2\">Melicher D\u00f3ra<\/td><td class=\"column-3\">melicher.dora@semmelweis.hu<\/td><td class=\"column-4\">Cardiovascular Disorders: Physiology and Medicine of Ischaemic Circulatory Diseases program<\/td>\n<\/tr>\n<tr class=\"row-20\">\n\t<td class=\"column-1\">Emergency care of oncology patients<\/td><td class=\"column-2\">Melicher D\u00f3ra<\/td><td class=\"column-3\">melicher.dora@semmelweis.hu<\/td><td class=\"column-4\">Cardiovascular Disorders: Physiology and Medicine of Ischaemic Circulatory Diseases program<\/td>\n<\/tr>\n<tr class=\"row-21\">\n\t<td class=\"column-1\">Cardiovascular Effects of Spaceflight: Physiological Adaptations and Clinical Relevance<\/td><td class=\"column-2\">Nagy Klaudia Vivien<\/td><td class=\"column-3\">nagy.klaudia.vivien@semmelweis.hu<\/td><td class=\"column-4\">Cardiovascular Disorders: Physiology and Medicine of Ischaemic Circulatory Diseases program<\/td>\n<\/tr>\n<tr class=\"row-22\">\n\t<td class=\"column-1\">Development, Integration, and Clinical Decision-Support Data Processing of an ICU E-Charting System<\/td><td class=\"column-2\">N\u00e9meth Endre<\/td><td class=\"column-3\">e.nemeth@yahoo.co.uk<\/td><td class=\"column-4\">Cardiovascular Disorders: Physiology and Medicine of Ischaemic Circulatory Diseases program<\/td>\n<\/tr>\n<tr class=\"row-23\">\n\t<td class=\"column-1\">Interventional treatment and assessment of the coronary artery disease in severe peripheral artery disease<\/td><td class=\"column-2\">Ruzsa Zolt\u00e1n<\/td><td class=\"column-3\">ruzsa.zoltan@med.u-szeged.hu<\/td><td class=\"column-4\">Cardiovascular Disorders: Physiology and Medicine of Ischaemic Circulatory Diseases program<\/td>\n<\/tr>\n<tr class=\"row-24\">\n\t<td class=\"column-1\">Sports cardiology evaluation and performance assessment<\/td><td class=\"column-2\">Syd\u00f3 N\u00f3ra<\/td><td class=\"column-3\">sydo.nora@semmelweis.hu<\/td><td class=\"column-4\">Cardiovascular Disorders: Physiology and Medicine of Ischaemic Circulatory Diseases program<\/td>\n<\/tr>\n<tr class=\"row-25\">\n\t<td class=\"column-1\">The role of modern imaging in atrial fibrillation ablation<\/td><td class=\"column-2\">Szegedi N\u00e1ndor<\/td><td class=\"column-3\">szegedi.nandor@semmelweis.hu<\/td><td class=\"column-4\">Cardiovascular Disorders: Physiology and Medicine of Ischaemic Circulatory Diseases program<\/td>\n<\/tr>\n<tr class=\"row-26\">\n\t<td class=\"column-1\">The role of energy sources in the ablation of cardiac arrhythmias<\/td><td class=\"column-2\">Szegedi N\u00e1ndor<\/td><td class=\"column-3\">szegedi.nandor@semmelweis.hu<\/td><td class=\"column-4\">Cardiovascular Disorders: Physiology and Medicine of Ischaemic Circulatory Diseases program<\/td>\n<\/tr>\n<tr class=\"row-27\">\n\t<td class=\"column-1\">Influence of meteorological changes on the outcome of heart and vascular surgery<\/td><td class=\"column-2\">Sz\u00e9kely Andrea<\/td><td class=\"column-3\">szekely.andrea1@semmelweis.hu<\/td><td class=\"column-4\">Cardiovascular Disorders: Physiology and Medicine of Ischaemic Circulatory Diseases program<\/td>\n<\/tr>\n<tr class=\"row-28\">\n\t<td class=\"column-1\">Endocrine aspects of heart surgery and or transplantation<\/td><td class=\"column-2\">Sz\u00e9kely Andrea<\/td><td class=\"column-3\">szekely.andrea1@semmelweis.hu<\/td><td class=\"column-4\">Cardiovascular Disorders: Physiology and Medicine of Ischaemic Circulatory Diseases program<\/td>\n<\/tr>\n<tr class=\"row-29\">\n\t<td class=\"column-1\">Genetic and epigenetic markers assessing sepsis risk in patiens with infection<\/td><td class=\"column-2\">Sz\u00e9kely Andrea<\/td><td class=\"column-3\">szekely.andrea1@semmelweis.hu<\/td><td class=\"column-4\">Cardiovascular Disorders: Physiology and Medicine of Ischaemic Circulatory Diseases program<\/td>\n<\/tr>\n<tr class=\"row-30\">\n\t<td class=\"column-1\">Functional assessment of coronary artery disease using CT angiography<\/td><td class=\"column-2\">Szilveszter B\u00e1lint<\/td><td class=\"column-3\">szilveszter.balint@semmelweis.hu<\/td><td class=\"column-4\">Cardiovascular Disorders: Physiology and Medicine of Ischaemic Circulatory Diseases program<\/td>\n<\/tr>\n<tr class=\"row-31\">\n\t<td class=\"column-1\">Quantitative assessment of coronary artery disease using coronary CT angiography<\/td><td class=\"column-2\">Szilveszter B\u00e1lint<\/td><td class=\"column-3\">szilveszter.balint@semmelweis.hu<\/td><td class=\"column-4\">Cardiovascular Disorders: Physiology and Medicine of Ischaemic Circulatory Diseases program<\/td>\n<\/tr>\n<tr class=\"row-32\">\n\t<td class=\"column-1\">Phantom studies modeling coronary plaques for the optimization of photon-counting CT imaging parameters<\/td><td class=\"column-2\">Szilveszter B\u00e1lint<\/td><td class=\"column-3\">szilveszter.balint@semmelweis.hu<\/td><td class=\"column-4\">Cardiovascular Disorders: Physiology and Medicine of Ischaemic Circulatory Diseases program<\/td>\n<\/tr>\n<tr class=\"row-33\">\n\t<td class=\"column-1\">Application of artificial itelligence for the automatic detection of imaging biomarkers using CT angiography<\/td><td class=\"column-2\">Szilveszter B\u00e1lint<\/td><td class=\"column-3\">szilveszter.balint@semmelweis.hu<\/td><td class=\"column-4\">Cardiovascular Disorders: Physiology and Medicine of Ischaemic Circulatory Diseases program<\/td>\n<\/tr>\n<tr class=\"row-34\">\n\t<td class=\"column-1\">Determination of cardiac morphological and functional changes in physiological sports adaptation and pathological conditions using cardiac magnetic resonance imaging<\/td><td class=\"column-2\">V\u00e1g\u00f3 Hajnalka<\/td><td class=\"column-3\">vago.hajnalka@semmelweis.hu<\/td><td class=\"column-4\">Cardiovascular Disorders: Physiology and Medicine of Ischaemic Circulatory Diseases program<\/td>\n<\/tr>\n<tr class=\"row-35\">\n\t<td class=\"column-1\">The development of a new, efficient therapy for heart failure with preserved ejection fraction (HFPEF), wich is able to favourably influence the pathomechanism<\/td><td class=\"column-2\">Vereckei Andr\u00e1s<\/td><td class=\"column-3\">vereckei.andras@semmelweis.hu<\/td><td class=\"column-4\">Cardiovascular Disorders: Physiology and Medicine of Ischaemic Circulatory Diseases program<\/td>\n<\/tr>\n<tr class=\"row-36\">\n\t<td class=\"column-1\">The role of new electrocardiographic methods in the better selection of patients for cardiac resynchronization therapy<\/td><td class=\"column-2\">Vereckei Andr\u00e1s<\/td><td class=\"column-3\">vereckei.andras@semmelweis.hu<\/td><td class=\"column-4\">Cardiovascular Disorders: Physiology and Medicine of Ischaemic Circulatory Diseases program<\/td>\n<\/tr>\n<tr class=\"row-37\">\n\t<td class=\"column-1\">Diagnostic imaging and endovascular treatment of vascular disease<\/td><td class=\"column-2\">Csobay-Nov\u00e1k Csaba<\/td><td class=\"column-3\">csobay.csaba@semmelweis.hu<\/td><td class=\"column-4\">Clinical and Experimental Research in Angiology program<\/td>\n<\/tr>\n<tr class=\"row-38\">\n\t<td class=\"column-1\">Complex analysis of medical documentation<\/td><td class=\"column-2\">Fogarasi Katalin<\/td><td class=\"column-3\">fogarasi.katalin@semmelweis.hu<\/td><td class=\"column-4\">Mechanisms of tissue adaptation program<\/td>\n<\/tr>\n<tr class=\"row-39\">\n\t<td class=\"column-1\">The Regeneration of the Hand<\/td><td class=\"column-2\">Hetth\u00e9ssy Judit<\/td><td class=\"column-3\">drhjr612@gmail.com<\/td><td class=\"column-4\">Mechanisms of tissue adaptation program<\/td>\n<\/tr>\n<tr class=\"row-40\">\n\t<td class=\"column-1\">Innovative Diagnostic and Therapeutic Approaches in<br \/>\nGynecology: The Role of Biomarkers, Imaging Techniques,<br \/>\nand Targeted Therapies<\/td><td class=\"column-2\">Keszthelyi M\u00e1rton<\/td><td class=\"column-3\">keszthelyi.marton@semmelweis.hu<\/td><td class=\"column-4\">Mechanisms of tissue adaptation program<\/td>\n<\/tr>\n<tr class=\"row-41\">\n\t<td class=\"column-1\">Innovative surgical and intimate plastic surgical procedures in obstetrics and gynecology<\/td><td class=\"column-2\">S\u00e1ra Levente<\/td><td class=\"column-3\">sara.levente@semmelweis.hu<\/td><td class=\"column-4\">Mechanisms of tissue adaptation program<\/td>\n<\/tr>\n<tr class=\"row-42\">\n\t<td class=\"column-1\">Potential uses of PRP (Platelet rich plasma) and PRF (Platelet rich fibrin) matrix<\/td><td class=\"column-2\">Szab\u00f3 Gy\u00f6rgyi<\/td><td class=\"column-3\">szabo.gyorgyi@semmelweis.hu.<\/td><td class=\"column-4\">Mechanisms of tissue adaptation program<\/td>\n<\/tr>\n<tr class=\"row-43\">\n\t<td class=\"column-1\">Effect of desiccation, ischemia-reperfusion on tissue flow and free radical formation<\/td><td class=\"column-2\">Szab\u00f3 Gy\u00f6rgyi<\/td><td class=\"column-3\">szabo.gyorgyi@semmelweis.hu.<\/td><td class=\"column-4\">Mechanisms of tissue adaptation program<\/td>\n<\/tr>\n<tr class=\"row-44\">\n\t<td class=\"column-1\">The process of adhesion formation following surgical interventions, key factors, ways of prevention<\/td><td class=\"column-2\">Szab\u00f3 Gy\u00f6rgyi<\/td><td class=\"column-3\">szabo.gyorgyi@semmelweis.hu.<\/td><td class=\"column-4\">Mechanisms of tissue adaptation program<\/td>\n<\/tr>\n<tr class=\"row-45\">\n\t<td class=\"column-1\">Endocrinological features, treatment options and pathomechanism of polycystic ovary syndrome<\/td><td class=\"column-2\">V\u00e1rb\u00edr\u00f3 Szabolcs<\/td><td class=\"column-3\">varbiro.szabolcs@semmelweis.hu<\/td><td class=\"column-4\">Mechanisms of tissue adaptation program<\/td>\n<\/tr>\n<tr class=\"row-46\">\n\t<td class=\"column-1\">Endocrine alterations in polycystic ovary syndrome and in premature ovarian failure<\/td><td class=\"column-2\">V\u00e1rb\u00edr\u00f3 Szabolcs<\/td><td class=\"column-3\">varbiro.szabolcs@semmelweis.hu<\/td><td class=\"column-4\">Mechanisms of tissue adaptation program<\/td>\n<\/tr>\n<tr class=\"row-47\">\n\t<td class=\"column-1\">Atherosclerotic coronary plaque assessment with non-invasive imaging techniques<\/td><td class=\"column-2\">Maurovich-Horvat P\u00e1l<\/td><td class=\"column-3\">maurovich.horvat.pal@semmelweis.hu<\/td><td class=\"column-4\">Medical imaging and radiotheranostics program<\/td>\n<\/tr>\n<tr class=\"row-48\">\n\t<td class=\"column-1\">Optimization of single versus dual-source photon-counting detector CT settings for cardiovascular disease assessment<\/td><td class=\"column-2\">Maurovich-Horvat P\u00e1l<\/td><td class=\"column-3\">maurovich.horvat.pal@semmelweis.hu<\/td><td class=\"column-4\">Medical imaging and radiotheranostics program<\/td>\n<\/tr>\n<tr class=\"row-49\">\n\t<td class=\"column-1\">Optimitzation of Photon-Counting Detector CT for Cardiovascular Imaging<\/td><td class=\"column-2\">Maurovich-Horvat P\u00e1l, Varga-Szemes \u00c1kos<\/td><td class=\"column-3\">maurovich.horvat.pal@semmelweis.hu, vargaasz@musc.edu<\/td><td class=\"column-4\">Medical imaging and radiotheranostics program<\/td>\n<\/tr>\n<tr class=\"row-50\">\n\t<td class=\"column-1\">The Role of Artificial Intelligence in the Diagnosis and Prognosis of COVID-19 Pneumonia<\/td><td class=\"column-2\">Simon Judit<\/td><td class=\"column-3\">simon.judit@semmelweis.hu<\/td><td class=\"column-4\">Medical imaging and radiotheranostics program<\/td>\n<\/tr>\n<tr class=\"row-51\">\n\t<td class=\"column-1\">Radiology related cardiovascular and other twin studies<\/td><td class=\"column-2\">T\u00e1rnoki \u00c1d\u00e1m<\/td><td class=\"column-3\">tarnoki.adam@semmelweis.hu<\/td><td class=\"column-4\">Medical imaging and radiotheranostics program<\/td>\n<\/tr>\n<tr class=\"row-52\">\n\t<td class=\"column-1\">Radiomics and AI research in medical imaging<\/td><td class=\"column-2\">T\u00e1rnoki \u00c1d\u00e1m<\/td><td class=\"column-3\">tarnoki.adam@semmelweis.hu<\/td><td class=\"column-4\">Medical imaging and radiotheranostics program<\/td>\n<\/tr>\n<tr class=\"row-53\">\n\t<td class=\"column-1\">Imaging related, respiratory and other twin studies<\/td><td class=\"column-2\">T\u00e1rnoki D\u00e1vid<\/td><td class=\"column-3\">tarnoki.david@semmelweis.hu<\/td><td class=\"column-4\">Medical imaging and radiotheranostics program<\/td>\n<\/tr>\n<tr class=\"row-54\">\n\t<td class=\"column-1\">Imaging studies of interstitial and other lung diseases<\/td><td class=\"column-2\">T\u00e1rnoki D\u00e1vid<\/td><td class=\"column-3\">tarnoki.david@semmelweis.hu<\/td><td class=\"column-4\">Medical imaging and radiotheranostics program<\/td>\n<\/tr>\n<tr class=\"row-55\">\n\t<td class=\"column-1\">Examination of complex diseases with the twin and radiomic studies. Radiological appearance of interstitial and other lung diseases<\/td><td class=\"column-2\">T\u00e1rnoki \u00c1d\u00e1m, T\u00e1rnoki D\u00e1vid<\/td><td class=\"column-3\">tarnoki.adam@semmelweis.hu, tarnoki.david@semmelweis.hu<\/td><td class=\"column-4\">Medical imaging and radiotheranostics program<\/td>\n<\/tr>\n<tr class=\"row-56\">\n\t<td class=\"column-1\">Developement and clinical evaluation of novel neuroradiology MRI techniques<\/td><td class=\"column-2\">Varga-Szemes \u00c1kos<\/td><td class=\"column-3\">vargaasz@musc.edu<\/td><td class=\"column-4\">Medical imaging and radiotheranostics program<\/td>\n<\/tr>\n<tr class=\"row-57\">\n\t<td class=\"column-1\">Diagnostic imaging and endovascular treatment of vascular disease<\/td><td class=\"column-2\">Csobay-Nov\u00e1k Csaba<\/td><td class=\"column-3\">csobay.csaba@semmelweis.hu<\/td><td class=\"column-4\">Diagnostic and Therapeutic Radiological Research program<\/td>\n<\/tr>\n<tr class=\"row-58\">\n\t<td class=\"column-1\">Interventional radiology procedures inducing liver regeneration<\/td><td class=\"column-2\">Korda D\u00e1vid<\/td><td class=\"column-3\">korda.david@semmelweis.hu<\/td><td class=\"column-4\">Diagnostic and Therapeutic Radiological Research program<\/td>\n<\/tr>\n<\/tbody>\n<\/table>\n<!-- #tablepress-10 from cache -->\n<p><a href=\"https:\/\/semmelweis.hu\/phd\/en\/doctoral-divisions\/cardiovascular-medicine-and-research-division\/\" target=\"_self\" rel=\"noopener\">\u2190 Cardiovascular Medicine and Research Division<\/a><\/p>\n<p>&nbsp;<\/p>\n","protected":false},"excerpt":{"rendered":"<p><a href=\"https:\/\/semmelweis.hu\/phd\/en\/doctoral-divisions\/cardiovascular-medicine-and-research-division\/\" target=\"_self\" rel=\"noopener\">\u2190 Cardiovascular Medicine and Research Division<\/a><br \/>\n&nbsp;<\/p>\n","protected":false},"author":12,"featured_media":0,"parent":16340,"menu_order":0,"comment_status":"closed","ping_status":"closed","template":"template-fullwidth.php","meta":{"_acf_changed":false,"footnotes":""},"categories":[],"tags":[309],"class_list":["post-63542","page","type-page","status-publish","hentry","tag-topics"],"acf":[],"_links":{"self":[{"href":"https:\/\/semmelweis.hu\/phd\/wp-json\/wp\/v2\/pages\/63542","targetHints":{"allow":["GET"]}}],"collection":[{"href":"https:\/\/semmelweis.hu\/phd\/wp-json\/wp\/v2\/pages"}],"about":[{"href":"https:\/\/semmelweis.hu\/phd\/wp-json\/wp\/v2\/types\/page"}],"author":[{"embeddable":true,"href":"https:\/\/semmelweis.hu\/phd\/wp-json\/wp\/v2\/users\/12"}],"replies":[{"embeddable":true,"href":"https:\/\/semmelweis.hu\/phd\/wp-json\/wp\/v2\/comments?post=63542"}],"version-history":[{"count":6,"href":"https:\/\/semmelweis.hu\/phd\/wp-json\/wp\/v2\/pages\/63542\/revisions"}],"predecessor-version":[{"id":63552,"href":"https:\/\/semmelweis.hu\/phd\/wp-json\/wp\/v2\/pages\/63542\/revisions\/63552"}],"up":[{"embeddable":true,"href":"https:\/\/semmelweis.hu\/phd\/wp-json\/wp\/v2\/pages\/16340"}],"wp:attachment":[{"href":"https:\/\/semmelweis.hu\/phd\/wp-json\/wp\/v2\/media?parent=63542"}],"wp:term":[{"taxonomy":"category","embeddable":true,"href":"https:\/\/semmelweis.hu\/phd\/wp-json\/wp\/v2\/categories?post=63542"},{"taxonomy":"post_tag","embeddable":true,"href":"https:\/\/semmelweis.hu\/phd\/wp-json\/wp\/v2\/tags?post=63542"}],"curies":[{"name":"wp","href":"https:\/\/api.w.org\/{rel}","templated":true}]}}