{"id":63063,"date":"2024-10-03T15:37:05","date_gmt":"2024-10-03T13:37:05","guid":{"rendered":"https:\/\/semmelweis.hu\/phd\/?page_id=63063"},"modified":"2024-10-08T13:39:27","modified_gmt":"2024-10-08T11:39:27","slug":"doktori-avato","status":"publish","type":"page","link":"https:\/\/semmelweis.hu\/phd\/hallgatoknak\/doktori-avato\/","title":{"rendered":"Doktorjel\u00f6ltek avat\u00e1sa"},"content":{"rendered":"<div class=\"keretes w-100\">\n<p>A PhD fokozatot szerzett <strong>doktorjel\u00f6ltek avat\u00e1s\u00e1ra \u00e9s az \u00fcnnep\u00e9lyes diploma\u00e1tad\u00e1sra<\/strong> \u00e9vente egyszer,\u00a0november v\u00e9g\u00e9n, az egyetemi napon, az \u00fan. Dies Academicus-on ker\u00fcl sor a Nagyv\u00e1rad t\u00e9ri Elm\u00e9leti T\u00f6mb d\u00edszterm\u00e9ben. A rendezv\u00e9ny egyidej\u0171leg az egyetemi szen\u00e1tusi \u00fcnnepi \u00fcl\u00e9se is.<\/p>\n<\/div>\n<p>Az \u00fcnneps\u00e9g <strong>v\u00e1rhat\u00f3 id\u0151tartama 2 \u00f3ra<\/strong>. A r\u00e9szv\u00e9tel <strong>el\u0151zetes regisztr\u00e1ci\u00f3<\/strong>hoz k\u00f6t\u00f6tt. Minden \u00e9vben a fokozatszerz\u0151k sz\u00e1m\u00e1ra a Doktori Hivatal e-mailben k\u00fcld t\u00e1j\u00e9koztat\u00e1st a regisztr\u00e1ci\u00f3r\u00f3l. A rendezv\u00e9nyen <strong>\u00e1ltal\u00e1ban 2 vend\u00e9g<\/strong> vehet r\u00e9szt <em>(a regisztr\u00e1ci\u00f3 sor\u00e1n vend\u00e9gek l\u00e9tsz\u00e1m\u00e1t is el\u0151re kell jelezni)<\/em>.\u00a0Az avatand\u00f3k az \u00fcnneps\u00e9gen az <strong>alkalomnak megfelel\u0151 \u00f6lt\u00f6z\u00e9k<\/strong>ben kell hogy megjelenjenek, de egy\u00e9b el\u0151\u00edr\u00e1s nincs az \u00f6lt\u00f6z\u00e9kre, keszty\u0171 visel\u00e9se nem elv\u00e1rt.<\/p>\n<p><a href=\"https:\/\/semmelweis.hu\/phd\/2024\/10\/02\/doktori-avatas-dies-academicus-2024\/\">2024-ben az esem\u00e9ny november 29-\u00e9n 10.00 \u00f3rakor lesz a Nagyv\u00e1rad t\u00e9ri Elm\u00e9leti T\u00f6mb d\u00edszterm\u00e9ben<\/a>.<\/p>\n<p>Amennyiben a rendezv\u00e9nyen szem\u00e9lyesen nem tud egy fokozatszerz\u0151 r\u00e9szt venni,\u00a0az \u00fcnneps\u00e9g ut\u00e1n a Doktori Hivatal a fokozatszerz\u0151 \u00e1ltal megadott postac\u00edmre\u00a0post\u00e1zza az oklevelet.<\/p>\n<p>&nbsp;<\/p>\n    \r\n    <div id=\"import-title\">\r\n      \r\n      <div class=\"section-row row my-2 pr-0 ml-0 mb-3\">\r\n        <div class=\"col-12 col-md-auto section-title\">\r\n          <h2 style=\"margin-top: 0;\">Kapcsol\u00f3d\u00f3 h\u00edrek<\/h2>\r\n        <\/div>\r\n        <div class=\"col section-divider px-0 mx-2 event-mobil-hidden d-none d-md-block\"><\/div>\r\n        <div class=\"col col-md-auto section-link text-uppercase px-0 event-mobil-hidden d-none d-md-block mr-5\">\r\n                      <h5 class=\"m-0\" style=\"width: fit-content;\"><a href=\"https:\/\/semmelweis.hu\/hirek\/tag\/dies-academicus\/\" target=\"_self\">\u00d6sszes cikk<\/a><\/h5>\r\n                  <\/div>\r\n      <\/div>\r\n        \r\n    <\/div>\r\n\r\n\r\n    <div class=\"import-posts row ml-0 mr-0\">\r\n      \r\n\r\n      \r\n\r\n        <article class=\"list-format post-161202 post type-post status-publish format-standard has-post-thumbnail hentry category-semmelweis-vilag tag-dies-academicus tag-dijak-kituntetesek\">\r\n          <div class=\"row mb-2 mx-0 p-2 mr-2 mr-lg-0\" style=\"border: 1px solid #DFE3E6;\">\r\n            \r\n            <div class=\"col px-normal px-lg-0\">\r\n              <div class=\"row w-100 mx-0\">\r\n                \r\n                  <div class=\"col-12 col-lg-4 pl-0 pr-1 pr-md-2\">\r\n                    <div class=\"img-container w-100 mt-2 mt-md-0 mb-2 mb-md-0 \">\r\n                      <img loading=\"lazy\" decoding=\"async\" width=\"400\" height=\"267\" src=\"https:\/\/semmelweis.hu\/hirek\/wp-content\/blogs.dir\/2\/files\/2025\/12\/RS228164_0E1A8389_scl-400x267.jpg\" class=\"attachment-medium size-medium wp-post-image\" alt=\"\" srcset=\"https:\/\/semmelweis.hu\/hirek\/wp-content\/blogs.dir\/2\/files\/2025\/12\/RS228164_0E1A8389_scl-400x267.jpg 400w, https:\/\/semmelweis.hu\/hirek\/wp-content\/blogs.dir\/2\/files\/2025\/12\/RS228164_0E1A8389_scl-900x600.jpg 900w, https:\/\/semmelweis.hu\/hirek\/wp-content\/blogs.dir\/2\/files\/2025\/12\/RS228164_0E1A8389_scl-768x512.jpg 768w, https:\/\/semmelweis.hu\/hirek\/wp-content\/blogs.dir\/2\/files\/2025\/12\/RS228164_0E1A8389_scl-753x502.jpg 753w, https:\/\/semmelweis.hu\/hirek\/wp-content\/blogs.dir\/2\/files\/2025\/12\/RS228164_0E1A8389_scl-203x135.jpg 203w, https:\/\/semmelweis.hu\/hirek\/wp-content\/blogs.dir\/2\/files\/2025\/12\/RS228164_0E1A8389_scl.jpg 1200w\" sizes=\"auto, (max-width: 400px) 100vw, 400px\" \/>                    <\/div>\r\n                  <\/div>\r\n\r\n                                <div class=\"entry-summary col-12 col-lg-8 px-0\">\r\n                  <div class=\"col-12 mb-2 px-0\">\r\n                    <h3 class=\"entry-title mb-1\"><a target=\"_self\" href=\"https:\/\/semmelweis.hu\/hirek\/2025\/12\/01\/dies-academicus-a-tudomany-es-az-egyetemi-kivalo-teljesitmenyek-unnepe\/\">Dies Academicus: A tudom\u00e1ny \u00e9s az egyetemi kiv\u00e1l\u00f3 teljes\u00edtm\u00e9nyek \u00fcnnepe<\/a><\/h3>\r\n                    <h6 class=\"entry-meta text-uppercase\">\r\n                      <time class=\"mr-3\" datetime=\"2025-12-01T05:00:54+00:00\">2025. december 1.  h\u00e9tf\u0151 06:00<\/time>\r\n                    <\/h6>\r\n                  <\/div>\r\n                  <p>Rekordsz\u00e1m\u00fa PhD-doktort avatott \u00e9s kit\u00fcntet\u00e9seket adom\u00e1nyozott a Semmelweis Egyetem.<\/p>\n                <\/div>\r\n              <\/div>\r\n            <\/div>\r\n          <\/div>\r\n        <\/article>\r\n        <hr \/>\r\n      \r\n\r\n        <article class=\"list-format post-147112 post type-post status-publish format-standard has-post-thumbnail hentry category-semmelweis-vilag category-kiemelt tag-dies-academicus tag-dijak-kituntetesek\">\r\n          <div class=\"row mb-2 mx-0 p-2 mr-2 mr-lg-0\" style=\"border: 1px solid #DFE3E6;\">\r\n            \r\n            <div class=\"col px-normal px-lg-0\">\r\n              <div class=\"row w-100 mx-0\">\r\n                \r\n                  <div class=\"col-12 col-lg-4 pl-0 pr-1 pr-md-2\">\r\n                    <div class=\"img-container w-100 mt-2 mt-md-0 mb-2 mb-md-0 \">\r\n                      <img loading=\"lazy\" decoding=\"async\" width=\"400\" height=\"267\" src=\"https:\/\/semmelweis.hu\/hirek\/wp-content\/blogs.dir\/2\/files\/2024\/12\/RS206847_433A8539-400x267.jpg\" class=\"attachment-medium size-medium wp-post-image\" alt=\"\" srcset=\"https:\/\/semmelweis.hu\/hirek\/wp-content\/blogs.dir\/2\/files\/2024\/12\/RS206847_433A8539-400x267.jpg 400w, https:\/\/semmelweis.hu\/hirek\/wp-content\/blogs.dir\/2\/files\/2024\/12\/RS206847_433A8539-900x600.jpg 900w, https:\/\/semmelweis.hu\/hirek\/wp-content\/blogs.dir\/2\/files\/2024\/12\/RS206847_433A8539-768x512.jpg 768w, https:\/\/semmelweis.hu\/hirek\/wp-content\/blogs.dir\/2\/files\/2024\/12\/RS206847_433A8539-1536x1024.jpg 1536w, https:\/\/semmelweis.hu\/hirek\/wp-content\/blogs.dir\/2\/files\/2024\/12\/RS206847_433A8539-2048x1365.jpg 2048w, https:\/\/semmelweis.hu\/hirek\/wp-content\/blogs.dir\/2\/files\/2024\/12\/RS206847_433A8539-753x502.jpg 753w, https:\/\/semmelweis.hu\/hirek\/wp-content\/blogs.dir\/2\/files\/2024\/12\/RS206847_433A8539-203x135.jpg 203w\" sizes=\"auto, (max-width: 400px) 100vw, 400px\" \/>                    <\/div>\r\n                  <\/div>\r\n\r\n                                <div class=\"entry-summary col-12 col-lg-8 px-0\">\r\n                  <div class=\"col-12 mb-2 px-0\">\r\n                    <h3 class=\"entry-title mb-1\"><a target=\"_self\" href=\"https:\/\/semmelweis.hu\/hirek\/2024\/12\/03\/dies-acedemicus-a-doktoravatas-es-az-egyetemi-kivalosagok-unnepe\/\">Dies Academicus: a doktoravat\u00e1s \u00e9s az egyetemi kiv\u00e1l\u00f3s\u00e1gok \u00fcnnepe<\/a><\/h3>\r\n                    <h6 class=\"entry-meta text-uppercase\">\r\n                      <time class=\"mr-3\" datetime=\"2024-12-03T05:00:44+00:00\">2024. december 3.  kedd 06:00<\/time>\r\n                    <\/h6>\r\n                  <\/div>\r\n                  <p>A PhD-hallgat\u00f3k doktorr\u00e1 avat\u00e1sa mellett sz\u00e1mos d\u00edjat is \u00e1tadtak a Dies Academicus \u00fcnneps\u00e9gen.<\/p>\n                <\/div>\r\n              <\/div>\r\n            <\/div>\r\n          <\/div>\r\n        <\/article>\r\n        <hr \/>\r\n      \r\n\r\n        <article class=\"list-format post-134500 post type-post status-publish format-standard has-post-thumbnail hentry category-semmelweis-vilag category-kiemelt tag-dies-academicus tag-dijak-kituntetesek\">\r\n          <div class=\"row mb-2 mx-0 p-2 mr-2 mr-lg-0\" style=\"border: 1px solid #DFE3E6;\">\r\n            \r\n            <div class=\"col px-normal px-lg-0\">\r\n              <div class=\"row w-100 mx-0\">\r\n                \r\n                  <div class=\"col-12 col-lg-4 pl-0 pr-1 pr-md-2\">\r\n                    <div class=\"img-container w-100 mt-2 mt-md-0 mb-2 mb-md-0 \">\r\n                      <img loading=\"lazy\" decoding=\"async\" width=\"400\" height=\"267\" src=\"https:\/\/semmelweis.hu\/hirek\/wp-content\/blogs.dir\/2\/files\/2023\/12\/RS186474_-GV5A4877-scr-1-400x267.jpg\" class=\"attachment-medium size-medium wp-post-image\" alt=\"\" srcset=\"https:\/\/semmelweis.hu\/hirek\/wp-content\/blogs.dir\/2\/files\/2023\/12\/RS186474_-GV5A4877-scr-1-400x267.jpg 400w, https:\/\/semmelweis.hu\/hirek\/wp-content\/blogs.dir\/2\/files\/2023\/12\/RS186474_-GV5A4877-scr-1-900x600.jpg 900w, https:\/\/semmelweis.hu\/hirek\/wp-content\/blogs.dir\/2\/files\/2023\/12\/RS186474_-GV5A4877-scr-1-768x512.jpg 768w, https:\/\/semmelweis.hu\/hirek\/wp-content\/blogs.dir\/2\/files\/2023\/12\/RS186474_-GV5A4877-scr-1-753x502.jpg 753w, https:\/\/semmelweis.hu\/hirek\/wp-content\/blogs.dir\/2\/files\/2023\/12\/RS186474_-GV5A4877-scr-1-203x135.jpg 203w, https:\/\/semmelweis.hu\/hirek\/wp-content\/blogs.dir\/2\/files\/2023\/12\/RS186474_-GV5A4877-scr-1.jpg 1200w\" sizes=\"auto, (max-width: 400px) 100vw, 400px\" \/>                    <\/div>\r\n                  <\/div>\r\n\r\n                                <div class=\"entry-summary col-12 col-lg-8 px-0\">\r\n                  <div class=\"col-12 mb-2 px-0\">\r\n                    <h3 class=\"entry-title mb-1\"><a target=\"_self\" href=\"https:\/\/semmelweis.hu\/hirek\/2023\/12\/11\/dies-academicus-doktoravatast-es-jubileumot-is-unnepelt-az-egyetem\/\">Dies Academicus: doktoravat\u00e1st \u00e9s jubileumot is \u00fcnnepelt az egyetem<\/a><\/h3>\r\n                    <h6 class=\"entry-meta text-uppercase\">\r\n                      <time class=\"mr-3\" datetime=\"2023-12-11T13:00:12+00:00\">2023. december 11.  h\u00e9tf\u0151 14:00<\/time>\r\n                    <\/h6>\r\n                  <\/div>\r\n                  <p>A Doktori Iskola 30 \u00e9ves fenn\u00e1ll\u00e1s\u00e1r\u00f3l is megeml\u00e9keztek a Dies Academicuson. <\/p>\n                <\/div>\r\n              <\/div>\r\n            <\/div>\r\n          <\/div>\r\n        <\/article>\r\n        <hr \/>\r\n      \r\n\r\n        <article class=\"list-format post-108703 post type-post status-publish format-standard has-post-thumbnail hentry category-semmelweis-vilag category-kiemelt tag-dies-academicus tag-dijak-kituntetesek tag-oktatas tag-tudomanyos-hirek-rendezvenyek\">\r\n          <div class=\"row mb-2 mx-0 p-2 mr-2 mr-lg-0\" style=\"border: 1px solid #DFE3E6;\">\r\n            \r\n            <div class=\"col px-normal px-lg-0\">\r\n              <div class=\"row w-100 mx-0\">\r\n                \r\n                  <div class=\"col-12 col-lg-4 pl-0 pr-1 pr-md-2\">\r\n                    <div class=\"img-container w-100 mt-2 mt-md-0 mb-2 mb-md-0 \">\r\n                      <img loading=\"lazy\" decoding=\"async\" width=\"400\" height=\"267\" src=\"https:\/\/semmelweis.hu\/hirek\/wp-content\/blogs.dir\/2\/files\/2021\/11\/RS142282_C19A1136-scr-400x267.jpg\" class=\"attachment-medium size-medium wp-post-image\" alt=\"\" srcset=\"https:\/\/semmelweis.hu\/hirek\/wp-content\/blogs.dir\/2\/files\/2021\/11\/RS142282_C19A1136-scr-400x267.jpg 400w, https:\/\/semmelweis.hu\/hirek\/wp-content\/blogs.dir\/2\/files\/2021\/11\/RS142282_C19A1136-scr-900x600.jpg 900w, https:\/\/semmelweis.hu\/hirek\/wp-content\/blogs.dir\/2\/files\/2021\/11\/RS142282_C19A1136-scr-768x512.jpg 768w, https:\/\/semmelweis.hu\/hirek\/wp-content\/blogs.dir\/2\/files\/2021\/11\/RS142282_C19A1136-scr-753x502.jpg 753w, https:\/\/semmelweis.hu\/hirek\/wp-content\/blogs.dir\/2\/files\/2021\/11\/RS142282_C19A1136-scr-203x135.jpg 203w, https:\/\/semmelweis.hu\/hirek\/wp-content\/blogs.dir\/2\/files\/2021\/11\/RS142282_C19A1136-scr.jpg 1200w\" sizes=\"auto, (max-width: 400px) 100vw, 400px\" \/>                    <\/div>\r\n                  <\/div>\r\n\r\n                                <div class=\"entry-summary col-12 col-lg-8 px-0\">\r\n                  <div class=\"col-12 mb-2 px-0\">\r\n                    <h3 class=\"entry-title mb-1\"><a target=\"_self\" href=\"https:\/\/semmelweis.hu\/hirek\/2021\/11\/12\/felavattak-az-uj-phd-fokozatu-doktorokat-a-dies-academicuson\/\">Felavatt\u00e1k az \u00faj PhD-fokozat\u00fa doktorokat a Dies Academicuson<\/a><\/h3>\r\n                    <h6 class=\"entry-meta text-uppercase\">\r\n                      <time class=\"mr-3\" datetime=\"2021-11-12T15:49:17+00:00\">2021. november 12.  p\u00e9ntek 16:49<\/time>\r\n                    <\/h6>\r\n                  <\/div>\r\n                  <p>Kiv\u00e1l\u00f3 PhD-oktat\u00f3 kit\u00fcntet\u00e9seket \u00e9s Pro universitate d\u00edjakat is \u00e1tadtak a NET-ben. <\/p>\n                <\/div>\r\n              <\/div>\r\n            <\/div>\r\n          <\/div>\r\n        <\/article>\r\n        <hr \/>\r\n      \r\n\r\n        <article class=\"list-format post-79527 post type-post status-publish format-standard has-post-thumbnail hentry category-semmelweis-vilag category-kiemelt tag-dies-academicus\">\r\n          <div class=\"row mb-2 mx-0 p-2 mr-2 mr-lg-0\" style=\"border: 1px solid #DFE3E6;\">\r\n            \r\n            <div class=\"col px-normal px-lg-0\">\r\n              <div class=\"row w-100 mx-0\">\r\n                \r\n                  <div class=\"col-12 col-lg-4 pl-0 pr-1 pr-md-2\">\r\n                    <div class=\"img-container w-100 mt-2 mt-md-0 mb-2 mb-md-0 \">\r\n                      <img loading=\"lazy\" decoding=\"async\" width=\"300\" height=\"200\" src=\"https:\/\/semmelweis.hu\/hirek\/wp-content\/blogs.dir\/2\/files\/2018\/11\/RS86084_IMG_4082-scr-300x200.jpg\" class=\"attachment-medium size-medium wp-post-image\" alt=\"\" srcset=\"https:\/\/semmelweis.hu\/hirek\/wp-content\/blogs.dir\/2\/files\/2018\/11\/RS86084_IMG_4082-scr-300x200.jpg 300w, https:\/\/semmelweis.hu\/hirek\/wp-content\/blogs.dir\/2\/files\/2018\/11\/RS86084_IMG_4082-scr-768x512.jpg 768w, https:\/\/semmelweis.hu\/hirek\/wp-content\/blogs.dir\/2\/files\/2018\/11\/RS86084_IMG_4082-scr-600x400.jpg 600w, https:\/\/semmelweis.hu\/hirek\/wp-content\/blogs.dir\/2\/files\/2018\/11\/RS86084_IMG_4082-scr-753x502.jpg 753w, https:\/\/semmelweis.hu\/hirek\/wp-content\/blogs.dir\/2\/files\/2018\/11\/RS86084_IMG_4082-scr-203x135.jpg 203w, https:\/\/semmelweis.hu\/hirek\/wp-content\/blogs.dir\/2\/files\/2018\/11\/RS86084_IMG_4082-scr.jpg 950w\" sizes=\"auto, (max-width: 300px) 100vw, 300px\" \/>                    <\/div>\r\n                  <\/div>\r\n\r\n                                <div class=\"entry-summary col-12 col-lg-8 px-0\">\r\n                  <div class=\"col-12 mb-2 px-0\">\r\n                    <h3 class=\"entry-title mb-1\"><a target=\"_self\" href=\"https:\/\/semmelweis.hu\/hirek\/2018\/11\/23\/134-phd-fokozatu-doktort-avattak-a-dies-academicuson\/\">134 PhD-fokozat\u00fa doktort avattak a Dies Academicuson<\/a><\/h3>\r\n                    <h6 class=\"entry-meta text-uppercase\">\r\n                      <time class=\"mr-3\" datetime=\"2018-11-23T12:48:21+00:00\">2018. november 23.  p\u00e9ntek 13:48<\/time>\r\n                    <\/h6>\r\n                  <\/div>\r\n                  <p>Az \u00e1tadott diplom\u00e1k 85 sz\u00e1zal\u00e9ka summa cum laude min\u0151s\u00edt\u00e9s\u0171. <\/p>\n                <\/div>\r\n              <\/div>\r\n            <\/div>\r\n          <\/div>\r\n        <\/article>\r\n        <hr \/>\r\n                  <div class=\"section-row row w-100 mt-2 mb-2\">\r\n        <div class=\"col-7 section-divider px-0 mx-2 d-md-none\"><\/div>\r\n          <div class=\"col-4 d-block d-md-none text-uppercase px-0 section-link ml-2\">\r\n            <h5 class=\"m-0\" style=\"width: fit-content;\"><a href=\"https:\/\/semmelweis.hu\/hirek\/tag\/\/\" target=\"_self\"> \u00d6sszes cikk><\/a><\/h5>\r\n            \r\n        <\/div>\r\n      <\/div>\r\n\r\n    <\/div><!-- \/.import-posts -->\r\n\r\n\n<p>&nbsp;<\/p>\n","protected":false},"excerpt":{"rendered":"<p>Az idei Dies Academicuson \u00f6sszesen 134 PhD-fokozat\u00fa doktort avatott fel dr. Merkely B\u00e9la rektor \u00e9s dr. T\u00edm\u00e1r J\u00f3zsef, a Doktori Tan\u00e1cs eln\u00f6ke, ami az elm\u00falt csaknem egy \u00e9vtized legjobb eredm\u00e9nye. Az \u00e1tadott diplom\u00e1k 85 sz\u00e1zal\u00e9ka summa cum laude min\u0151s\u00edt\u00e9s\u0171. Az \u00fcnneps\u00e9gen a hagyom\u00e1nyoknak megfelel\u0151en c\u00edmzetes egyetemi docens \u00e9s a mesteroktat\u00f3i c\u00edmeket, kiv\u00e1l\u00f3 PhD-oktat\u00f3i kit\u00fcntet\u00e9seket \u00e9s &hellip;<\/p>\n","protected":false},"author":12,"featured_media":0,"parent":367,"menu_order":11,"comment_status":"closed","ping_status":"closed","template":"template-fullwidth.php","meta":{"_acf_changed":false,"footnotes":""},"categories":[],"tags":[],"class_list":["post-63063","page","type-page","status-publish","hentry"],"acf":[],"_links":{"self":[{"href":"https:\/\/semmelweis.hu\/phd\/wp-json\/wp\/v2\/pages\/63063","targetHints":{"allow":["GET"]}}],"collection":[{"href":"https:\/\/semmelweis.hu\/phd\/wp-json\/wp\/v2\/pages"}],"about":[{"href":"https:\/\/semmelweis.hu\/phd\/wp-json\/wp\/v2\/types\/page"}],"author":[{"embeddable":true,"href":"https:\/\/semmelweis.hu\/phd\/wp-json\/wp\/v2\/users\/12"}],"replies":[{"embeddable":true,"href":"https:\/\/semmelweis.hu\/phd\/wp-json\/wp\/v2\/comments?post=63063"}],"version-history":[{"count":9,"href":"https:\/\/semmelweis.hu\/phd\/wp-json\/wp\/v2\/pages\/63063\/revisions"}],"predecessor-version":[{"id":63189,"href":"https:\/\/semmelweis.hu\/phd\/wp-json\/wp\/v2\/pages\/63063\/revisions\/63189"}],"up":[{"embeddable":true,"href":"https:\/\/semmelweis.hu\/phd\/wp-json\/wp\/v2\/pages\/367"}],"wp:attachment":[{"href":"https:\/\/semmelweis.hu\/phd\/wp-json\/wp\/v2\/media?parent=63063"}],"wp:term":[{"taxonomy":"category","embeddable":true,"href":"https:\/\/semmelweis.hu\/phd\/wp-json\/wp\/v2\/categories?post=63063"},{"taxonomy":"post_tag","embeddable":true,"href":"https:\/\/semmelweis.hu\/phd\/wp-json\/wp\/v2\/tags?post=63063"}],"curies":[{"name":"wp","href":"https:\/\/api.w.org\/{rel}","templated":true}]}}