{"id":372,"date":"2013-01-02T15:27:08","date_gmt":"2013-01-02T14:27:08","guid":{"rendered":"http:\/\/www.phd.sote.hu\/?page_id=372"},"modified":"2024-10-01T14:18:27","modified_gmt":"2024-10-01T12:18:27","slug":"felevek","status":"publish","type":"page","link":"https:\/\/semmelweis.hu\/phd\/hallgatoknak\/felevek\/","title":{"rendered":"F\u00e9l\u00e9vek"},"content":{"rendered":"<h2>F\u00e9l\u00e9vek a doktori k\u00e9pz\u00e9sben<\/h2>\n<div class=\"keretes w-100\">\n<h6><strong>\u0151szi f\u00e9l\u00e9v:<\/strong> szeptember 1 &#8211; janu\u00e1r 31.<\/h6>\n<h6><strong>tavaszi f\u00e9l\u00e9v:<\/strong> febru\u00e1r\u00a0 1 &#8211; augusztus 31.<\/h6>\n<\/div>\n","protected":false},"excerpt":{"rendered":"<p>F\u00e9l\u00e9vek a doktori k\u00e9pz\u00e9sben<\/p>\n<p>\u0151szi f\u00e9l\u00e9v: szeptember 1 &#8211; janu\u00e1r 31.<br \/>\ntavaszi f\u00e9l\u00e9v: febru\u00e1r\u00a0 1 &#8211; augusztus 31.<\/p>\n","protected":false},"author":158,"featured_media":0,"parent":367,"menu_order":4,"comment_status":"closed","ping_status":"closed","template":"template-fullwidth.php","meta":{"_acf_changed":false,"footnotes":""},"categories":[],"tags":[],"class_list":["post-372","page","type-page","status-publish","hentry"],"acf":[],"_links":{"self":[{"href":"https:\/\/semmelweis.hu\/phd\/wp-json\/wp\/v2\/pages\/372","targetHints":{"allow":["GET"]}}],"collection":[{"href":"https:\/\/semmelweis.hu\/phd\/wp-json\/wp\/v2\/pages"}],"about":[{"href":"https:\/\/semmelweis.hu\/phd\/wp-json\/wp\/v2\/types\/page"}],"author":[{"embeddable":true,"href":"https:\/\/semmelweis.hu\/phd\/wp-json\/wp\/v2\/users\/158"}],"replies":[{"embeddable":true,"href":"https:\/\/semmelweis.hu\/phd\/wp-json\/wp\/v2\/comments?post=372"}],"version-history":[{"count":10,"href":"https:\/\/semmelweis.hu\/phd\/wp-json\/wp\/v2\/pages\/372\/revisions"}],"predecessor-version":[{"id":62967,"href":"https:\/\/semmelweis.hu\/phd\/wp-json\/wp\/v2\/pages\/372\/revisions\/62967"}],"up":[{"embeddable":true,"href":"https:\/\/semmelweis.hu\/phd\/wp-json\/wp\/v2\/pages\/367"}],"wp:attachment":[{"href":"https:\/\/semmelweis.hu\/phd\/wp-json\/wp\/v2\/media?parent=372"}],"wp:term":[{"taxonomy":"category","embeddable":true,"href":"https:\/\/semmelweis.hu\/phd\/wp-json\/wp\/v2\/categories?post=372"},{"taxonomy":"post_tag","embeddable":true,"href":"https:\/\/semmelweis.hu\/phd\/wp-json\/wp\/v2\/tags?post=372"}],"curies":[{"name":"wp","href":"https:\/\/api.w.org\/{rel}","templated":true}]}}