{"id":29,"date":"2012-12-19T20:44:42","date_gmt":"2012-12-19T19:44:42","guid":{"rendered":"http:\/\/www.phd.sote.hu\/?page_id=29"},"modified":"2026-01-30T12:19:41","modified_gmt":"2026-01-30T11:19:41","slug":"szabalyzatok","status":"publish","type":"page","link":"https:\/\/semmelweis.hu\/phd\/dokumentumok\/szabalyzatok\/","title":{"rendered":"Szab\u00e1lyzatok"},"content":{"rendered":"            <div class=\"qae-faqs-container qae-faqs-toggle-container\">\n\t\t\t\t\t\t\t<ul class=\"qe-faqs-filters-container\">\n\t\t\t\t<li class=\"active\"><a class=\"qe-faqs-filter all-faqs\" href=\"#\" data-filter=\"*\">All<\/a><\/li>\n\t\t\t\t<li><a class=\"qe-faqs-filter\" href=\"#Szab\u00e1lyzatok\" data-filter=\".Szab\u00e1lyzatok\">Szab\u00e1lyzatok<\/a><\/li>\t\t\t<\/ul>\n\t\t\t\t\t<div id=\"qaef-17454\" class=\"qe-faq-toggle szabalyzatok\">\n\t\t\t<div class=\"qe-toggle-title\">\n\t\t\t\t<h4>\n\t\t\t\t\t<i class=\"fa fa-minus-circle\"><\/i> Hat\u00e1lyos Doktori Szab\u00e1lyzat \u00e9s mell\u00e9klete\t\t\t\t<\/h4>\n\t\t\t<\/div>\n\t\t\t<div class=\"qe-toggle-content\">\n\t\t\t\t<p>Semmelweis Egyetem Szervezeti \u00e9s M\u0171k\u00f6d\u00e9si Szab\u00e1lyzat \u00e9s mell\u00e9klete (2026. m\u00e1rcius 11.)<\/p>\n<ul>\n<li><a href=\"https:\/\/semmelweis.hu\/phd\/files\/2025\/06\/SZMSZ_HKR_III_KONYV_III_3_RESZ_Doktori-Szabalyzat_korr_hatalyos_20260311-tol.pdf\">szab\u00e1lyzat<\/a><\/li>\n<li><a href=\"https:\/\/semmelweis.hu\/phd\/files\/2024\/03\/SZMSZ_HKR_III_KONYV_III_3_RESZ_MELLEKLETEK_hatalyos_20250613-tol.pdf\">mell\u00e9klet<\/a><\/li>\n<\/ul>\n\t\t\t<\/div>\n\t\t<\/div>\n\t\t\t\t<div id=\"qaef-17505\" class=\"qe-faq-toggle szabalyzatok\">\n\t\t\t<div class=\"qe-toggle-title\">\n\t\t\t\t<h4>\n\t\t\t\t\t<i class=\"fa fa-minus-circle\"><\/i> Doktori Hivatal min\u0151s\u00e9gbiztos\u00edt\u00e1si dokumentumai (szabv\u00e1ny m\u0171veleti el\u0151\u00edr\u00e1sok)\t\t\t\t<\/h4>\n\t\t\t<\/div>\n\t\t\t<div class=\"qe-toggle-content\">\n\t\t\t\t<p><a href=\"https:\/\/semmelweis.hu\/phd\/files\/2024\/03\/Folyamat-tanulmanyi-xls.xlsx\">A tanulm\u00e1nyi \u00fcgyint\u00e9z\u00e9s folyamatszab\u00e1lyoz\u00e1s\u00e1nak elj\u00e1r\u00e1srendje<\/a><\/p>\n<p><a href=\"https:\/\/semmelweis.hu\/phd\/files\/2024\/03\/SKM_C250i24100312170.pdf\">Doktori Hivatal m\u0171k\u00f6d\u00e9si folyamata a tanulm\u00e1nyi \u00fcgyekkel kapcsolatban<\/a><\/p>\n<p><a href=\"https:\/\/semmelweis.hu\/phd\/files\/2024\/03\/Folyamat-palyazati.xlsx\">A p\u00e1ly\u00e1zati \u00fcgyint\u00e9z\u00e9s folyamatszab\u00e1lyoz\u00e1s\u00e1nak elj\u00e1r\u00e1srendje<\/a><\/p>\n<p><a href=\"https:\/\/semmelweis.hu\/phd\/files\/2024\/03\/SKM_C250i24100312171.pdf\">Doktori Hivatal m\u0171k\u00f6d\u00e9si folyamata a p\u00e1ly\u00e1zatokkal kapcsolatban<\/a><\/p>\n\t\t\t<\/div>\n\t\t<\/div>\n\t\t\t\t<div id=\"qaef-17455\" class=\"qe-faq-toggle szabalyzatok\">\n\t\t\t<div class=\"qe-toggle-title\">\n\t\t\t\t<h4>\n\t\t\t\t\t<i class=\"fa fa-minus-circle\"><\/i> Kor\u00e1bbi, hat\u00e1lyon k\u00edv\u00fcli Doktori szab\u00e1lyzatok \u00e9s mell\u00e9kleteik\t\t\t\t<\/h4>\n\t\t\t<\/div>\n\t\t\t<div class=\"qe-toggle-content\">\n\t\t\t\t<p>2025. augusztus<\/p>\n<ul>\n<li><a href=\"https:\/\/semmelweis.hu\/phd\/files\/2025\/06\/SZMSZ_HKR_III_KONYV_III_3_RESZ_Doktori-Szabalyzat_clean_0831-1.pdf\">szab\u00e1lyzat<\/a><\/li>\n<li><a href=\"https:\/\/semmelweis.hu\/phd\/files\/2024\/03\/SZMSZ_HKR_III_KONYV_III_3_RESZ_MELLEKLETEK_hatalyos_20250613-tol.pdf\">mell\u00e9klet<\/a><\/li>\n<\/ul>\n<hr \/>\n<p>2025. j\u00fanius<\/p>\n<ul>\n<li><a href=\"https:\/\/semmelweis.hu\/phd\/files\/2024\/03\/SZMSZ_HKR_III_KONYV_III_3_RESZ_Doktori-Szabalyzat_hatalyos_20250613-tol.pdf\">szab\u00e1lyzat<\/a><\/li>\n<li><a href=\"https:\/\/semmelweis.hu\/phd\/files\/2024\/03\/SZMSZ_HKR_III_KONYV_III_3_RESZ_MELLEKLETEK_hatalyos_20250613-tol.pdf\">mell\u00e9klet<\/a><\/li>\n<\/ul>\n<hr \/>\n<p>2024. febru\u00e1r<\/p>\n<ul>\n<li><a href=\"https:\/\/semmelweis.hu\/phd\/files\/2024\/02\/DSZ2023december18.pdf\">szab\u00e1lyzat<\/a><\/li>\n<li><a href=\"https:\/\/semmelweis.hu\/phd\/files\/2024\/03\/DSZ_mellekeklete_20231218.pdf\">mell\u00e9klet<\/a><\/li>\n<\/ul>\n<hr \/>\n<p>2023. j\u00fanius<\/p>\n<ul>\n<li><a href=\"https:\/\/semmelweis.hu\/phd\/files\/2023\/06\/SZMSZ_HKR_III_KONYV_III_3_RESZ_Doktori-Szabalyzat_hatalyos_20230603.pdf\">szab\u00e1lyzat<\/a><\/li>\n<li><a href=\"https:\/\/semmelweis.hu\/phd\/files\/2023\/06\/SZMSZ_HKR_III_KONYV_III_3_RESZ_MELLEKLETEK_hatalyos_20230603.pdf\">mell\u00e9klet<\/a><\/li>\n<\/ul>\n<hr \/>\n<p>2022. december<\/p>\n<ul>\n<li><a href=\"https:\/\/semmelweis.hu\/phd\/files\/2023\/01\/Doktori-Szabalyzat_hatalyos_2022_12_22-tol.pdf\">szab\u00e1lyzat<\/a><\/li>\n<li><a href=\"https:\/\/semmelweis.hu\/phd\/files\/2022\/08\/SZMSZ_HKR_III_KONYV_III_3_RESZ_MELLEKLETEK_hatalyos_2022.06.03-tol.pdf\">mell\u00e9klet<\/a><\/li>\n<\/ul>\n<hr \/>\n<p>2022. j\u00falius<\/p>\n<ul>\n<li><a href=\"https:\/\/semmelweis.hu\/phd\/files\/2022\/08\/SZMSZ_HKR_III_KONYV_III_3_RESZ_Doktori-Szabalyzat_hatalyos_2022_08_11_tol.pdf\">szab\u00e1lyzat<\/a><\/li>\n<li><a href=\"https:\/\/semmelweis.hu\/phd\/files\/2022\/08\/SZMSZ_HKR_III_KONYV_III_3_RESZ_MELLEKLETEK_hatalyos_2022.06.03-tol.pdf\">mell\u00e9klet<\/a><\/li>\n<\/ul>\n<hr \/>\n<p>2022. j\u00fanius<\/p>\n<ul>\n<li><a href=\"https:\/\/semmelweis.hu\/phd\/files\/2022\/06\/SZMSZ_HKR_III_KONYV_III_3_RESZ_Doktori-Szabalyzat_hatalyos_2022.06.03-tol.pdf\">szab\u00e1lyzat<\/a><\/li>\n<li><a href=\"https:\/\/semmelweis.hu\/phd\/files\/2022\/08\/SZMSZ_HKR_III_KONYV_III_3_RESZ_MELLEKLETEK_hatalyos_2022.06.03-tol.pdf\">mell\u00e9klet<\/a><\/li>\n<\/ul>\n<hr \/>\n<p>2021. m\u00e1jus<\/p>\n<ul>\n<li><a href=\"https:\/\/semmelweis.hu\/phd\/files\/2021\/06\/SZMSZ_HKR_III_KONYV_III_3_RESZ_Doktori-Szab\u00e1lyzat_hatalyos_2021_05_07-1.pdf\">szab\u00e1lyzat<\/a><\/li>\n<li><a href=\"https:\/\/semmelweis.hu\/phd\/files\/2021\/06\/SZMSZ_HKR_III_KONYV_III_3_RESZ_MELL\u00c9KLETEK_hatalyos_2021_05_07-1.pdf\">mell\u00e9klet<\/a><\/li>\n<\/ul>\n<hr \/>\n<p>2020. \u00e1prilis<\/p>\n<ul>\n<li><a href=\"https:\/\/semmelweis.hu\/phd\/files\/2020\/04\/1.-sz.-mell\u00e9klet_\u00daj-Doktori-Szab\u00e1lyzat-2020.-02.25.-tiszt\u00e1zott.pdf\">szab\u00e1lyzat<\/a><\/li>\n<\/ul>\n<hr \/>\n<p>2019. m\u00e1rcius<\/p>\n<ul>\n<li><a href=\"https:\/\/semmelweis.hu\/phd\/files\/2019\/04\/XI.pdf\">szab\u00e1lyzat<\/a><\/li>\n<\/ul>\n<hr \/>\n<p>2018. j\u00fanius<\/p>\n<ul>\n<li><a href=\"https:\/\/semmelweis.hu\/phd\/files\/2018\/06\/SZMSZ-III.-r%C3%A9sz-XI.-fejezet-hat%C3%A1ly-2018.06.06-t%C3%B3l.pdf\">szab\u00e1lyzat \u00e9s mell\u00e9kletek<\/a><\/li>\n<\/ul>\n<hr \/>\n<p>2017. szeptember<\/p>\n<ul>\n<li><a href=\"https:\/\/semmelweis.hu\/phd\/files\/2017\/10\/SZMSZ_XI_fej.pdf\">szab\u00e1lyzat<\/a><\/li>\n<li><a href=\"https:\/\/semmelweis.hu\/phd\/files\/2017\/10\/SZMSZ_XIA_fej.pdf\">mell\u00e9klet<\/a><\/li>\n<\/ul>\n<hr \/>\n<p>2017. m\u00e1jus<\/p>\n<ul>\n<li><a href=\"https:\/\/semmelweis.hu\/phd\/files\/2017\/09\/DoktoriIskola_XI_fejezet.pdf\">szab\u00e1lyzat<\/a><\/li>\n<li><a href=\"https:\/\/semmelweis.hu\/phd\/files\/2017\/09\/DoktoriIskola_XIA_fejezet.pdf\">mell\u00e9klet<\/a><\/li>\n<\/ul>\n<hr \/>\n<p>2017. janu\u00e1r<\/p>\n<ul>\n<li><a href=\"https:\/\/semmelweis.hu\/phd\/files\/2017\/09\/DoktoriIskola_XI_fejezet.pdf\">szab\u00e1lyzat<\/a><\/li>\n<li><a href=\"https:\/\/semmelweis.hu\/phd\/files\/2017\/09\/DoktoriIskola_XIA_fejezet.pdf\">mell\u00e9klet<\/a><\/li>\n<\/ul>\n<hr \/>\n<p>2016. szeptember<\/p>\n<ul>\n<li><a href=\"https:\/\/semmelweis.hu\/phd\/files\/2016\/10\/DSZ_XI.-fejezet.pdf\">szab\u00e1lyzat<\/a><\/li>\n<li><a href=\"https:\/\/semmelweis.hu\/phd\/files\/2016\/10\/DSZ_XI.A.-fejezet.pdf\">mell\u00e9klet<\/a><\/li>\n<\/ul>\n<hr \/>\n<p>2016. j\u00falius<\/p>\n<ul>\n<li><a href=\"https:\/\/semmelweis.hu\/phd\/files\/2016\/07\/Doktori-Szab\u00e1lyzat-m\u00f3dos\u00edt\u00e1sa_2016v\u00e9gleges.doc\">szab\u00e1lyzat<\/a><\/li>\n<\/ul>\n<hr \/>\n<p>2015. november<\/p>\n<ul>\n<li><a href=\"https:\/\/semmelweis.hu\/phd\/files\/2015\/11\/Doktori-Szab\u00e1lyzat-1.pdf\">szab\u00e1lyzat<\/a><\/li>\n<\/ul>\n<hr \/>\n<p>2015. j\u00fanius<\/p>\n<ul>\n<li><a href=\"http:\/\/phd.semmelweis.hu\/wp-content\/uploads\/2015\/11\/Doktori-Szab\u00e1lyzat-m\u00f3dos\u00edt\u00e1s-2015.doc\">szab\u00e1lyzat<\/a><\/li>\n<\/ul>\n<hr \/>\n<p>2014. szeptember<\/p>\n<ul>\n<li><a href=\"https:\/\/semmelweis.hu\/phd\/files\/2014\/09\/Doktori_szabalyzat_2014_09_30.doc\">szab\u00e1lyzat<\/a><\/li>\n<\/ul>\n\t\t\t<\/div>\n\t\t<\/div>\n\t\t            <\/div>\n\t\t\n<p>&nbsp;<\/p>\n","protected":false},"excerpt":{"rendered":"<p>2025. augusztus <a href=\"https:\/\/semmelweis.hu\/phd\/files\/2025\/06\/SZMSZ_HKR_III_KONYV_III_3_RESZ_Doktori-Szabalyzat_clean_0831-1.pdf\">szab\u00e1lyzat<\/a> <a href=\"https:\/\/semmelweis.hu\/phd\/files\/2024\/03\/SZMSZ_HKR_III_KONYV_III_3_RESZ_MELLEKLETEK_hatalyos_20250613-tol.pdf\">mell\u00e9klet<\/a> 2025. j\u00fanius <a href=\"https:\/\/semmelweis.hu\/phd\/files\/2024\/03\/SZMSZ_HKR_III_KONYV_III_3_RESZ_Doktori-Szabalyzat_hatalyos_20250613-tol.pdf\">szab\u00e1lyzat<\/a> <a href=\"https:\/\/semmelweis.hu\/phd\/files\/2024\/03\/SZMSZ_HKR_III_KONYV_III_3_RESZ_MELLEKLETEK_hatalyos_20250613-tol.pdf\">mell\u00e9klet<\/a> 2024. febru\u00e1r <a href=\"https:\/\/semmelweis.hu\/phd\/files\/2024\/02\/DSZ2023december18.pdf\">szab\u00e1lyzat<\/a> <a href=\"https:\/\/semmelweis.hu\/phd\/files\/2024\/03\/DSZ_mellekeklete_20231218.pdf\">mell\u00e9klet<\/a> 2023. j\u00fanius <a href=\"https:\/\/semmelweis.hu\/phd\/files\/2023\/06\/SZMSZ_HKR_III_KONYV_III_3_RESZ_Doktori-Szabalyzat_hatalyos_20230603.pdf\">szab\u00e1lyzat<\/a> <a href=\"https:\/\/semmelweis.hu\/phd\/files\/2023\/06\/SZMSZ_HKR_III_KONYV_III_3_RESZ_MELLEKLETEK_hatalyos_20230603.pdf\">mell\u00e9klet<\/a> 2022. december <a href=\"https:\/\/semmelweis.hu\/phd\/files\/2023\/01\/Doktori-Szabalyzat_hatalyos_2022_12_22-tol.pdf\">szab\u00e1lyzat<\/a> <a href=\"https:\/\/semmelweis.hu\/phd\/files\/2022\/08\/SZMSZ_HKR_III_KONYV_III_3_RESZ_MELLEKLETEK_hatalyos_2022.06.03-tol.pdf\">mell\u00e9klet<\/a> 2022. j\u00falius <a href=\"https:\/\/semmelweis.hu\/phd\/files\/2022\/08\/SZMSZ_HKR_III_KONYV_III_3_RESZ_Doktori-Szabalyzat_hatalyos_2022_08_11_tol.pdf\">szab\u00e1lyzat<\/a> <a href=\"https:\/\/semmelweis.hu\/phd\/files\/2022\/08\/SZMSZ_HKR_III_KONYV_III_3_RESZ_MELLEKLETEK_hatalyos_2022.06.03-tol.pdf\">mell\u00e9klet<\/a> 2022. j\u00fanius <a href=\"https:\/\/semmelweis.hu\/phd\/files\/2022\/06\/SZMSZ_HKR_III_KONYV_III_3_RESZ_Doktori-Szabalyzat_hatalyos_2022.06.03-tol.pdf\">szab\u00e1lyzat<\/a> <a href=\"https:\/\/semmelweis.hu\/phd\/files\/2022\/08\/SZMSZ_HKR_III_KONYV_III_3_RESZ_MELLEKLETEK_hatalyos_2022.06.03-tol.pdf\">mell\u00e9klet<\/a> 2021. m\u00e1jus <a href=\"https:\/\/semmelweis.hu\/phd\/files\/2021\/06\/SZMSZ_HKR_III_KONYV_III_3_RESZ_Doktori-Szab\u00e1lyzat_hatalyos_2021_05_07-1.pdf\">szab\u00e1lyzat<\/a> <a href=\"https:\/\/semmelweis.hu\/phd\/files\/2021\/06\/SZMSZ_HKR_III_KONYV_III_3_RESZ_MELL\u00c9KLETEK_hatalyos_2021_05_07-1.pdf\">mell\u00e9klet<\/a> 2020. \u00e1prilis <a href=\"https:\/\/semmelweis.hu\/phd\/files\/2020\/04\/1.-sz.-mell\u00e9klet_\u00daj-Doktori-Szab\u00e1lyzat-2020.-02.25.-tiszt\u00e1zott.pdf\">szab\u00e1lyzat<\/a> 2019. m\u00e1rcius <a href=\"https:\/\/semmelweis.hu\/phd\/files\/2019\/04\/XI.pdf\">szab\u00e1lyzat<\/a> 2018. j\u00fanius <a href=\"https:\/\/semmelweis.hu\/phd\/files\/2018\/06\/SZMSZ-III.-r%C3%A9sz-XI.-fejezet-hat%C3%A1ly-2018.06.06-t%C3%B3l.pdf\">szab\u00e1lyzat \u00e9s mell\u00e9kletek<\/a> 2017. szeptember <a href=\"https:\/\/semmelweis.hu\/phd\/files\/2017\/10\/SZMSZ_XI_fej.pdf\">szab\u00e1lyzat<\/a> <a href=\"https:\/\/semmelweis.hu\/phd\/files\/2017\/10\/SZMSZ_XIA_fej.pdf\">mell\u00e9klet<\/a> 2017. m\u00e1jus <a href=\"https:\/\/semmelweis.hu\/phd\/files\/2017\/09\/DoktoriIskola_XI_fejezet.pdf\">szab\u00e1lyzat<\/a> <a href=\"https:\/\/semmelweis.hu\/phd\/files\/2017\/09\/DoktoriIskola_XIA_fejezet.pdf\">mell\u00e9klet<\/a> 2017. janu\u00e1r <a href=\"https:\/\/semmelweis.hu\/phd\/files\/2017\/09\/DoktoriIskola_XI_fejezet.pdf\">szab\u00e1lyzat<\/a> <a href=\"https:\/\/semmelweis.hu\/phd\/files\/2017\/09\/DoktoriIskola_XIA_fejezet.pdf\">mell\u00e9klet<\/a> 2016. szeptember <a href=\"https:\/\/semmelweis.hu\/phd\/files\/2016\/10\/DSZ_XI.-fejezet.pdf\">szab\u00e1lyzat<\/a> <a href=\"https:\/\/semmelweis.hu\/phd\/files\/2016\/10\/DSZ_XI.A.-fejezet.pdf\">mell\u00e9klet<\/a> 2016. j\u00falius <a href=\"https:\/\/semmelweis.hu\/phd\/files\/2016\/07\/Doktori-Szab\u00e1lyzat-m\u00f3dos\u00edt\u00e1sa_2016v\u00e9gleges.doc\">szab\u00e1lyzat<\/a> 2015. november <a href=\"https:\/\/semmelweis.hu\/phd\/files\/2015\/11\/Doktori-Szab\u00e1lyzat-1.pdf\">szab\u00e1lyzat<\/a> 2015. j\u00fanius <a href=\"http:\/\/phd.semmelweis.hu\/wp-content\/uploads\/2015\/11\/Doktori-Szab\u00e1lyzat-m\u00f3dos\u00edt\u00e1s-2015.doc\">szab\u00e1lyzat<\/a> 2014. szeptember &hellip;<\/p>\n","protected":false},"author":158,"featured_media":0,"parent":9443,"menu_order":1,"comment_status":"closed","ping_status":"closed","template":"template-fullwidth.php","meta":{"_acf_changed":false,"footnotes":""},"categories":[],"tags":[],"class_list":["post-29","page","type-page","status-publish","hentry"],"acf":[],"_links":{"self":[{"href":"https:\/\/semmelweis.hu\/phd\/wp-json\/wp\/v2\/pages\/29","targetHints":{"allow":["GET"]}}],"collection":[{"href":"https:\/\/semmelweis.hu\/phd\/wp-json\/wp\/v2\/pages"}],"about":[{"href":"https:\/\/semmelweis.hu\/phd\/wp-json\/wp\/v2\/types\/page"}],"author":[{"embeddable":true,"href":"https:\/\/semmelweis.hu\/phd\/wp-json\/wp\/v2\/users\/158"}],"replies":[{"embeddable":true,"href":"https:\/\/semmelweis.hu\/phd\/wp-json\/wp\/v2\/comments?post=29"}],"version-history":[{"count":13,"href":"https:\/\/semmelweis.hu\/phd\/wp-json\/wp\/v2\/pages\/29\/revisions"}],"predecessor-version":[{"id":17461,"href":"https:\/\/semmelweis.hu\/phd\/wp-json\/wp\/v2\/pages\/29\/revisions\/17461"}],"up":[{"embeddable":true,"href":"https:\/\/semmelweis.hu\/phd\/wp-json\/wp\/v2\/pages\/9443"}],"wp:attachment":[{"href":"https:\/\/semmelweis.hu\/phd\/wp-json\/wp\/v2\/media?parent=29"}],"wp:term":[{"taxonomy":"category","embeddable":true,"href":"https:\/\/semmelweis.hu\/phd\/wp-json\/wp\/v2\/categories?post=29"},{"taxonomy":"post_tag","embeddable":true,"href":"https:\/\/semmelweis.hu\/phd\/wp-json\/wp\/v2\/tags?post=29"}],"curies":[{"name":"wp","href":"https:\/\/api.w.org\/{rel}","templated":true}]}}