{"id":208,"date":"2013-01-02T12:50:10","date_gmt":"2013-01-02T11:50:10","guid":{"rendered":"http:\/\/www.phd.sote.hu\/?page_id=208"},"modified":"2026-02-13T08:45:14","modified_gmt":"2026-02-13T07:45:14","slug":"phd-tudomanyos-napok","status":"publish","type":"page","link":"https:\/\/semmelweis.hu\/phd\/hallgatoknak\/phd-tudomanyos-napok\/","title":{"rendered":"PhD Tudom\u00e1nyos Napok"},"content":{"rendered":"<div class=\"keretes w-100\">\n<p>A PhD Tudom\u00e1nyos Napok c\u00e9lja, hogy lehet\u0151s\u00e9get adjon <strong>a doktori kutat\u00e1si eredm\u00e9nyek bemutat\u00e1s\u00e1ra, egyben az el\u0151ad\u00f3i k\u00e9pess\u00e9gek \u00e9s prezent\u00e1ci\u00f3s technik\u00e1k fejleszt\u00e9s\u00e9re<\/strong>, tov\u00e1bb\u00e1 j\u00f3 lehet\u0151s\u00e9g a <strong>kapcsolatteremt\u00e9s<\/strong>re \u00e9s m\u00e1s PhD hallgat\u00f3k munk\u00e1inak megismer\u00e9s\u00e9re. A konferenci\u00e1t \u00e9vente egyszer \u00e1ltal\u00e1ban a szorgalmi id\u0151szakot k\u00f6vet\u0151en j\u00faliusban szervezi a Doktori Iskola, a Doktori Hivatal \u00e9s a Doktorandusz \u00d6nkorm\u00e1nyzat.\u00a0<\/p>\n<\/div>\n<p><a href=\"https:\/\/semmelweis.hu\/phd\/files\/2024\/10\/RS198099_433A1112-scr.jpg\"><img loading=\"lazy\" decoding=\"async\" class=\"alignright size-medium wp-image-63049\" src=\"https:\/\/semmelweis.hu\/phd\/files\/2024\/10\/RS198099_433A1112-scr-400x267.jpg\" alt=\"\" width=\"400\" height=\"267\" srcset=\"https:\/\/semmelweis.hu\/phd\/files\/2024\/10\/RS198099_433A1112-scr-400x267.jpg 400w, https:\/\/semmelweis.hu\/phd\/files\/2024\/10\/RS198099_433A1112-scr-1024x683.jpg 1024w, https:\/\/semmelweis.hu\/phd\/files\/2024\/10\/RS198099_433A1112-scr-768x512.jpg 768w, https:\/\/semmelweis.hu\/phd\/files\/2024\/10\/RS198099_433A1112-scr-753x502.jpg 753w, https:\/\/semmelweis.hu\/phd\/files\/2024\/10\/RS198099_433A1112-scr-203x135.jpg 203w, https:\/\/semmelweis.hu\/phd\/files\/2024\/10\/RS198099_433A1112-scr.jpg 1200w\" sizes=\"auto, (max-width: 400px) 100vw, 400px\" \/><\/a>A <strong>k\u00e9t napos konferencia<\/strong> ir\u00e1nt minden \u00e9vben kimagasl\u00f3 az \u00e9rdekl\u0151d\u00e9s, melyet <strong>az el\u0151ad\u00e1sok \u00e9s poszter-bemutat\u00f3k<\/strong> nagy sz\u00e1ma is j\u00f3l mutat. A rendezv\u00e9nyen r\u00e9sztvev\u0151k\u00a0 a tudom\u00e1nyos munka <strong>multidiszciplin\u00e1ris seregszeml\u00e9j\u00e9nek<\/strong> r\u00e9szesei lehetnek, hiszen az egyetem k\u00fcl\u00f6nb\u00f6z\u0151 tudom\u00e1nyos m\u0171helyeiben tev\u00e9kenyked\u0151 PhD hallgat\u00f3k \u00e9s doktorjel\u00f6ltek besz\u00e1mol\u00f3in kereszt\u00fcl a tudom\u00e1nyter\u00fcletek \u00e9s tudom\u00e1ny\u00e1gak sokas\u00e1ga jelenik meg. A <strong>nemzetk\u00f6zi konferenci\u00e1kra is felk\u00e9sz\u00edt\u0151<\/strong> rendezv\u00e9nyen 40 k\u00f6r\u00fcli, az orvostudom\u00e1ny sz\u00e9les vertikum\u00e1t fel\u00f6lel\u0151 szekci\u00f3ban hallgathatnak meg el\u0151ad\u00e1sokat a r\u00e9sztvev\u0151k. <strong>A prezent\u00e1ci\u00f3kat a Doktori Iskola 11 tagozat\u00e1b\u00f3l deleg\u00e1lt bizotts\u00e1gok \u00e9rt\u00e9kelik, a d\u00edjazottak oklev\u00e9lben \u00e9s jutalomban r\u00e9szes\u00fclnek.<\/strong><\/p>\n<div class=\"keretes w-100\">\n<h3>PhD Tudom\u00e1nyos Napok 2026:<\/h3>\n<p><span style=\"font-family: Montserrat;\"><strong>Id\u0151pont:<\/strong> 2026. j\u00fanius 16-18.<\/span><\/p>\n<p><span style=\"font-family: Montserrat;\"><strong>Absztrakt bead\u00e1si hat\u00e1rid\u0151:<\/strong> 2026. \u00e1prilis 16. (online)<\/span><br \/>\n<span style=\"font-family: Montserrat;\"><strong>Regisztr\u00e1ci\u00f3s hat\u00e1rid\u0151:<\/strong> 2026. j\u00fanius 10.<\/span><\/p>\n<p><span style=\"font-family: Montserrat;\"><strong>Helysz\u00edn:<\/strong> Semmelweis Egyetem &#8211; Elm\u00e9leti Orvostudom\u00e1nyi K\u00f6zpont (EOK)<\/span><br \/>\n<span style=\"font-family: Montserrat;\">1094 Budapest, T\u0171zolt\u00f3 u. 37-47.<\/span><\/p>\n<p><a href=\"https:\/\/semmelweis.hu\/phdscientificdays\/\" target=\"_blank\" rel=\"noopener\"><strong>Tov\u00e1bb az angol nyelv\u0171 weboldalra \u2192<\/strong><\/a><\/p>\n<\/div>\n<p>\u00c1ltal\u00e1ban m\u00e1jusban indul az adott \u00e9vi konferenci\u00e1ra a regisztr\u00e1ci\u00f3, az err\u0151l sz\u00f3l\u00f3 h\u00edrt a Doktori Iskola a <a href=\"https:\/\/semmelweis.hu\/phd\/category\/hirek\/\">H\u00edrek k\u00f6z\u00f6tt<\/a> teszi k\u00f6zz\u00e9. Az absztraktok a konferencia honlapj\u00e1n kereszt\u00fcl t\u00f6lthet\u0151k fel. A program online absztrakf\u00fczet form\u00e1j\u00e1ban \u00e9rhet\u0151 el.\u00a0<\/p>\n<p><em>A PhD Tudom\u00e1nyos Napok konferencia kiv\u00e1l\u00f3 alkalmat teremt az EK\u00d6P, EK\u00d6P-KDP, SE250+ p\u00e1ly\u00e1zatokon nyertes hallgat\u00f3k sz\u00e1m\u00e1ra, hogy <span style=\"font-size: 1rem;\">az \u00f6szt\u00f6nd\u00edjszerz\u0151d\u00e9sben v\u00e1llalt, az eredm\u00e9nyeik bemutat\u00e1s\u00e1ra vonatkoz\u00f3 k\u00f6telezetts\u00e9g\u00fcket teljes\u00edts\u00e9k.<\/span><\/em><\/p>\n    \r\n    <div id=\"import-title\">\r\n      \r\n      <div class=\"section-row row my-2 pr-0 ml-0 mb-3\">\r\n        <div class=\"col-12 col-md-auto section-title\">\r\n          <h2 style=\"margin-top: 0;\">Kapcsol\u00f3d\u00f3 h\u00edrek<\/h2>\r\n        <\/div>\r\n        <div class=\"col section-divider px-0 mx-2 event-mobil-hidden d-none d-md-block\"><\/div>\r\n        <div class=\"col col-md-auto section-link text-uppercase px-0 event-mobil-hidden d-none d-md-block mr-5\">\r\n                      <h5 class=\"m-0\" style=\"width: fit-content;\"><a href=\"https:\/\/semmelweis.hu\/hirek\/tag\/phd-tudomanyos-napok\/\" target=\"_self\">\u00d6sszes cikk<\/a><\/h5>\r\n                  <\/div>\r\n      <\/div>\r\n        \r\n    <\/div>\r\n\r\n\r\n    <div class=\"import-posts row ml-0 mr-0\">\r\n      \r\n\r\n      \r\n\r\n        <article class=\"list-format post-155671 post type-post status-publish format-standard has-post-thumbnail hentry category-tudomany category-kiemelt tag-alhonlapokra tag-mki-alairas tag-phd-tudomanyos-napok\">\r\n          <div class=\"row mb-2 mx-0 p-2 mr-2 mr-lg-0\" style=\"border: 1px solid #DFE3E6;\">\r\n            \r\n            <div class=\"col px-normal px-lg-0\">\r\n              <div class=\"row w-100 mx-0\">\r\n                \r\n                  <div class=\"col-12 col-lg-4 pl-0 pr-1 pr-md-2\">\r\n                    <div class=\"img-container w-100 mt-2 mt-md-0 mb-2 mb-md-0 \">\r\n                      <img loading=\"lazy\" decoding=\"async\" width=\"400\" height=\"267\" src=\"https:\/\/semmelweis.hu\/hirek\/wp-content\/blogs.dir\/2\/files\/2025\/07\/RS219039_0E1A5427-scr-400x267.jpg\" class=\"attachment-medium size-medium wp-post-image\" alt=\"\" srcset=\"https:\/\/semmelweis.hu\/hirek\/wp-content\/blogs.dir\/2\/files\/2025\/07\/RS219039_0E1A5427-scr-400x267.jpg 400w, https:\/\/semmelweis.hu\/hirek\/wp-content\/blogs.dir\/2\/files\/2025\/07\/RS219039_0E1A5427-scr-900x600.jpg 900w, https:\/\/semmelweis.hu\/hirek\/wp-content\/blogs.dir\/2\/files\/2025\/07\/RS219039_0E1A5427-scr-768x512.jpg 768w, https:\/\/semmelweis.hu\/hirek\/wp-content\/blogs.dir\/2\/files\/2025\/07\/RS219039_0E1A5427-scr-753x502.jpg 753w, https:\/\/semmelweis.hu\/hirek\/wp-content\/blogs.dir\/2\/files\/2025\/07\/RS219039_0E1A5427-scr-203x135.jpg 203w, https:\/\/semmelweis.hu\/hirek\/wp-content\/blogs.dir\/2\/files\/2025\/07\/RS219039_0E1A5427-scr.jpg 1200w\" sizes=\"auto, (max-width: 400px) 100vw, 400px\" \/>                    <\/div>\r\n                  <\/div>\r\n\r\n                                <div class=\"entry-summary col-12 col-lg-8 px-0\">\r\n                  <div class=\"col-12 mb-2 px-0\">\r\n                    <h3 class=\"entry-title mb-1\"><a target=\"_self\" href=\"https:\/\/semmelweis.hu\/hirek\/2025\/07\/11\/hetszaz-fo-reszvetelevel-tartottak-meg-a-26-phd-tudomanyos-napokat\/\">H\u00e9tsz\u00e1z f\u0151 r\u00e9szv\u00e9tel\u00e9vel tartott\u00e1k meg a 26. PhD Tudom\u00e1nyos Napokat<\/a><\/h3>\r\n                    <h6 class=\"entry-meta text-uppercase\">\r\n                      <time class=\"mr-3\" datetime=\"2025-07-11T04:00:34+00:00\">2025. j\u00falius 11.  p\u00e9ntek 06:00<\/time>\r\n                    <\/h6>\r\n                  <\/div>\r\n                  <p>A rendezv\u00e9ny sor\u00e1n ny\u00fajtott\u00e1k \u00e1t a Kiv\u00e1l\u00f3 PhD T\u00e9mavezet\u0151 d\u00edjakat is.<\/p>\n                <\/div>\r\n              <\/div>\r\n            <\/div>\r\n          <\/div>\r\n        <\/article>\r\n        <hr \/>\r\n      \r\n\r\n        <article class=\"list-format post-143040 post type-post status-publish format-standard has-post-thumbnail hentry category-tudomany category-kiemelt tag-alhonlapokra tag-mki-alairas tag-phd-tudomanyos-napok tag-tudomanyos-hirek-rendezvenyek\">\r\n          <div class=\"row mb-2 mx-0 p-2 mr-2 mr-lg-0\" style=\"border: 1px solid #DFE3E6;\">\r\n            \r\n            <div class=\"col px-normal px-lg-0\">\r\n              <div class=\"row w-100 mx-0\">\r\n                \r\n                  <div class=\"col-12 col-lg-4 pl-0 pr-1 pr-md-2\">\r\n                    <div class=\"img-container w-100 mt-2 mt-md-0 mb-2 mb-md-0 \">\r\n                      <img loading=\"lazy\" decoding=\"async\" width=\"400\" height=\"267\" src=\"https:\/\/semmelweis.hu\/hirek\/wp-content\/blogs.dir\/2\/files\/2024\/07\/RS198098_433A1111-scr-400x267.jpg\" class=\"attachment-medium size-medium wp-post-image\" alt=\"\" srcset=\"https:\/\/semmelweis.hu\/hirek\/wp-content\/blogs.dir\/2\/files\/2024\/07\/RS198098_433A1111-scr-400x267.jpg 400w, https:\/\/semmelweis.hu\/hirek\/wp-content\/blogs.dir\/2\/files\/2024\/07\/RS198098_433A1111-scr-900x600.jpg 900w, https:\/\/semmelweis.hu\/hirek\/wp-content\/blogs.dir\/2\/files\/2024\/07\/RS198098_433A1111-scr-768x512.jpg 768w, https:\/\/semmelweis.hu\/hirek\/wp-content\/blogs.dir\/2\/files\/2024\/07\/RS198098_433A1111-scr-753x502.jpg 753w, https:\/\/semmelweis.hu\/hirek\/wp-content\/blogs.dir\/2\/files\/2024\/07\/RS198098_433A1111-scr-203x135.jpg 203w, https:\/\/semmelweis.hu\/hirek\/wp-content\/blogs.dir\/2\/files\/2024\/07\/RS198098_433A1111-scr.jpg 1200w\" sizes=\"auto, (max-width: 400px) 100vw, 400px\" \/>                    <\/div>\r\n                  <\/div>\r\n\r\n                                <div class=\"entry-summary col-12 col-lg-8 px-0\">\r\n                  <div class=\"col-12 mb-2 px-0\">\r\n                    <h3 class=\"entry-title mb-1\"><a target=\"_self\" href=\"https:\/\/semmelweis.hu\/hirek\/2024\/07\/15\/152-eloadast-hallhattak-a-phd-tudomanyos-napok-resztvevoi\/\">152 el\u0151ad\u00e1st hallhattak a PhD Tudom\u00e1nyos Napok r\u00e9sztvev\u0151i<\/a><\/h3>\r\n                    <h6 class=\"entry-meta text-uppercase\">\r\n                      <time class=\"mr-3\" datetime=\"2024-07-15T04:00:09+00:00\">2024. j\u00falius 15.  h\u00e9tf\u0151 06:00<\/time>\r\n                    <\/h6>\r\n                  <\/div>\r\n                  <p>A szekci\u00f3k az orvostudom\u00e1ny sz\u00e9les vertikum\u00e1t \u00f6lelt\u00e9k fel a kardiol\u00f3gi\u00e1t\u00f3l a transzl\u00e1ci\u00f3s medicin\u00e1ig.<\/p>\n                <\/div>\r\n              <\/div>\r\n            <\/div>\r\n          <\/div>\r\n        <\/article>\r\n        <hr \/>\r\n      \r\n\r\n        <article class=\"list-format post-128948 post type-post status-publish format-standard has-post-thumbnail hentry category-tudomany category-kiemelt tag-alhonlapokra tag-international-40 tag-mki-alairas tag-phd-tudomanyos-napok tag-tudomanyos-hirek-rendezvenyek\">\r\n          <div class=\"row mb-2 mx-0 p-2 mr-2 mr-lg-0\" style=\"border: 1px solid #DFE3E6;\">\r\n            \r\n            <div class=\"col px-normal px-lg-0\">\r\n              <div class=\"row w-100 mx-0\">\r\n                \r\n                  <div class=\"col-12 col-lg-4 pl-0 pr-1 pr-md-2\">\r\n                    <div class=\"img-container w-100 mt-2 mt-md-0 mb-2 mb-md-0 \">\r\n                      <img loading=\"lazy\" decoding=\"async\" width=\"400\" height=\"267\" src=\"https:\/\/semmelweis.hu\/hirek\/wp-content\/blogs.dir\/2\/files\/2023\/06\/RS177246_3P1A3191-scr-400x267.jpg\" class=\"attachment-medium size-medium wp-post-image\" alt=\"\" srcset=\"https:\/\/semmelweis.hu\/hirek\/wp-content\/blogs.dir\/2\/files\/2023\/06\/RS177246_3P1A3191-scr-400x267.jpg 400w, https:\/\/semmelweis.hu\/hirek\/wp-content\/blogs.dir\/2\/files\/2023\/06\/RS177246_3P1A3191-scr-900x600.jpg 900w, https:\/\/semmelweis.hu\/hirek\/wp-content\/blogs.dir\/2\/files\/2023\/06\/RS177246_3P1A3191-scr-768x512.jpg 768w, https:\/\/semmelweis.hu\/hirek\/wp-content\/blogs.dir\/2\/files\/2023\/06\/RS177246_3P1A3191-scr-753x502.jpg 753w, https:\/\/semmelweis.hu\/hirek\/wp-content\/blogs.dir\/2\/files\/2023\/06\/RS177246_3P1A3191-scr-203x135.jpg 203w, https:\/\/semmelweis.hu\/hirek\/wp-content\/blogs.dir\/2\/files\/2023\/06\/RS177246_3P1A3191-scr.jpg 1200w\" sizes=\"auto, (max-width: 400px) 100vw, 400px\" \/>                    <\/div>\r\n                  <\/div>\r\n\r\n                                <div class=\"entry-summary col-12 col-lg-8 px-0\">\r\n                  <div class=\"col-12 mb-2 px-0\">\r\n                    <h3 class=\"entry-title mb-1\"><a target=\"_self\" href=\"https:\/\/semmelweis.hu\/hirek\/2023\/06\/27\/phd-tudomanyos-napok-kutatokent-onzonek-inspiraltnak-es-batornak-kell-lenni\/\">PhD Tudom\u00e1nyos Napok: Kutat\u00f3k\u00e9nt \u00f6nz\u0151nek, inspir\u00e1ltnak \u00e9s b\u00e1tornak kell lenni<\/a><\/h3>\r\n                    <h6 class=\"entry-meta text-uppercase\">\r\n                      <time class=\"mr-3\" datetime=\"2023-06-27T08:55:59+00:00\">2023. j\u00fanius 27.  kedd 10:55<\/time>\r\n                    <\/h6>\r\n                  <\/div>\r\n                  <p>Dr. Kellermayer Mikl\u00f3s d\u00e9k\u00e1n arra biztatta a r\u00e9sztvev\u0151ket, ne f\u00e9ljenek a hib\u00e1z\u00e1st\u00f3l, \u00e9s a c\u00e9ljaikon k\u00edv\u00fcl legyenek mindenben szer\u00e9nyek.<\/p>\n                <\/div>\r\n              <\/div>\r\n            <\/div>\r\n          <\/div>\r\n        <\/article>\r\n        <hr \/>\r\n      \r\n\r\n        <article class=\"list-format post-117064 post type-post status-publish format-standard has-post-thumbnail hentry category-tudomany category-kiemelt tag-alhonlapokra tag-mki-alairas tag-phd-tudomanyos-napok tag-tudomanyos-hirek-rendezvenyek\">\r\n          <div class=\"row mb-2 mx-0 p-2 mr-2 mr-lg-0\" style=\"border: 1px solid #DFE3E6;\">\r\n            \r\n            <div class=\"col px-normal px-lg-0\">\r\n              <div class=\"row w-100 mx-0\">\r\n                \r\n                  <div class=\"col-12 col-lg-4 pl-0 pr-1 pr-md-2\">\r\n                    <div class=\"img-container w-100 mt-2 mt-md-0 mb-2 mb-md-0 \">\r\n                      <img loading=\"lazy\" decoding=\"async\" width=\"400\" height=\"267\" src=\"https:\/\/semmelweis.hu\/hirek\/wp-content\/blogs.dir\/2\/files\/2022\/07\/RS154811_C19A3580-scr-2-400x267.jpg\" class=\"attachment-medium size-medium wp-post-image\" alt=\"\" srcset=\"https:\/\/semmelweis.hu\/hirek\/wp-content\/blogs.dir\/2\/files\/2022\/07\/RS154811_C19A3580-scr-2-400x267.jpg 400w, https:\/\/semmelweis.hu\/hirek\/wp-content\/blogs.dir\/2\/files\/2022\/07\/RS154811_C19A3580-scr-2-900x600.jpg 900w, https:\/\/semmelweis.hu\/hirek\/wp-content\/blogs.dir\/2\/files\/2022\/07\/RS154811_C19A3580-scr-2-768x512.jpg 768w, https:\/\/semmelweis.hu\/hirek\/wp-content\/blogs.dir\/2\/files\/2022\/07\/RS154811_C19A3580-scr-2-753x502.jpg 753w, https:\/\/semmelweis.hu\/hirek\/wp-content\/blogs.dir\/2\/files\/2022\/07\/RS154811_C19A3580-scr-2-203x135.jpg 203w, https:\/\/semmelweis.hu\/hirek\/wp-content\/blogs.dir\/2\/files\/2022\/07\/RS154811_C19A3580-scr-2.jpg 1200w\" sizes=\"auto, (max-width: 400px) 100vw, 400px\" \/>                    <\/div>\r\n                  <\/div>\r\n\r\n                                <div class=\"entry-summary col-12 col-lg-8 px-0\">\r\n                  <div class=\"col-12 mb-2 px-0\">\r\n                    <h3 class=\"entry-title mb-1\"><a target=\"_self\" href=\"https:\/\/semmelweis.hu\/hirek\/2022\/07\/12\/rekordot-dontott-a-resztvevok-szama-az-egyetemi-phd-tudomanyos-napokon\/\">Rekordot d\u00f6nt\u00f6tt a r\u00e9sztvev\u0151k sz\u00e1ma az egyetemi PhD Tudom\u00e1nyos Napokon<\/a><\/h3>\r\n                    <h6 class=\"entry-meta text-uppercase\">\r\n                      <time class=\"mr-3\" datetime=\"2022-07-12T04:00:33+00:00\">2022. j\u00falius 12.  kedd 06:00<\/time>\r\n                    <\/h6>\r\n                  <\/div>\r\n                  <p>162 sz\u00f3beli \u00e9s 130 poszterel\u0151ad\u00e1st volt l\u00e1that\u00f3 az Elm\u00e9leti Orvostudom\u00e1nyi K\u00f6zpontban.<\/p>\n                <\/div>\r\n              <\/div>\r\n            <\/div>\r\n          <\/div>\r\n        <\/article>\r\n        <hr \/>\r\n      \r\n\r\n        <article class=\"list-format post-105443 post type-post status-publish format-standard has-post-thumbnail hentry category-tudomany category-kiemelt tag-alhonlapokra tag-mki-alairas tag-phd-tudomanyos-napok tag-tudomanyos-hirek-rendezvenyek\">\r\n          <div class=\"row mb-2 mx-0 p-2 mr-2 mr-lg-0\" style=\"border: 1px solid #DFE3E6;\">\r\n            \r\n            <div class=\"col px-normal px-lg-0\">\r\n              <div class=\"row w-100 mx-0\">\r\n                \r\n                  <div class=\"col-12 col-lg-4 pl-0 pr-1 pr-md-2\">\r\n                    <div class=\"img-container w-100 mt-2 mt-md-0 mb-2 mb-md-0 \">\r\n                      <img loading=\"lazy\" decoding=\"async\" width=\"400\" height=\"267\" src=\"https:\/\/semmelweis.hu\/hirek\/wp-content\/blogs.dir\/2\/files\/2021\/07\/RS135850_C19A3439-scr-400x267.jpg\" class=\"attachment-medium size-medium wp-post-image\" alt=\"\" srcset=\"https:\/\/semmelweis.hu\/hirek\/wp-content\/blogs.dir\/2\/files\/2021\/07\/RS135850_C19A3439-scr-400x267.jpg 400w, https:\/\/semmelweis.hu\/hirek\/wp-content\/blogs.dir\/2\/files\/2021\/07\/RS135850_C19A3439-scr-900x600.jpg 900w, https:\/\/semmelweis.hu\/hirek\/wp-content\/blogs.dir\/2\/files\/2021\/07\/RS135850_C19A3439-scr-768x512.jpg 768w, https:\/\/semmelweis.hu\/hirek\/wp-content\/blogs.dir\/2\/files\/2021\/07\/RS135850_C19A3439-scr-753x502.jpg 753w, https:\/\/semmelweis.hu\/hirek\/wp-content\/blogs.dir\/2\/files\/2021\/07\/RS135850_C19A3439-scr-203x135.jpg 203w, https:\/\/semmelweis.hu\/hirek\/wp-content\/blogs.dir\/2\/files\/2021\/07\/RS135850_C19A3439-scr.jpg 1200w\" sizes=\"auto, (max-width: 400px) 100vw, 400px\" \/>                    <\/div>\r\n                  <\/div>\r\n\r\n                                <div class=\"entry-summary col-12 col-lg-8 px-0\">\r\n                  <div class=\"col-12 mb-2 px-0\">\r\n                    <h3 class=\"entry-title mb-1\"><a target=\"_self\" href=\"https:\/\/semmelweis.hu\/hirek\/2021\/07\/09\/kozel-250-eloadast-es-posztert-mutattak-be-a-phd-tudomanyos-napokon\/\">K\u00f6zel 250 el\u0151ad\u00e1st \u00e9s posztert mutattak be a PhD Tudom\u00e1nyos Napokon<\/a><\/h3>\r\n                    <h6 class=\"entry-meta text-uppercase\">\r\n                      <time class=\"mr-3\" datetime=\"2021-07-09T04:00:16+00:00\">2021. j\u00falius 9.  p\u00e9ntek 06:00<\/time>\r\n                    <\/h6>\r\n                  <\/div>\r\n                  <p>A PhD-hallgat\u00f3k \u00f6sszesen 24 szekci\u00f3ban prezent\u00e1lt\u00e1k kutat\u00e1si eredm\u00e9nyeiket a k\u00e9tnapos program sor\u00e1n.<\/p>\n                <\/div>\r\n              <\/div>\r\n            <\/div>\r\n          <\/div>\r\n        <\/article>\r\n        <hr \/>\r\n                  <div class=\"section-row row w-100 mt-2 mb-2\">\r\n        <div class=\"col-7 section-divider px-0 mx-2 d-md-none\"><\/div>\r\n          <div class=\"col-4 d-block d-md-none text-uppercase px-0 section-link ml-2\">\r\n            <h5 class=\"m-0\" style=\"width: fit-content;\"><a href=\"https:\/\/semmelweis.hu\/hirek\/tag\/\/\" target=\"_self\"> \u00d6sszes cikk><\/a><\/h5>\r\n            \r\n        <\/div>\r\n      <\/div>\r\n\r\n    <\/div><!-- \/.import-posts -->\r\n\r\n\n","protected":false},"excerpt":{"rendered":"<p><a href=\"https:\/\/semmelweis.hu\/hirek\/files\/2022\/04\/infoblokk_kedv_final_felso_cmyk_ESZA.jpg\"><\/a> Nyolc t\u00e9macsoportra bontva \u00f6sszesen mintegy 250 el\u0151ad\u00e1st \u00e9s posztert mutattak be az idei PhD Tudom\u00e1nyos Napokon hazai orvos-, gy\u00f3gyszer\u00e9sz- \u00e9s eg\u00e9szs\u00e9gtudom\u00e1nyi PhD-k\u00e9pz\u00e9ssel foglalkoz\u00f3 egyetemek doktoranduszai. A PhD-hallgat\u00f3k \u00f6sszesen 24 sz\u00f3beli \u00e9s poszterszekci\u00f3ban prezent\u00e1lt\u00e1k kutat\u00e1si eredm\u00e9nyeiket a k\u00e9tnapos program sor\u00e1n. A megnyit\u00f3 besz\u00e9det dr. Ferdinandy P\u00e9ter, a Semmelweis Egyetem tudom\u00e1nyos \u00e9s innov\u00e1ci\u00f3s rektorhelyettes tartotta, az esem\u00e9ny &hellip;<\/p>\n","protected":false},"author":158,"featured_media":0,"parent":367,"menu_order":5,"comment_status":"open","ping_status":"open","template":"template-fullwidth.php","meta":{"_acf_changed":false,"footnotes":""},"categories":[],"tags":[],"class_list":["post-208","page","type-page","status-publish","hentry"],"acf":[],"_links":{"self":[{"href":"https:\/\/semmelweis.hu\/phd\/wp-json\/wp\/v2\/pages\/208","targetHints":{"allow":["GET"]}}],"collection":[{"href":"https:\/\/semmelweis.hu\/phd\/wp-json\/wp\/v2\/pages"}],"about":[{"href":"https:\/\/semmelweis.hu\/phd\/wp-json\/wp\/v2\/types\/page"}],"author":[{"embeddable":true,"href":"https:\/\/semmelweis.hu\/phd\/wp-json\/wp\/v2\/users\/158"}],"replies":[{"embeddable":true,"href":"https:\/\/semmelweis.hu\/phd\/wp-json\/wp\/v2\/comments?post=208"}],"version-history":[{"count":10,"href":"https:\/\/semmelweis.hu\/phd\/wp-json\/wp\/v2\/pages\/208\/revisions"}],"predecessor-version":[{"id":66265,"href":"https:\/\/semmelweis.hu\/phd\/wp-json\/wp\/v2\/pages\/208\/revisions\/66265"}],"up":[{"embeddable":true,"href":"https:\/\/semmelweis.hu\/phd\/wp-json\/wp\/v2\/pages\/367"}],"wp:attachment":[{"href":"https:\/\/semmelweis.hu\/phd\/wp-json\/wp\/v2\/media?parent=208"}],"wp:term":[{"taxonomy":"category","embeddable":true,"href":"https:\/\/semmelweis.hu\/phd\/wp-json\/wp\/v2\/categories?post=208"},{"taxonomy":"post_tag","embeddable":true,"href":"https:\/\/semmelweis.hu\/phd\/wp-json\/wp\/v2\/tags?post=208"}],"curies":[{"name":"wp","href":"https:\/\/api.w.org\/{rel}","templated":true}]}}