{"id":206,"date":"2013-01-02T12:49:51","date_gmt":"2013-01-02T11:49:51","guid":{"rendered":"http:\/\/www.phd.sote.hu\/?page_id=206"},"modified":"2026-01-12T10:02:19","modified_gmt":"2026-01-12T09:02:19","slug":"kivalosagaink","status":"publish","type":"page","link":"https:\/\/semmelweis.hu\/phd\/rolunk\/kivalosagaink\/","title":{"rendered":"Kiv\u00e1l\u00f3s\u00e1gaink"},"content":{"rendered":"<h3>\u201eKiv\u00e1l\u00f3 PhD t\u00e9mavezet\u0151\u201d kit\u00fcntet\u00e9sben r\u00e9szes\u00fcltek 2020-t\u00f3l<\/h3>\n<div class=\"fontos_div\">\n<p><strong>2025<\/strong><\/p>\n<\/div>\n<ul>\n<li>Dr. Kellermayer Mikl\u00f3s, egyetemi tan\u00e1r<\/li>\n<li>Dr. Jakus Zolt\u00e1n, egyetemi tan\u00e1r<\/li>\n<li>Dr. Radovits Tam\u00e1s, egyetemi tan\u00e1r<\/li>\n<\/ul>\n<div class=\"fontos_div\">\n<p><strong>2024<\/strong><\/p>\n<\/div>\n<ul>\n<li>Farkas Henriette, egyetemi tan\u00e1r<\/li>\n<li>Hangya Bal\u00e1zs, egyetemi tan\u00e1r<\/li>\n<li>V\u00e1g\u00f3 Hajnalka, egyetemi tan\u00e1r<\/li>\n<\/ul>\n<div>\n<div class=\"fontos_div\">\n<p><strong>2023<\/strong><\/p>\n<\/div>\n<\/div>\n<ul>\n<li>Alp\u00e1r Al\u00e1n, egyetemi tan\u00e1r<\/li>\n<li>Katona Istv\u00e1n, egyetemi tan\u00e1r<\/li>\n<li>V\u00e1rb\u00edr\u00f3 Szabolcs, egyetemi tan\u00e1r<\/li>\n<\/ul>\n<div>\n<div class=\"fontos_div\">\n<p><strong>2022<\/strong><\/p>\n<\/div>\n<\/div>\n<ul>\n<li>Gy\u0151rffy Bal\u00e1zs, egyetemi tan\u00e1r<\/li>\n<li>S\u00f3tonyi P\u00e9ter, egyetemi tan\u00e1r<\/li>\n<li>Wiener Zolt\u00e1n, egyetemi tan\u00e1r<\/li>\n<\/ul>\n<div>\n<div class=\"fontos_div\">\n<p><strong>2021<\/strong><\/p>\n<\/div>\n<\/div>\n<ul>\n<li>D\u00e9nes \u00c1d\u00e1m, egyetemi tan\u00e1r<\/li>\n<li>Maurovich-Horv\u00e1t P\u00e1l, egyetemi tan\u00e1r<\/li>\n<li>Sz\u00edj\u00e1rt\u00f3 Attila, egyetemi tan\u00e1r<\/li>\n<\/ul>\n<div>\n<div class=\"fontos_div\">\n<p><strong>2020<\/strong><\/p>\n<\/div>\n<\/div>\n<ul>\n<li>Sebesty\u00e9n Anna, egyetemi tan\u00e1r<\/li>\n<li>Zr\u00ednyi Mikl\u00f3s, egyetemi tan\u00e1r<\/li>\n<li>R\u00f3zsa Bal\u00e1zs, egyetemi tan\u00e1r<\/li>\n<\/ul>\n<p>&nbsp;<\/p>\n<h3>\u201eKiv\u00e1l\u00f3 PhD oktat\u00f3\u201d kit\u00fcntet\u00e9sben r\u00e9szes\u00fcltek 2003-t\u00f3l<\/h3>\n<p>&nbsp;<\/p>\n<div class=\"fontos_div\">\n<p><strong>2025<\/strong><\/p>\n<\/div>\n<ul>\n<li>Dr. Bagdy Gy\u00f6rgy, egyetemi tan\u00e1r<\/li>\n<li>Dr. Czobor P\u00e1l, egyetemi tan\u00e1r<\/li>\n<li>Dr. Maurovich-Horvat P\u00e1l, egyetemi tan\u00e1r<\/li>\n<li>Dr. M\u00fcller Veronika, egyetemi tan\u00e1r<\/li>\n<li>Dr. T\u00f3v\u00e1ri J\u00f3zsef, egyetemi tan\u00e1r<\/li>\n<li>Dr. Dob\u00f3 Nagy Csaba, egyetemi tan\u00e1r<\/li>\n<\/ul>\n<div class=\"fontos_div\">\n<p><strong>2024<\/strong><\/p>\n<\/div>\n<ul>\n<li>Dr. Enyedi P\u00e9ter, egyetemi tan\u00e1r<\/li>\n<li>Dr.\u00a0Losonczy Gy\u00f6rgy, egyetemi tan\u00e1r<\/li>\n<li>Dr. Domj\u00e1n Gyula, egyetemi tan\u00e1r<\/li>\n<li>Dr. Hamar P\u00e9ter, egyetemi tan\u00e1r<\/li>\n<li>Dr. Ferdinandy P\u00e9ter, egyetemi tan\u00e1r<\/li>\n<li>Dr. Horv\u00e1th Andr\u00e1s Attila, egyetemi tan\u00e1r<\/li>\n<li>Dr. Reusz Gy\u00f6rgy, egyetemi tan\u00e1r<\/li>\n<li>Dr. Buz\u00e1s Edit, egyetemi tan\u00e1r<\/li>\n<li>Dr. Juh\u00e1sz Gabriella, egyetemi tan\u00e1r<\/li>\n<li>Dr. Csukly G\u00e1bor, egyetemi tan\u00e1r<\/li>\n<li>Dr. B\u00f6d\u00f6r Csaba, egyetemi tan\u00e1r<\/li>\n<\/ul>\n<div>\n<div class=\"fontos_div\">\n<p><strong>2023<\/strong><\/p>\n<\/div>\n<\/div>\n<ul>\n<li>Farkas Henriette, egyetemi tan\u00e1r<\/li>\n<li>V\u00e1rb\u00edr\u00f3 Szabolcs, egyetemi tan\u00e1r<\/li>\n<li>Bl\u00e1zovics Anna, egyetemi tan\u00e1r<\/li>\n<li>Arat\u00f3 Andr\u00e1s, egyetemi tan\u00e1r<\/li>\n<li>Lakatos P\u00e9ter, egyetemi tan\u00e1r<\/li>\n<li>Csala Mikl\u00f3s, egyetemi tan\u00e1r<\/li>\n<li>Kren\u00e1cs Tibor, egyetemi tan\u00e1r<\/li>\n<\/ul>\n<div>\n<div class=\"fontos_div\">\n<p><strong>2022<\/strong><\/p>\n<\/div>\n<\/div>\n<ul>\n<li>Hamar P\u00e9ter, egyetemi tan\u00e1r<\/li>\n<li>Acs\u00e1dy Gy\u00f6rgy, egyetemi tan\u00e1r<\/li>\n<li>Szendr\u0151i Mikl\u00f3s, egyetemi tan\u00e1r<\/li>\n<li>Sz\u00f6k\u0151 \u00c9va, egyetemi tan\u00e1r<\/li>\n<li>T\u00fary Ferenc, egyetemi tan\u00e1r<\/li>\n<li>Gy\u0151rffy Bal\u00e1zs, egyetemi tan\u00e1r<\/li>\n<li>Sebesty\u00e9n Anna, egyetemi tan\u00e1r<\/li>\n<\/ul>\n<div>\n<div class=\"fontos_div\">\n<p><strong>2021<\/strong><\/p>\n<\/div>\n<\/div>\n<ul>\n<li>Zr\u00ednyi Mikl\u00f3s, egyetemi tan\u00e1r<\/li>\n<li>Csermely P\u00e9ter, egyetemi tan\u00e1r<\/li>\n<li>Szab\u00f3 D\u00f3ra, egyetemi tan\u00e1r<\/li>\n<li>Somogyi Anik\u00f3, egyetemi tan\u00e1r<\/li>\n<li>Wikonk\u00e1l Norbert, egyetemi tan\u00e1r<\/li>\n<\/ul>\n<div>\n<div class=\"fontos_div\">\n<p><strong>2020<\/strong><\/p>\n<\/div>\n<\/div>\n<ul>\n<li>Ligeti Erzs\u00e9bet, egyetemi tan\u00e1r<\/li>\n<li>Zelk\u00f3 Rom\u00e1na, egyetemi tan\u00e1r<\/li>\n<li>Varga G\u00e1bor, egyetemi tan\u00e1r<\/li>\n<\/ul>\n<div>\n<div class=\"fontos_div\">\n<p><strong>2019<\/strong><\/p>\n<\/div>\n<\/div>\n<ul>\n<li>Bitter Istv\u00e1n, egyetemi tan\u00e1r<\/li>\n<li>Rig\u00f3 J\u00e1nos, egyetemi tan\u00e1r<\/li>\n<li>Rosivall L\u00e1szl\u00f3 egyetemi tan\u00e1r<\/li>\n<li>T\u00edm\u00e1r J\u00f3zsef egyetemi tan\u00e1r<\/li>\n<li>Tulassay Tivadar egyetemi tan\u00e1r<\/li>\n<\/ul>\n<div>\n<div class=\"fontos_div\">\n<p><strong>2018<\/strong><\/p>\n<\/div>\n<\/div>\n<ul>\n<li>Kellermayer Mikl\u00f3s, egyetemi tan\u00e1r<\/li>\n<li>Antal Istv\u00e1n, egyetemi tan\u00e1r<\/li>\n<li>K\u00e1rp\u00e1ti Sarolta, egyetemi tan\u00e1r<\/li>\n<\/ul>\n<div>\n<div class=\"fontos_div\">\n<p><strong>2017<\/strong><\/p>\n<\/div>\n<\/div>\n<ul>\n<li>Kovalszky Ilona, egyetemi tan\u00e1r<\/li>\n<li>Mandl J\u00f3zsef, egyetemi tan\u00e1r<\/li>\n<li>Nosz\u00e1l B\u00e9la, egyetemi tan\u00e1r<\/li>\n<\/ul>\n<div>\n<div class=\"fontos_div\">\n<p><strong>2016<\/strong><\/p>\n<\/div>\n<\/div>\n<ul>\n<li>Kiss Andr\u00e1s, egyetemi docens<\/li>\n<li>Merkely B\u00e9la, egyetemi tan\u00e1r<\/li>\n<li>R\u00e1cz K\u00e1roly, egyetemi tan\u00e1r<\/li>\n<li>V\u00e1s\u00e1rhelyi Barna, egyetemi tan\u00e1r<\/li>\n<\/ul>\n<div>\n<div class=\"fontos_div\">\n<p><strong>2015<\/strong><\/p>\n<\/div>\n<\/div>\n<ul>\n<li>Kopper L\u00e1szl\u00f3, egyetemi tan\u00e1r<\/li>\n<li>Sz\u0151ke \u00c9va, egyetemi tan\u00e1r<\/li>\n<li>Tulassay Zsolt, egyetemi tan\u00e1r<\/li>\n<\/ul>\n<div>\n<div class=\"fontos_div\">\n<p><strong>2014<\/strong><\/p>\n<\/div>\n<\/div>\n<ul>\n<li>Papp Zolt\u00e1n, egyetemi tan\u00e1r<\/li>\n<li>Matolcsy Andr\u00e1s, egyetemi tan\u00e1r<\/li>\n<\/ul>\n<div>\n<div class=\"fontos_div\">\n<p><strong>2013<\/strong><\/p>\n<\/div>\n<\/div>\n<ul>\n<li>Rad\u00e1k Zsolt, egyetemi tan\u00e1r<\/li>\n<li>K\u00e9ri Gy\u00f6rgy, egyetemi tan\u00e1r<\/li>\n<li>Rozgonyi Ferenc, egyetemi tan\u00e1r<\/li>\n<\/ul>\n<div>\n<div class=\"fontos_div\">\n<p><strong>2012<\/strong><\/p>\n<\/div>\n<\/div>\n<ul>\n<li>Falus Andr\u00e1s, egyetemi tan\u00e1r<\/li>\n<li>S\u00edpos Korn\u00e9l, egyetemi tan\u00e1r<\/li>\n<li>Szalay Ferenc, egyetemi tan\u00e1r<\/li>\n<\/ul>\n<div>\n<div class=\"fontos_div\">\n<p><strong>2011<\/strong><\/p>\n<\/div>\n<\/div>\n<ul>\n<li>Kovalszky Ilona, egyetemi tan\u00e1r<\/li>\n<li>M\u00e1tyus P\u00e9ter, egyetemi tan\u00e1r<\/li>\n<\/ul>\n<div>\n<div class=\"fontos_div\">\n<p><strong>2010<\/strong><\/p>\n<\/div>\n<\/div>\n<ul>\n<li>Mucsi Istv\u00e1n, egyetemi docens<\/li>\n<li>Pavlik G\u00e1bor, egyetemi tan\u00e1r<\/li>\n<li>Schaff Zsuzsa, egyetemi tan\u00e1r<\/li>\n<li>Sz\u00e9l \u00c1goston, egyetemi tan\u00e1r<\/li>\n<\/ul>\n<div>\n<div class=\"fontos_div\">\n<p><strong>\u00a02009<\/strong><\/p>\n<\/div>\n<\/div>\n<ul>\n<li>Makara G\u00e1bor, akad\u00e9mikus<\/li>\n<li>M\u00e9sz\u00e1ros J\u00e1nos, egyetemi tan\u00e1r<\/li>\n<li>Nosz\u00e1l B\u00e9la, egyetemi tan\u00e1r<\/li>\n<li>R\u00e9thelyi Mikl\u00f3s, professor emeritus<\/li>\n<li>S\u00f3tonyi P\u00e9ter, rector emeritus<\/li>\n<\/ul>\n<div>\n<div class=\"fontos_div\">\n<p><strong>2008<\/strong><\/p>\n<\/div>\n<\/div>\n<ul>\n<li>Bagdy Gy\u00f6rgy, egyetemi docens<\/li>\n<li>Tihanyi J\u00f3zsef, egyetemi tan\u00e1r<\/li>\n<li>Gergely P\u00e9ter, egyetemi tan\u00e1r<\/li>\n<\/ul>\n<div>\n<div class=\"fontos_div\">\n<p><strong>2007<\/strong><\/p>\n<\/div>\n<\/div>\n<ul>\n<li>Sarkadi Bal\u00e1zs, egyetemi tan\u00e1r<\/li>\n<li>F\u00f6ldesin\u00e9 Szab\u00f3 Gy\u00f6ngyi, egyetemi tan\u00e1r<\/li>\n<\/ul>\n<div>\n<div class=\"fontos_div\">\n<p><strong>2006<\/strong><\/p>\n<\/div>\n<\/div>\n<ul>\n<li>F\u00fcst Gy\u00f6rgy, egyetemi tan\u00e1r<\/li>\n<li>Nagy Zolt\u00e1n, egyetemi tan\u00e1r<\/li>\n<\/ul>\n<div>\n<div class=\"fontos_div\">\n<p><strong>2005<\/strong><\/p>\n<\/div>\n<\/div>\n<ul>\n<li>K\u00e1d\u00e1r Anna, egyetemi tan\u00e1r<\/li>\n<li>Kopper L\u00e1szl\u00f3, egyetemi tan\u00e1r<\/li>\n<li>Monos Emil, egyetemi tan\u00e1r<\/li>\n<li>Rajna P\u00e9ter, egyetemi tan\u00e1r<\/li>\n<li>Vincze Zolt\u00e1n, egyetemi tan\u00e1r<\/li>\n<\/ul>\n<div>\n<div class=\"fontos_div\">\n<p><strong>2004<\/strong><\/p>\n<\/div>\n<\/div>\n<ul>\n<li>Frenkl R\u00f3bert, egyetemi tan\u00e1r<\/li>\n<li>Hal\u00e1sz B\u00e9la, egyetemi tan\u00e1r<\/li>\n<li>Jeney Andr\u00e1s, egyetemi tan\u00e1r<\/li>\n<li>Kopp M\u00e1ria, egyetemi tan\u00e1r<\/li>\n<li>Ligeti Erzs\u00e9bet, egyetemi tan\u00e1r<\/li>\n<li>Magyar K\u00e1lm\u00e1n, egyetemi tan\u00e1r<\/li>\n<\/ul>\n<div>\n<div class=\"fontos_div\">\n<p><strong>2003<\/strong><\/p>\n<\/div>\n<\/div>\n<ul>\n<li>\u00a0Gombocz J\u00e1nos, egyetemi tan\u00e1r<\/li>\n<li>\u00a0Palkovits Mikl\u00f3s, egyetemi tan\u00e1r<\/li>\n<li>\u00a0R\u00e1cz Istv\u00e1n, egyetemi tan\u00e1r<\/li>\n<li>\u00a0Rosivall L\u00e1szl\u00f3, egyetemi tan\u00e1r<\/li>\n<li>\u00a0Sasv\u00e1ri M\u00e1ria, egyetemi docens<\/li>\n<li>\u00a0Szalay Ferenc, egyetemi tan\u00e1r<\/li>\n<li>\u00a0T\u00edm\u00e1r J\u00f3zsef, egyetemi tan\u00e1r<\/li>\n<li>Tringer L\u00e1szl\u00f3, egyetemi tan\u00e1r<\/li>\n<\/ul>\n<p>&nbsp;<\/p>\n","protected":false},"excerpt":{"rendered":"<p>\u201eKiv\u00e1l\u00f3 PhD t\u00e9mavezet\u0151\u201d kit\u00fcntet\u00e9sben r\u00e9szes\u00fcltek 2020-t\u00f3l 2025 Dr. Kellermayer Mikl\u00f3s, egyetemi tan\u00e1r Dr. Jakus Zolt\u00e1n, egyetemi tan\u00e1r Dr. Radovits Tam\u00e1s, egyetemi tan\u00e1r 2024 Farkas Henriette, egyetemi tan\u00e1r Hangya Bal\u00e1zs, egyetemi tan\u00e1r V\u00e1g\u00f3 Hajnalka, egyetemi tan\u00e1r 2023 Alp\u00e1r Al\u00e1n, egyetemi tan\u00e1r Katona Istv\u00e1n, egyetemi tan\u00e1r V\u00e1rb\u00edr\u00f3 Szabolcs, egyetemi tan\u00e1r 2022 Gy\u0151rffy Bal\u00e1zs, egyetemi tan\u00e1r S\u00f3tonyi P\u00e9ter, &hellip;<\/p>\n","protected":false},"author":158,"featured_media":0,"parent":18490,"menu_order":11,"comment_status":"closed","ping_status":"closed","template":"template-fullwidth.php","meta":{"_acf_changed":false,"footnotes":""},"categories":[],"tags":[],"class_list":["post-206","page","type-page","status-publish","hentry"],"acf":[],"_links":{"self":[{"href":"https:\/\/semmelweis.hu\/phd\/wp-json\/wp\/v2\/pages\/206","targetHints":{"allow":["GET"]}}],"collection":[{"href":"https:\/\/semmelweis.hu\/phd\/wp-json\/wp\/v2\/pages"}],"about":[{"href":"https:\/\/semmelweis.hu\/phd\/wp-json\/wp\/v2\/types\/page"}],"author":[{"embeddable":true,"href":"https:\/\/semmelweis.hu\/phd\/wp-json\/wp\/v2\/users\/158"}],"replies":[{"embeddable":true,"href":"https:\/\/semmelweis.hu\/phd\/wp-json\/wp\/v2\/comments?post=206"}],"version-history":[{"count":12,"href":"https:\/\/semmelweis.hu\/phd\/wp-json\/wp\/v2\/pages\/206\/revisions"}],"predecessor-version":[{"id":65892,"href":"https:\/\/semmelweis.hu\/phd\/wp-json\/wp\/v2\/pages\/206\/revisions\/65892"}],"up":[{"embeddable":true,"href":"https:\/\/semmelweis.hu\/phd\/wp-json\/wp\/v2\/pages\/18490"}],"wp:attachment":[{"href":"https:\/\/semmelweis.hu\/phd\/wp-json\/wp\/v2\/media?parent=206"}],"wp:term":[{"taxonomy":"category","embeddable":true,"href":"https:\/\/semmelweis.hu\/phd\/wp-json\/wp\/v2\/categories?post=206"},{"taxonomy":"post_tag","embeddable":true,"href":"https:\/\/semmelweis.hu\/phd\/wp-json\/wp\/v2\/tags?post=206"}],"curies":[{"name":"wp","href":"https:\/\/api.w.org\/{rel}","templated":true}]}}