{"id":16805,"date":"2023-11-07T14:38:14","date_gmt":"2023-11-07T13:38:14","guid":{"rendered":"https:\/\/semmelweis.hu\/phd\/?page_id=16805"},"modified":"2024-10-30T15:31:55","modified_gmt":"2024-10-30T14:31:55","slug":"kurzusbejelentes","status":"publish","type":"page","link":"https:\/\/semmelweis.hu\/phd\/oktatoknak-2\/kurzusbejelentes\/","title":{"rendered":"Kurzusbejelent\u00e9s"},"content":{"rendered":"<p>Ezen az oldalon a kurzusok bejelent\u00e9s\u00e9vel kapcsolatos dokumentumokat \u00e9s inform\u00e1ci\u00f3kat tal\u00e1lja.\u00a0<\/p>\n<p>Kurzus oktat\u00f3i adatlap<strong><br \/>\n<a class=\"btn btn-secondary\" href=\"https:\/\/semmelweis.hu\/phd\/files\/2023\/11\/Kurzus-oktatoi_adatlap_20241127.xlsx\" target=\"_blank\" rel=\"noopener\">let\u00f6lt\u00e9s<\/a><\/strong><\/p>\n<p>Kurzusbejelent\u0151 adatlap<strong><br \/>\n<a class=\"btn btn-secondary\" href=\"https:\/\/semmelweis.hu\/phd\/files\/2023\/11\/kurzus-bejelento-20241214.xlsx\" target=\"_blank\" rel=\"noopener\">let\u00f6lt\u00e9s<\/a><\/strong><\/p>\n<p>K\u00f6lts\u00e9gvet\u00e9s-tervezet Doktori Tagozat kurzust\u00e1mogat\u00e1s k\u00e9r\u00e9s\u00e9hez <strong><br \/>\n<a class=\"btn btn-secondary\" href=\"https:\/\/semmelweis.hu\/phd\/files\/2024\/04\/kurzustamogatas-kerese-2024.doc\" target=\"_blank\" rel=\"noopener\">let\u00f6lt\u00e9s<\/a><\/strong><\/p>\n<p>Kurzus t\u00e1mogat\u00e1si \u0171rlap vend\u00e9goktat\u00f3knak<strong><br \/>\n<a class=\"btn btn-secondary\" href=\"https:\/\/semmelweis.hu\/phd\/files\/2023\/11\/Kurzus-tamogatasi-urlap-vendegoktatoknak-masolata.xlsx\" target=\"_blank\" rel=\"noopener\">let\u00f6lt\u00e9s<\/a><\/strong><\/p>\n<p>2 \u00e9ves kurzusterv sablon<strong><br \/>\n<a class=\"btn btn-secondary\" href=\"https:\/\/semmelweis.hu\/phd\/files\/2024\/10\/2-eves-kurzusterv.docx\" target=\"_blank\" rel=\"noopener\">let\u00f6lt\u00e9s<\/a><\/strong><\/p>\n","protected":false},"excerpt":{"rendered":"<p>Ezen az oldalon a kurzusok bejelent\u00e9s\u00e9vel kapcsolatos dokumentumokat \u00e9s inform\u00e1ci\u00f3kat tal\u00e1lja.\u00a0<br \/>\nKurzus oktat\u00f3i adatlap<br \/>\n<a class=\"btn btn-secondary\" href=\"https:\/\/semmelweis.hu\/phd\/files\/2023\/11\/Kurzus-oktatoi_adatlap_20241127.xlsx\" target=\"_blank\" rel=\"noopener\">let\u00f6lt\u00e9s<\/a><br \/>\nKurzusbejelent\u0151 adatlap<br \/>\n<a class=\"btn btn-secondary\" href=\"https:\/\/semmelweis.hu\/phd\/files\/2023\/11\/kurzus-bejelento-20241214.xlsx\" target=\"_blank\" rel=\"noopener\">let\u00f6lt\u00e9s<\/a><br \/>\nK\u00f6lts\u00e9gvet\u00e9s-tervezet Doktori Tagozat kurzust\u00e1mogat\u00e1s k\u00e9r\u00e9s\u00e9hez<br \/>\n<a class=\"btn btn-secondary\" href=\"https:\/\/semmelweis.hu\/phd\/files\/2024\/04\/kurzustamogatas-kerese-2024.doc\" target=\"_blank\" rel=\"noopener\">let\u00f6lt\u00e9s<\/a><br \/>\nKurzus t\u00e1mogat\u00e1si \u0171rlap vend\u00e9goktat\u00f3knak<br \/>\n<a class=\"btn btn-secondary\" href=\"https:\/\/semmelweis.hu\/phd\/files\/2023\/11\/Kurzus-tamogatasi-urlap-vendegoktatoknak-masolata.xlsx\" target=\"_blank\" rel=\"noopener\">let\u00f6lt\u00e9s<\/a><br \/>\n2 \u00e9ves kurzusterv sablon<br \/>\n<a class=\"btn btn-secondary\" href=\"https:\/\/semmelweis.hu\/phd\/files\/2024\/10\/2-eves-kurzusterv.docx\" target=\"_blank\" rel=\"noopener\">let\u00f6lt\u00e9s<\/a><\/p>\n","protected":false},"author":101719,"featured_media":0,"parent":6747,"menu_order":8,"comment_status":"closed","ping_status":"closed","template":"template-fullwidth.php","meta":{"_acf_changed":false,"footnotes":""},"categories":[],"tags":[],"class_list":["post-16805","page","type-page","status-publish","hentry"],"acf":[],"_links":{"self":[{"href":"https:\/\/semmelweis.hu\/phd\/wp-json\/wp\/v2\/pages\/16805","targetHints":{"allow":["GET"]}}],"collection":[{"href":"https:\/\/semmelweis.hu\/phd\/wp-json\/wp\/v2\/pages"}],"about":[{"href":"https:\/\/semmelweis.hu\/phd\/wp-json\/wp\/v2\/types\/page"}],"author":[{"embeddable":true,"href":"https:\/\/semmelweis.hu\/phd\/wp-json\/wp\/v2\/users\/101719"}],"replies":[{"embeddable":true,"href":"https:\/\/semmelweis.hu\/phd\/wp-json\/wp\/v2\/comments?post=16805"}],"version-history":[{"count":11,"href":"https:\/\/semmelweis.hu\/phd\/wp-json\/wp\/v2\/pages\/16805\/revisions"}],"predecessor-version":[{"id":63631,"href":"https:\/\/semmelweis.hu\/phd\/wp-json\/wp\/v2\/pages\/16805\/revisions\/63631"}],"up":[{"embeddable":true,"href":"https:\/\/semmelweis.hu\/phd\/wp-json\/wp\/v2\/pages\/6747"}],"wp:attachment":[{"href":"https:\/\/semmelweis.hu\/phd\/wp-json\/wp\/v2\/media?parent=16805"}],"wp:term":[{"taxonomy":"category","embeddable":true,"href":"https:\/\/semmelweis.hu\/phd\/wp-json\/wp\/v2\/categories?post=16805"},{"taxonomy":"post_tag","embeddable":true,"href":"https:\/\/semmelweis.hu\/phd\/wp-json\/wp\/v2\/tags?post=16805"}],"curies":[{"name":"wp","href":"https:\/\/api.w.org\/{rel}","templated":true}]}}