{"id":10471,"date":"2019-08-30T13:43:51","date_gmt":"2019-08-30T11:43:51","guid":{"rendered":"http:\/\/semmelweis.hu\/phd\/?page_id=10471"},"modified":"2024-10-18T10:21:56","modified_gmt":"2024-10-18T08:21:56","slug":"diak-es-eletvezetesi-tanacsado-szolgalat","status":"publish","type":"page","link":"https:\/\/semmelweis.hu\/phd\/hallgatoknak\/hallgatoi-szolgaltatasok\/diak-es-eletvezetesi-tanacsado-szolgalat\/","title":{"rendered":"Di\u00e1k-\u00e9s \u00c9letvezet\u00e9si Tan\u00e1csad\u00f3 Szolg\u00e1lat"},"content":{"rendered":"<p>Ha \u00fagy \u00e9rzed, \u00f6sszecsaptak fejed f\u00f6l\u00f6tt a hull\u00e1mok, nem b\u00edrod tov\u00e1bb, k\u00e9ptelen vagy egyed\u00fcl megbirk\u00f3zni a sok probl\u00e9m\u00e1val, ami nyakadba z\u00fadult, esetleg elbizonytalanodt\u00e1l abban, hogy j\u00f3 helyen vagy-e ezen az egyetemen, vagy egyszer\u0171en csak tan\u00e1csot szeretn\u00e9l k\u00e9rni \u00fcgyes-bajos dolgaidat illet\u0151en, akkor ez lehet az a pillanat, amikor felkeresed a Di\u00e1k \u00e9s \u00c9letvezet\u00e9si Tan\u00e1csad\u00f3 szolg\u00e1latot.<br \/>\nPhD hallgat\u00f3k \u00e9s doktorjel\u00f6ltek r\u00e9sz\u00e9re is.<\/p>\n<p><strong>Tov\u00e1bbi inform\u00e1ci\u00f3:<\/strong><br \/>\n<a href=\"https:\/\/semmelweis.hu\/egeszsegfejlesztes\/online-egeszsegszolgaltatasok\/dolgozoi-tanacsado-szolgalat\/\">https:\/\/semmelweis.hu\/egeszsegfejlesztes\/online-egeszsegszolgaltatasok\/dolgozoi-tanacsado-szolgalat\/<\/a><\/p>\n","protected":false},"excerpt":{"rendered":"<p>Ha \u00fagy \u00e9rzed, \u00f6sszecsaptak fejed f\u00f6l\u00f6tt a hull\u00e1mok, nem b\u00edrod tov\u00e1bb, k\u00e9ptelen vagy egyed\u00fcl megbirk\u00f3zni a sok probl\u00e9m\u00e1val, ami nyakadba z\u00fadult, esetleg elbizonytalanodt\u00e1l abban, hogy j\u00f3 helyen vagy-e ezen az egyetemen, vagy egyszer\u0171en csak tan\u00e1csot szeretn\u00e9l k\u00e9rni \u00fcgyes-bajos dolgaidat illet\u0151en, akkor ez lehet az a pillanat, amikor felkeresed a Di\u00e1k \u00e9s \u00c9letvezet\u00e9si Tan\u00e1csad\u00f3 szolg\u00e1latot. PhD &hellip;<\/p>\n","protected":false},"author":158,"featured_media":0,"parent":14055,"menu_order":7,"comment_status":"closed","ping_status":"closed","template":"","meta":{"_acf_changed":false,"footnotes":""},"categories":[],"tags":[],"class_list":["post-10471","page","type-page","status-publish","hentry"],"acf":[],"_links":{"self":[{"href":"https:\/\/semmelweis.hu\/phd\/wp-json\/wp\/v2\/pages\/10471","targetHints":{"allow":["GET"]}}],"collection":[{"href":"https:\/\/semmelweis.hu\/phd\/wp-json\/wp\/v2\/pages"}],"about":[{"href":"https:\/\/semmelweis.hu\/phd\/wp-json\/wp\/v2\/types\/page"}],"author":[{"embeddable":true,"href":"https:\/\/semmelweis.hu\/phd\/wp-json\/wp\/v2\/users\/158"}],"replies":[{"embeddable":true,"href":"https:\/\/semmelweis.hu\/phd\/wp-json\/wp\/v2\/comments?post=10471"}],"version-history":[{"count":3,"href":"https:\/\/semmelweis.hu\/phd\/wp-json\/wp\/v2\/pages\/10471\/revisions"}],"predecessor-version":[{"id":13562,"href":"https:\/\/semmelweis.hu\/phd\/wp-json\/wp\/v2\/pages\/10471\/revisions\/13562"}],"up":[{"embeddable":true,"href":"https:\/\/semmelweis.hu\/phd\/wp-json\/wp\/v2\/pages\/14055"}],"wp:attachment":[{"href":"https:\/\/semmelweis.hu\/phd\/wp-json\/wp\/v2\/media?parent=10471"}],"wp:term":[{"taxonomy":"category","embeddable":true,"href":"https:\/\/semmelweis.hu\/phd\/wp-json\/wp\/v2\/categories?post=10471"},{"taxonomy":"post_tag","embeddable":true,"href":"https:\/\/semmelweis.hu\/phd\/wp-json\/wp\/v2\/tags?post=10471"}],"curies":[{"name":"wp","href":"https:\/\/api.w.org\/{rel}","templated":true}]}}