{"id":483,"date":"2014-02-10T18:10:14","date_gmt":"2014-02-10T17:10:14","guid":{"rendered":"http:\/\/semmelweis.hu\/pharmacology\/?page_id=483"},"modified":"2025-07-23T11:59:02","modified_gmt":"2025-07-23T09:59:02","slug":"fok","status":"publish","type":"page","link":"https:\/\/semmelweis.hu\/pharmacology\/oktatas\/gradualis-oktatas\/fok\/","title":{"rendered":"Fogorvostudom\u00e1nyi Kar"},"content":{"rendered":"<div class=\"keretes w-100\">\n<p>Tanulm\u00e1nyi felel\u0151s: Dr. Riba P\u00e1l (3. emelet, 314. szoba) <br \/>\nemail: riba.pal@semmelweis.hu<\/p>\n<\/div>\n<p><strong>Az el\u0151ad\u00e1sokon \u00e9s gyakorlatokon vide\u00f3- \u00e9s hangfelv\u00e9tel k\u00e9sz\u00edt\u00e9se tilos! Az el\u0151ad\u00e1sok \u00e1br\u00e1i a <a href=\"http:\/\/itc.semmelweis.hu\/\">Moodle<\/a>\u00a0rendszerben hozz\u00e1f\u00e9rhet\u0151k.<\/strong><\/p>\n<div class=\"keretes w-100\">\n<p>A szigorlaton b\u00e1rmilyen, k\u00edv\u00fclr\u0151l sz\u00e1rmaz\u00f3 inform\u00e1ci\u00f3 megszerz\u00e9s\u00e9re ir\u00e1nyul\u00f3 meg nem engedett eszk\u00f6z haszn\u00e1lata (pl. inform\u00e1ci\u00f3technol\u00f3giai eszk\u00f6z\u00f6k, elektronikus vagy nyomtatott anyag) a vizsga azonnali, el\u00e9gtelen \u00e9rdemjeggyel t\u00f6rt\u00e9n\u0151 befejez\u00e9s\u00e9t vonja maga ut\u00e1n. Ezen t\u00falmen\u0151en tov\u00e1bbi, a Semmelweis Egyetem Tanulm\u00e1nyi \u00e9s Vizsgaszab\u00e1lyzat\u00e1ban meghat\u00e1rozott l\u00e9p\u00e9sekre is sor ker\u00fcl.<\/p>\n<\/div>\n<h2>I. f\u00e9l\u00e9v &#8211; Farmakol\u00f3gia I.\u00a0<\/h2>\n<p><a href=\"https:\/\/semmelweis.hu\/pharmacology\/files\/2024\/12\/FOKOFRM254_1M-Farmakologia-I-FOK-IV-kovetelmenyrendszer-20240527.pdf\">K\u00f6vetelm\u00e9nyrendszer (2024\/2025)<\/a><\/p>\n<h2>II. f\u00e9l\u00e9v &#8211; Farmakol\u00f3gia II.<\/h2>\n<p><a href=\"https:\/\/semmelweis.hu\/pharmacology\/files\/2024\/12\/FOKOFRM254_2M-Farmakologia-II-FOK-IV-kovetelmenyrendszer-20240527.pdf\">K\u00f6vetelm\u00e9nyrendszer (2024\/2025)<\/a><\/p>\n<p>&nbsp;<\/p>\n<div class=\"fontos_div\">\n<p>Tantermi el\u0151ad\u00e1sok \u00e9s gyakorlati tematika a <a href=\"http:\/\/itc.semmelweis.hu\/\">Moodle<\/a>-ben megtal\u00e1lhat\u00f3<\/p>\n<\/div>\n<h2>Szakdolgozat<\/h2>\n<p><a href=\"https:\/\/semmelweis.hu\/pharmacology\/files\/2025\/07\/FOK-szakdolgozat-cimlista-2025-2026_Farmakologia.pdf\">Szakdolgozat c\u00edmlista 2025\/2026<\/a><\/p>\n<h2>OMHV<\/h2>\n<p><a href=\"https:\/\/semmelweis.hu\/pharmacology\/files\/2023\/11\/Farmakologia-OMHV-ertekeles-intezkedesi-terv-FOK-20230929-vegleges.pdf\">Hallgat\u00f3i v\u00e9lem\u00e9nyez\u00e9s alapj\u00e1n k\u00e9sz\u00edtett int\u00e9zked\u00e9si terv (2023)<\/a><\/p>\n","protected":false},"excerpt":{"rendered":"<p>Tanulm\u00e1nyi felel\u0151s: Dr. Riba P\u00e1l (3. emelet, 314. szoba) email: riba.pal@semmelweis.hu Az el\u0151ad\u00e1sokon \u00e9s gyakorlatokon vide\u00f3- \u00e9s hangfelv\u00e9tel k\u00e9sz\u00edt\u00e9se tilos! Az el\u0151ad\u00e1sok \u00e1br\u00e1i a <a href=\"http:\/\/itc.semmelweis.hu\/\">Moodle<\/a> \u00a0rendszerben hozz\u00e1f\u00e9rhet\u0151k. A szigorlaton b\u00e1rmilyen, k\u00edv\u00fclr\u0151l sz\u00e1rmaz\u00f3 inform\u00e1ci\u00f3 megszerz\u00e9s\u00e9re ir\u00e1nyul\u00f3 meg nem engedett eszk\u00f6z haszn\u00e1lata (pl. inform\u00e1ci\u00f3technol\u00f3giai eszk\u00f6z\u00f6k, elektronikus vagy nyomtatott anyag) a vizsga azonnali, el\u00e9gtelen \u00e9rdemjeggyel t\u00f6rt\u00e9n\u0151 befejez\u00e9s\u00e9t vonja maga &hellip;<\/p>\n","protected":false},"author":110,"featured_media":0,"parent":14110,"menu_order":2,"comment_status":"closed","ping_status":"closed","template":"","meta":{"_acf_changed":false,"footnotes":""},"categories":[],"tags":[],"class_list":["post-483","page","type-page","status-publish","hentry"],"acf":[],"_links":{"self":[{"href":"https:\/\/semmelweis.hu\/pharmacology\/wp-json\/wp\/v2\/pages\/483","targetHints":{"allow":["GET"]}}],"collection":[{"href":"https:\/\/semmelweis.hu\/pharmacology\/wp-json\/wp\/v2\/pages"}],"about":[{"href":"https:\/\/semmelweis.hu\/pharmacology\/wp-json\/wp\/v2\/types\/page"}],"author":[{"embeddable":true,"href":"https:\/\/semmelweis.hu\/pharmacology\/wp-json\/wp\/v2\/users\/110"}],"replies":[{"embeddable":true,"href":"https:\/\/semmelweis.hu\/pharmacology\/wp-json\/wp\/v2\/comments?post=483"}],"version-history":[{"count":15,"href":"https:\/\/semmelweis.hu\/pharmacology\/wp-json\/wp\/v2\/pages\/483\/revisions"}],"predecessor-version":[{"id":14980,"href":"https:\/\/semmelweis.hu\/pharmacology\/wp-json\/wp\/v2\/pages\/483\/revisions\/14980"}],"up":[{"embeddable":true,"href":"https:\/\/semmelweis.hu\/pharmacology\/wp-json\/wp\/v2\/pages\/14110"}],"wp:attachment":[{"href":"https:\/\/semmelweis.hu\/pharmacology\/wp-json\/wp\/v2\/media?parent=483"}],"wp:term":[{"taxonomy":"category","embeddable":true,"href":"https:\/\/semmelweis.hu\/pharmacology\/wp-json\/wp\/v2\/categories?post=483"},{"taxonomy":"post_tag","embeddable":true,"href":"https:\/\/semmelweis.hu\/pharmacology\/wp-json\/wp\/v2\/tags?post=483"}],"curies":[{"name":"wp","href":"https:\/\/api.w.org\/{rel}","templated":true}]}}