{"id":449,"date":"2014-02-07T13:01:46","date_gmt":"2014-02-07T13:01:46","guid":{"rendered":"http:\/\/semmelweis.hu\/pharmacology\/?page_id=449"},"modified":"2024-12-12T11:12:19","modified_gmt":"2024-12-12T10:12:19","slug":"a-farmakologiai-intezet-demonstratorai","status":"publish","type":"page","link":"https:\/\/semmelweis.hu\/pharmacology\/tdk\/a-farmakologiai-intezet-demonstratorai\/","title":{"rendered":"A Farmakol\u00f3giai Int\u00e9zet demonstr\u00e1torai"},"content":{"rendered":"<h3>2024\/25<\/h3>\n<ol>\n<li>K\u00e1rp\u00e1ti J\u00falia Marianna<\/li>\n<li>Hegyeshalmi Petra<\/li>\n<li>Kiricsi Ad\u00e9l<\/li>\n<li>Koll\u00e1r Krist\u00f3f<\/li>\n<li>K\u00f3rodi Krist\u00f3f<\/li>\n<li>Ny\u00e1ry Dorka<\/li>\n<li>Ol\u00e1h Marcell<\/li>\n<li>T\u00f3th Art\u00far<\/li>\n<li>T\u00f3th Bogl\u00e1rka<\/li>\n<li>Ayano Yoshida<\/li>\n<li>Choi Alim<\/li>\n<li>Ipek Yazici<\/li>\n<li>Mohammadmehdi Hamdizadeh<\/li>\n<li>PARK Junhoo<\/li>\n<li>Minseo Song<\/li>\n<li>Leylinaz Safaeihavadaragh\u00a0<\/li>\n<li>Sungwoon Kim (Peter)<\/li>\n<li>Mobina Nick<\/li>\n<li>Zoabi Tareq<\/li>\n<li>Kasbary Alexander KM<\/li>\n<li>Pigareva Valeria<\/li>\n<li>Enrique Mandado<\/li>\n<li>Negin Abdollahy<\/li>\n<li>Negin Jabbary<\/li>\n<li>Sadaf Jokar<\/li>\n<li>Lennart Buss<\/li>\n<li>Marco Himsel<\/li>\n<li>Ipek Sahin<\/li>\n<li>Ma\u00ebl Cleff<\/li>\n<li>Tabea Viktoria Reiner<\/li>\n<li>Gina Lee<\/li>\n<\/ol>\n<h3>2023\/24<\/h3>\n<ol>\n<li>Dianati Samarin Mohsen<\/li>\n<li>Kiarash Kalantar<\/li>\n<li>Csernai Boldizs\u00e1r<\/li>\n<li>Hegyeshalmi Petra<\/li>\n<li>Hegyi Barna P\u00e9ter<\/li>\n<li>Kiricsi Ad\u00e9l<\/li>\n<li>Koll\u00e1r Krist\u00f3f<\/li>\n<li>Ol\u00e1h Marcell<\/li>\n<li>Szaniszl\u00f3 Eszter<\/li>\n<li>T\u00f3th Art\u00far<\/li>\n<li>T\u00f3th Bogl\u00e1rka<\/li>\n<li>Aamna Khan<\/li>\n<li>Alexander KM Kasbary<\/li>\n<li>Alim Choi<\/li>\n<li>Amir Mohammad Tarazi<\/li>\n<li>Bo Young Lee<\/li>\n<li>Ceysu Ay<\/li>\n<li>Golnar Broumandbardsiri<\/li>\n<li>Junmoo Park<\/li>\n<li>Jeonghyoun Lee<\/li>\n<li>Joong Min Lee<\/li>\n<li>Zare Mahan<\/li>\n<li>Nik Ravesh Mobina<\/li>\n<li>Nir Levy<\/li>\n<li>Seongjin Oh<\/li>\n<li>Sangjukta Sarkar<\/li>\n<li>Seyed Shina Banihashemi<\/li>\n<li>Sun June Park<\/li>\n<li>Yunsang Jo<\/li>\n<li>Yixuan Zeng<\/li>\n<li>Tareq Zoabi<\/li>\n<li>Valeria Pigareva<\/li>\n<li>Johanna Gorkisch<\/li>\n<li>Mael Cleff<\/li>\n<li>Marco Himsel<\/li>\n<li>Ipek Sahin<\/li>\n<li>Tabea Reiner<\/li>\n<\/ol>\n<h3>2022\/2023<\/h3>\n<ol>\n<li>Tian Huimin<\/li>\n<li>Ilankovic Katarina<\/li>\n<li>Koncz Petra<\/li>\n<li>Kevin Babayigit<\/li>\n<li>T\u00f3th Art\u00far<\/li>\n<li>Szaniszl\u00f3 Eszter<\/li>\n<li>Csernai Boldizs\u00e1r<\/li>\n<li>Sz\u00fcgyi Levente<\/li>\n<li>Sangjukta Sarkar<\/li>\n<li>Vedant Zaveri<\/li>\n<li>Sun June Park<\/li>\n<li>Chan Ju Baek<\/li>\n<li>Yixuan Zeng<\/li>\n<li>Bo Young Lee<\/li>\n<li>Varun Kakkar<\/li>\n<li>Ceysu Ay<\/li>\n<li>Jeonghyoun Lee<\/li>\n<li>Nir Levy<\/li>\n<li>Tareq Zoabi<\/li>\n<li>Valeria Pigareva<\/li>\n<li>Sangheon Lee<\/li>\n<li>Omer Abraham<\/li>\n<li>Sirus Hosseini-Begtary<\/li>\n<li>Johanna Gorkisch<\/li>\n<li>Hannah Elisabeth Rothermundt<\/li>\n<\/ol>\n<h3>2021\/2022<\/h3>\n<ol>\n<li>Tian Huimin<\/li>\n<li>Z\u00f3lyomi Szabolcs<\/li>\n<li>V\u00e9n Eszter<\/li>\n<li>S\u00f3lymos Petra<\/li>\n<li>Bogn\u00e1r Judit<\/li>\n<li>Ehrenberger R\u00e9ka<\/li>\n<li>Koncz Petra<\/li>\n<li>Gy\u0151ri Katalin<\/li>\n<li>G\u00e1lv\u00f6lgyi Kriszti\u00e1n<\/li>\n<li>K\u00f6v\u00e9r B\u00e1lint<\/li>\n<li>Lehel Blanka<\/li>\n<li>Farkas Rita<\/li>\n<li>Aoibheann Browne<\/li>\n<li>Cynthia Alexandra Hunn<\/li>\n<li>Hwang Siyun<\/li>\n<li>Kristin Marker<\/li>\n<li>Mohammad Ali Khozeimeh<\/li>\n<li>Paniz Mokhtari Kojouri<\/li>\n<li>S\u00edk P\u00e1l Botond<\/li>\n<li>Vedant Zaveri<\/li>\n<li>Pascale Jung<\/li>\n<li>Vera Brenner<\/li>\n<\/ol>\n<h3>2020\/2021<\/h3>\n<ol>\n<li>Bogn\u00e1r Judit<\/li>\n<li>Bottlik Olivia<\/li>\n<li>Ehrenberger R\u00e9ka<\/li>\n<li>Guly\u00e1s Lili<\/li>\n<li>Lehel Blanka<\/li>\n<li>Makai M\u00e1rton<\/li>\n<li>Moln\u00e1r Lili Gabriella<\/li>\n<li>Orb\u00e1n G\u00e1bor<\/li>\n<li>Tian Huimin<\/li>\n<li>Zsombor Zita<\/li>\n<li>Tal Shapira<\/li>\n<li>Hoo Eun Park<\/li>\n<li>Parwin Hasan<\/li>\n<li>Marco Hoffmann<\/li>\n<li>Sophie Felderhoff<\/li>\n<\/ol>\n<h3>2019\/2020<\/h3>\n<ol>\n<li>Silje Braten<\/li>\n<li>Carlotta Sapienza<\/li>\n<li>Helene Soberg<\/li>\n<li>Sabatini Roberta<\/li>\n<li>Ingy Jabry<\/li>\n<li>Avideh Afshar<\/li>\n<li>Cho Namki<\/li>\n<li>Amirsalar Broumandbandsiri<\/li>\n<li>Viktoria Huh Reese Larsen<\/li>\n<li>Moln\u00e1r Lili Gabriella<\/li>\n<li>Csepregi Anna Be\u00e1ta<\/li>\n<li>Nagy-Czirok K\u00e1lm\u00e1n<\/li>\n<li>Gergely Tam\u00e1s<\/li>\n<li>M\u00e1t\u00e9 Kinga<\/li>\n<li>Sayour Viktor Nabil<\/li>\n<li>Kar\u00e1di D\u00e1vid \u00c1rp\u00e1d<\/li>\n<li>Kiss Piroska Judit<\/li>\n<li>Cebula M\u00f3nika<\/li>\n<li>Lengyel B\u00f3ra Blanka<\/li>\n<li>Horv\u00e1th Vikt\u00f3ria Bea<\/li>\n<li>Szalai Zs\u00f3fia Luca<\/li>\n<li>Karsai CzuCzumanoff Bernadett Angela<\/li>\n<li>Kis-Orha Vikt\u00f3ria<\/li>\n<li>M\u00e1t\u00e9 D\u00e1niel<\/li>\n<li>Benedikti Bence \u00c1ron<\/li>\n<li>Felix Matkey<\/li>\n<li>Lukas Haberland<\/li>\n<li>Julian Weingartner<\/li>\n<li>Maximilian Sch\u00f6nharl<\/li>\n<li>Maximilian M\u0151rsdorf<\/li>\n<\/ol>\n<h3>2018\/2019<\/h3>\n<ol>\n<li>Alm\u00e1si Laura<\/li>\n<li>Aukrust Sverre Grover<\/li>\n<li>Avideh Afshar<\/li>\n<li>Benjamin Dahlberg<\/li>\n<li>Clare Scanlon<\/li>\n<li>De\u00e1k Orsolya<\/li>\n<li>G\u00e1l Domokos<\/li>\n<li>Gergely Tam\u00e1s<\/li>\n<li>Juh\u00e1sz Bal\u00e1zs<\/li>\n<li>M\u00e1t\u00e9 Kinga<\/li>\n<li>N\u00e1dasdi Petra<\/li>\n<li>Roberta Sabatini<\/li>\n<li>Sajtos Viktor<\/li>\n<li>Sayour Viktor Nabil<\/li>\n<li>Szab\u00f3 Zs\u00f3fia<\/li>\n<\/ol>\n<h3>2017\/2018<\/h3>\n<ol>\n<li>Cs\u00e1sz\u00e1r Andrea<\/li>\n<li>Cs\u0171ry Tam\u00e1s D\u00e1niel<\/li>\n<li>De\u00e1k Orsolya<\/li>\n<li>G\u00e1l Domokos<\/li>\n<li>Juh\u00e1sz Bal\u00e1zs<\/li>\n<li>Karim Dil\u00e1n M\u00e1rk<\/li>\n<li>Sajtos Viktor<\/li>\n<li>Simon Judit<\/li>\n<li>Szab\u00f3 Zs\u00f3fia<\/li>\n<li>Szili D\u00e1vid<\/li>\n<li>Vicze Annam\u00e1ria Eszter<\/li>\n<\/ol>\n<h3>2016\/2017<\/h3>\n<ol>\n<li>Dienes Tam\u00e1s<\/li>\n<li>Karim Dil\u00e1n<\/li>\n<li>L\u00e1szl\u00f3 Szilvia Bianka<\/li>\n<li>Nagy Petra Anna<\/li>\n<li>\u00d3nodi Zs\u00f3fia<\/li>\n<li>Simon Judit<\/li>\n<li>Vicze Anna<\/li>\n<\/ol>\n<h3>2015\/2016<\/h3>\n<ol>\n<li>\u00d3nodi Zs\u00f3fia<\/li>\n<li>Szab\u00f3 Andr\u00e1s<\/li>\n<li>Tuza Sebesty\u00e9n<\/li>\n<li>Dienes Tam\u00e1s<\/li>\n<li>Krisk\u00f3 Dorottya<\/li>\n<li>Makkos Andr\u00e1s<\/li>\n<li>Nagy Petra Anna<\/li>\n<\/ol>\n<h3>2014\/2015<\/h3>\n<ol>\n<li>Balogh Anik\u00f3<\/li>\n<li>Czak\u00f3 Bal\u00e1zs<\/li>\n<li>G\u00f3dor Dorottya<\/li>\n<li>Krisk\u00f3 Dorottya<\/li>\n<li>Szab\u00f3 Andr\u00e1s<\/li>\n<li>Tuza Sebesty\u00e9n<\/li>\n<li>Makkos Andr\u00e1s<\/li>\n<\/ol>\n<h3>2013\/2014<\/h3>\n<ol>\n<li>Balogh Anik\u00f3<\/li>\n<li>Czak\u00f3 Bal\u00e1zs<\/li>\n<li>G\u00f3dor Dorottya<\/li>\n<li>Koll\u00e1r Krisztina<\/li>\n<li>Szab\u00f3 Enik\u0151<\/li>\n<\/ol>\n<h3>2012\/2013<\/h3>\n<ol>\n<li>Becker Anita<\/li>\n<li>Feh\u00e9r \u00c1gnes<\/li>\n<li>Magyar M\u00e1t\u00e9<\/li>\n<\/ol>\n<h3>2011\/2012<\/h3>\n<ol>\n<li>Feh\u00e9r \u00c1gnes<\/li>\n<li>Hanuska Adrienn<\/li>\n<li>Kov\u00e1cs \u00c1gnes<\/li>\n<\/ol>\n","protected":false},"excerpt":{"rendered":"<p>2024\/25 K\u00e1rp\u00e1ti J\u00falia Marianna Hegyeshalmi Petra Kiricsi Ad\u00e9l Koll\u00e1r Krist\u00f3f K\u00f3rodi Krist\u00f3f Ny\u00e1ry Dorka Ol\u00e1h Marcell T\u00f3th Art\u00far T\u00f3th Bogl\u00e1rka Ayano Yoshida Choi Alim Ipek Yazici Mohammadmehdi Hamdizadeh PARK Junhoo Minseo Song Leylinaz Safaeihavadaragh\u00a0 Sungwoon Kim (Peter) Mobina Nick Zoabi Tareq Kasbary Alexander KM Pigareva Valeria Enrique Mandado Negin Abdollahy Negin Jabbary Sadaf Jokar Lennart &hellip;<\/p>\n","protected":false},"author":110,"featured_media":0,"parent":78,"menu_order":5,"comment_status":"closed","ping_status":"closed","template":"","meta":{"_acf_changed":false,"footnotes":""},"categories":[],"tags":[],"class_list":["post-449","page","type-page","status-publish","hentry"],"acf":[],"_links":{"self":[{"href":"https:\/\/semmelweis.hu\/pharmacology\/wp-json\/wp\/v2\/pages\/449","targetHints":{"allow":["GET"]}}],"collection":[{"href":"https:\/\/semmelweis.hu\/pharmacology\/wp-json\/wp\/v2\/pages"}],"about":[{"href":"https:\/\/semmelweis.hu\/pharmacology\/wp-json\/wp\/v2\/types\/page"}],"author":[{"embeddable":true,"href":"https:\/\/semmelweis.hu\/pharmacology\/wp-json\/wp\/v2\/users\/110"}],"replies":[{"embeddable":true,"href":"https:\/\/semmelweis.hu\/pharmacology\/wp-json\/wp\/v2\/comments?post=449"}],"version-history":[{"count":13,"href":"https:\/\/semmelweis.hu\/pharmacology\/wp-json\/wp\/v2\/pages\/449\/revisions"}],"predecessor-version":[{"id":14559,"href":"https:\/\/semmelweis.hu\/pharmacology\/wp-json\/wp\/v2\/pages\/449\/revisions\/14559"}],"up":[{"embeddable":true,"href":"https:\/\/semmelweis.hu\/pharmacology\/wp-json\/wp\/v2\/pages\/78"}],"wp:attachment":[{"href":"https:\/\/semmelweis.hu\/pharmacology\/wp-json\/wp\/v2\/media?parent=449"}],"wp:term":[{"taxonomy":"category","embeddable":true,"href":"https:\/\/semmelweis.hu\/pharmacology\/wp-json\/wp\/v2\/categories?post=449"},{"taxonomy":"post_tag","embeddable":true,"href":"https:\/\/semmelweis.hu\/pharmacology\/wp-json\/wp\/v2\/tags?post=449"}],"curies":[{"name":"wp","href":"https:\/\/api.w.org\/{rel}","templated":true}]}}