{"id":447,"date":"2014-02-07T13:00:50","date_gmt":"2014-02-07T13:00:50","guid":{"rendered":"http:\/\/semmelweis.hu\/pharmacology\/?page_id=447"},"modified":"2025-09-22T13:44:13","modified_gmt":"2025-09-22T11:44:13","slug":"tdk-temak","status":"publish","type":"page","link":"https:\/\/semmelweis.hu\/pharmacology\/tdk\/tdk-temak\/","title":{"rendered":"TDK t\u00e9m\u00e1k"},"content":{"rendered":"<h4 align=\"center\"><span style=\"font-size: 18pt\">FARMAKOL\u00d3GIAI \u00c9S FARMAKOTER\u00c1PI\u00c1S INT\u00c9ZET<\/span><br \/>\n<span style=\"font-size: 18pt\">TDK T\u00c9M\u00c1K<\/span><\/h4>\n<table border=\"2\" cellpadding=\"5\">\n<tbody>\n<tr>\n<td>Exosz\u00f3m\u00e1k \u00e9s mikrovezikul\u00e1k szerepe kardioprotekt\u00edv mechanizmusokban.<\/td>\n<td><a href=\"https:\/\/semmelweis.hu\/telefonkonyv\/?emp_id=10510\">Dr. Giricz Zolt\u00e1n<\/a>\u00a0 tudom\u00e1nyos f\u0151munkat\u00e1rs, Ph.D.<\/td>\n<\/tr>\n<tr>\n<td>A sz\u00edvizom iszk\u00e9mi\u00e1s adapt\u00e1ci\u00f3j\u00e1nak vizsg\u00e1lata komorbidit\u00e1si t\u00e9nyez\u0151k jelenl\u00e9t\u00e9ben in vitro sejtkult\u00fara modelleken<\/td>\n<td><a href=\"https:\/\/semmelweis.hu\/telefonkonyv\/?emp_id=11539\">Dr. G\u00f6rbe Anik\u00f3<\/a>\u00a0 egyetemi docens, Ph.D.<\/td>\n<\/tr>\n<tr>\n<td>Gyullad\u00e1sos faktorok vizsg\u00e1lata kardiovaszkul\u00e1ris \u00e9s metabolikus betegs\u00e9gekben<\/td>\n<td><a href=\"https:\/\/semmelweis.hu\/telefonkonyv\/?emp_id=10509\">Dr. Varga Zolt\u00e1n<\/a> egyetemi docens, Ph.D.<\/td>\n<\/tr>\n<tr>\n<td>Bioinformatikai \u00e9s h\u00e1l\u00f3zatelm\u00e9leti m\u00f3dszerek alkalmaz\u00e1sa illetve fejleszt\u00e9se a kardiovaszkul\u00e1ris megbeteged\u00e9sek kutat\u00e1s\u00e1ban \u00e9s a farmakovigilanci\u00e1ban<\/td>\n<td><a href=\"https:\/\/semmelweis.hu\/telefonkonyv\/?emp_id=11977\" target=\"_blank\" rel=\"noopener\">Dr. \u00c1gg Bence\u00a0<\/a> egyetemi adjunktus, Ph.D.<\/td>\n<\/tr>\n<tr>\n<td>Kognit\u00edv k\u00e9pess\u00e9geket m\u00e9r\u0151 viselked\u00e9sfarmakol\u00f3giai \u00e1llatmodellek be\u00e1ll\u00edt\u00e1sa<\/td>\n<td><a href=\"https:\/\/semmelweis.hu\/telefonkonyv\/?emp_id=10511\">Dr. Gyerty\u00e1n Istv\u00e1n<\/a>\u00a0 tudom\u00e1nyos f\u0151munkat\u00e1rs, Ph.D.<\/td>\n<\/tr>\n<tr>\n<td>Enhancer regul\u00e1ci\u00f3 anal\u00edzise eml\u0151s agyban<\/td>\n<td><a href=\"https:\/\/semmelweis.hu\/telefonkonyv\/?emp_id=1944\">Dr. Miklya Ildik\u00f3<\/a> nyugalmazott egyetemi docens, Ph.D.<\/td>\n<\/tr>\n<tr>\n<td>A gyullad\u00e1sos b\u00e9lbetegs\u00e9gek \u00e9s nem-szteroid gyullad\u00e1sg\u00e1tl\u00f3k \u00e1ltal okozott enterop\u00e1tia pathomechanizmus\u00e1nak vizsg\u00e1lata \u00e1llatk\u00eds\u00e9rletes modellekben<\/td>\n<td><a href=\"https:\/\/semmelweis.hu\/telefonkonyv\/?emp_id=2004\">Dr. Z\u00e1dori Zolt\u00e1n<\/a>\u00a0 egyetemi docens, Ph.D.;<br \/>\n<a href=\"https:\/\/semmelweis.hu\/telefonkonyv\/?emp_id=1936\">Prof. Dr. Gyires Kl\u00e1ra<\/a>\u00a0 professor emerita, az MTA doktora<\/td>\n<\/tr>\n<tr>\n<td>A gasztrointesztin\u00e1lis rendszer ny\u00e1lkah\u00e1rtya integrit\u00e1s\u00e1ban \u00e9s motilit\u00e1sban szerepet j\u00e1tsz\u00f3 receptorok anal\u00edzise a k\u00f6zponti idegrendszerben \u00e9s a perif\u00e9ri\u00e1n<\/td>\n<td><a href=\"https:\/\/semmelweis.hu\/telefonkonyv\/?emp_id=2004\">Dr. Z\u00e1dori Zolt\u00e1n<\/a>\u00a0 egyetemi docens, Ph.D.;<br \/>\n<a href=\"https:\/\/semmelweis.hu\/telefonkonyv\/?emp_id=1936\">Prof. Dr. Gyires Kl\u00e1ra <\/a>\u00a0professor emerita, az MTA doktora<\/td>\n<\/tr>\n<tr>\n<td>Glicin transzporter inhibitorok, mint \u00faj ter\u00e1pi\u00e1s lehet\u0151s\u00e9g a neurop\u00e1ti\u00e1s f\u00e1jdalom kezel\u00e9s\u00e9re<\/td>\n<td><a href=\"https:\/\/semmelweis.hu\/telefonkonyv\/?emp_id=1933\">Dr. Al-Khrasani Mahmoud<\/a>\u00a0 egyetemi docens, Ph.D.;<br \/>\n<a href=\"https:\/\/semmelweis.hu\/telefonkonyv\/?emp_id=1955\">Prof. Dr. H\u00e1rsing L\u00e1szl\u00f3 G\u00e1bor<\/a> tudom\u00e1nyos tan\u00e1csad\u00f3, MTA doktora<\/td>\n<\/tr>\n<tr>\n<td>Opioidok perif\u00e9ri\u00e1s f\u00e1jdalomcsillap\u00edt\u00f3 komponens\u00e9nek vizsg\u00e1lata<\/td>\n<td><a href=\"https:\/\/semmelweis.hu\/telefonkonyv\/?emp_id=1941\">Dr. Riba P\u00e1l<\/a>\u00a0 egyetemi docens, Ph.D.;<br \/>\n<a href=\"https:\/\/semmelweis.hu\/telefonkonyv\/?emp_id=1933\">Dr. Al-Khrasani Mahmoud <\/a>\u00a0egyetemi docens, Ph.D.<\/td>\n<\/tr>\n<\/tbody>\n<\/table>\n<p>&nbsp;<\/p>\n","protected":false},"excerpt":{"rendered":"<p>FARMAKOL\u00d3GIAI \u00c9S FARMAKOTER\u00c1PI\u00c1S INT\u00c9ZET TDK T\u00c9M\u00c1K Exosz\u00f3m\u00e1k \u00e9s mikrovezikul\u00e1k szerepe kardioprotekt\u00edv mechanizmusokban. <a href=\"https:\/\/semmelweis.hu\/telefonkonyv\/?emp_id=10510\">Dr. Giricz Zolt\u00e1n<\/a> \u00a0 tudom\u00e1nyos f\u0151munkat\u00e1rs, Ph.D. A sz\u00edvizom iszk\u00e9mi\u00e1s adapt\u00e1ci\u00f3j\u00e1nak vizsg\u00e1lata komorbidit\u00e1si t\u00e9nyez\u0151k jelenl\u00e9t\u00e9ben in vitro sejtkult\u00fara modelleken <a href=\"https:\/\/semmelweis.hu\/telefonkonyv\/?emp_id=11539\">Dr. G\u00f6rbe Anik\u00f3<\/a> \u00a0 egyetemi docens, Ph.D. Gyullad\u00e1sos faktorok vizsg\u00e1lata kardiovaszkul\u00e1ris \u00e9s metabolikus betegs\u00e9gekben <a href=\"https:\/\/semmelweis.hu\/telefonkonyv\/?emp_id=10509\">Dr. Varga Zolt\u00e1n<\/a> egyetemi docens, Ph.D. Bioinformatikai \u00e9s h\u00e1l\u00f3zatelm\u00e9leti m\u00f3dszerek alkalmaz\u00e1sa illetve fejleszt\u00e9se a kardiovaszkul\u00e1ris megbeteged\u00e9sek kutat\u00e1s\u00e1ban \u00e9s a &hellip;<\/p>\n","protected":false},"author":110,"featured_media":0,"parent":78,"menu_order":0,"comment_status":"closed","ping_status":"closed","template":"","meta":{"_acf_changed":false,"footnotes":""},"categories":[],"tags":[],"class_list":["post-447","page","type-page","status-publish","hentry"],"acf":[],"_links":{"self":[{"href":"https:\/\/semmelweis.hu\/pharmacology\/wp-json\/wp\/v2\/pages\/447","targetHints":{"allow":["GET"]}}],"collection":[{"href":"https:\/\/semmelweis.hu\/pharmacology\/wp-json\/wp\/v2\/pages"}],"about":[{"href":"https:\/\/semmelweis.hu\/pharmacology\/wp-json\/wp\/v2\/types\/page"}],"author":[{"embeddable":true,"href":"https:\/\/semmelweis.hu\/pharmacology\/wp-json\/wp\/v2\/users\/110"}],"replies":[{"embeddable":true,"href":"https:\/\/semmelweis.hu\/pharmacology\/wp-json\/wp\/v2\/comments?post=447"}],"version-history":[{"count":13,"href":"https:\/\/semmelweis.hu\/pharmacology\/wp-json\/wp\/v2\/pages\/447\/revisions"}],"predecessor-version":[{"id":15091,"href":"https:\/\/semmelweis.hu\/pharmacology\/wp-json\/wp\/v2\/pages\/447\/revisions\/15091"}],"up":[{"embeddable":true,"href":"https:\/\/semmelweis.hu\/pharmacology\/wp-json\/wp\/v2\/pages\/78"}],"wp:attachment":[{"href":"https:\/\/semmelweis.hu\/pharmacology\/wp-json\/wp\/v2\/media?parent=447"}],"wp:term":[{"taxonomy":"category","embeddable":true,"href":"https:\/\/semmelweis.hu\/pharmacology\/wp-json\/wp\/v2\/categories?post=447"},{"taxonomy":"post_tag","embeddable":true,"href":"https:\/\/semmelweis.hu\/pharmacology\/wp-json\/wp\/v2\/tags?post=447"}],"curies":[{"name":"wp","href":"https:\/\/api.w.org\/{rel}","templated":true}]}}