{"id":15242,"date":"2025-10-14T15:19:36","date_gmt":"2025-10-14T13:19:36","guid":{"rendered":"https:\/\/semmelweis.hu\/pharmacology\/?page_id=15242"},"modified":"2026-02-09T12:49:43","modified_gmt":"2026-02-09T11:49:43","slug":"a-nem-szteroid-gyulladasgatlok-altal-vekonybelben-okozott-bakterialis-es-epesav-elteresek-analizise-valamint-a-cannabinoidok-enteropatiara-gyakorolt-hatasanak-vizsgalata","status":"publish","type":"page","link":"https:\/\/semmelweis.hu\/pharmacology\/kutatas\/palyazatok\/a-nem-szteroid-gyulladasgatlok-altal-vekonybelben-okozott-bakterialis-es-epesav-elteresek-analizise-valamint-a-cannabinoidok-enteropatiara-gyakorolt-hatasanak-vizsgalata\/","title":{"rendered":"A nem-szteroid gyullad\u00e1sg\u00e1tl\u00f3k \u00e1ltal v\u00e9konyb\u00e9lben okozott bakt\u00e9ri\u00e1lis \u00e9s epesav elt\u00e9r\u00e9sek anal\u00edzise, valamint a cannabinoidok enterop\u00e1ti\u00e1ra gyakorolt hat\u00e1s\u00e1nak vizsg\u00e1lata"},"content":{"rendered":"<div class=\"lead\" style=\"text-align: center\">A nem-szteroid gyullad\u00e1sg\u00e1tl\u00f3k \u00e1ltal v\u00e9konyb\u00e9lben okozott bakt\u00e9ri\u00e1lis \u00e9s epesav elt\u00e9r\u00e9sek anal\u00edzise, valamint a cannabinoidok enterop\u00e1ti\u00e1ra gyakorolt hat\u00e1s\u00e1nak vizsg\u00e1lata<\/div>\n<div>\u00a0<\/div>\n<div>\n<table style=\"border-collapse: collapse;width: 100%;height: 132px\">\n<tbody>\n<tr style=\"height: 33px\">\n<td style=\"width: 50%;height: 33px\">P\u00e1ly\u00e1zat:<\/td>\n<td style=\"width: 50%;height: 33px\">FK OTKA 138842<\/td>\n<\/tr>\n<tr style=\"height: 33px\">\n<td style=\"width: 50%;height: 33px\">T\u00e1mogat\u00e1si \u00f6sszeg:<\/td>\n<td style=\"width: 50%;height: 33px\">38.125.000 Ft<\/td>\n<\/tr>\n<tr style=\"height: 33px\">\n<td style=\"width: 50%;height: 33px\">Id\u0151tartam:<\/td>\n<td style=\"width: 50%;height: 33px\">2021.09.01.-2025.08.31.<\/td>\n<\/tr>\n<tr style=\"height: 33px\">\n<td style=\"width: 50%;height: 33px\">Vezet\u0151 kutat\u00f3:<\/td>\n<td style=\"width: 50%;height: 33px\">Dr. Z\u00e1dori Zolt\u00e1n<\/td>\n<\/tr>\n<\/tbody>\n<\/table>\n<\/div>\n<p>&nbsp;<\/p>\n<p><strong>Szakmai \u00f6sszefoglal\u00f3<\/strong><\/p>\n<p>A f\u00e1jdalom- \u00e9s l\u00e1zcsillap\u00edt\u00f3, valamint gyullad\u00e1scs\u00f6kkent\u0151 hat\u00e1s\u00fa nem-szteroid gyullad\u00e1sg\u00e1tl\u00f3k (NSAID-ok) vil\u00e1gszerte a leggyakrabban alkalmazott gy\u00f3gyszerek k\u00f6z\u00e9 tartoznak, azonban egyik komoly mell\u00e9khat\u00e1suk a v\u00e9konybelek k\u00e1ros\u00edt\u00e1sa. Ezen \u00fan. enterop\u00e1tia kezel\u00e9se egyel\u0151re nem megoldott, \u00e9s a h\u00e1tter\u00e9ben \u00e1ll\u00f3 mechanizmusok is csak r\u00e9szben ismertek. P\u00e9ld\u00e1ul r\u00e9gi megfigyel\u00e9s, hogy az NSAID-ok hat\u00e1s\u00e1ra megv\u00e1ltozik a b\u00e9lfl\u00f3ra \u00f6sszet\u00e9tele, azonban keveset tudunk arr\u00f3l, hogy mi \u00e1ll ezen diszbi\u00f3zis h\u00e1tter\u00e9ben. Hasonl\u00f3an r\u00e9g\u00f3ta ismert, hogy az NSAID-ok fokozz\u00e1k az epe sejtk\u00e1ros\u00edt\u00f3 hat\u00e1s\u00e1t, azonban nem vil\u00e1gos, hogy megv\u00e1ltoztatj\u00e1k-e a b\u00e9lben az epesavak ar\u00e1ny\u00e1t, \u00e9s ha igen, az epe fokozott hidrof\u00f3bicit\u00e1sa szerepet j\u00e1tszik-e a b\u00e9lk\u00e1rosod\u00e1sban. Vizsg\u00e1lataink c\u00e9lja \u00faj, az NSAID-ok \u00e1ltal okozott diszbi\u00f3zis \u00e9s epesav elt\u00e9r\u00e9sek h\u00e1tter\u00e9ben \u00e1ll\u00f3 mechanizmusok azonos\u00edt\u00e1sa egy sz\u00e9les k\u00f6rben alkalmazott \u00e1llatk\u00eds\u00e9rletes modellben. K\u00eds\u00e9rleteink sor\u00e1n els\u0151sorban a velesz\u00fcletett immunit\u00e1s fontos r\u00e9sz\u00e9t k\u00e9pez\u0151 mint\u00e1zat felismer\u0151 receptorok, a szervezet\u00fcnk v\u00e9delm\u00e9ben fontos szerepet j\u00e1tsz\u00f3 antimikrobi\u00e1lis feh\u00e9rj\u00e9k, valamint a peroxisz\u00f3ma prolifer\u00e1tor-aktiv\u00e1lt receptorok m\u0171k\u00f6d\u00e9s\u00e9ben bek\u00f6vetkez\u0151 v\u00e1ltoz\u00e1sokra koncentr\u00e1lunk az NSAID-ok ad\u00e1s\u00e1t k\u00f6vet\u0151en. Ezek mellett els\u0151k\u00e9nt vizsg\u00e1ljuk, hogy az endokannabinoid rendszer farmakol\u00f3giai aktiv\u00e1ci\u00f3ja k\u00e9pes-e g\u00e1tolni az NSAID enterop\u00e1tia kialakul\u00e1s\u00e1t. K\u00eds\u00e9rleteink el\u0151seg\u00edthetik az NSAID-ok \u00e1ltal okozott b\u00e9lk\u00e1rosod\u00e1s, diszbi\u00f3zis \u00e9s epesav elt\u00e9r\u00e9sek h\u00e1tter\u00e9ben \u00e1ll\u00f3 komplex mechanizmusok megismer\u00e9s\u00e9t, \u00e9s \u00faj ter\u00e1pi\u00e1s c\u00e9lpontot azonos\u00edthatnak az NSAID enterop\u00e1tia kezel\u00e9s\u00e9hez.<\/p>\n<p><strong>R\u00e9sztvev\u0151 kutat\u00f3k<\/strong><\/p>\n<p><em>Munkacsoport vezet\u0151:<\/em> Dr. Z\u00e1dori Zolt\u00e1n, PhD<\/p>\n<p><em>Professor emerita:<\/em> Prof. Dr. Gyires Kl\u00e1ra, PhD<\/p>\n<p><em>Kutat\u00f3:<\/em> Wachtl Gerda, PhD<\/p>\n<p><strong>Kollabor\u00e1ci\u00f3s partnerek<\/strong><\/p>\n<p><em>Semmelweis Egyetem<\/em>, Magyarorsz\u00e1g<\/p>\n<p><em>Pharmahungary Group<\/em>, Magyarorsz\u00e1g<\/p>\n<p><em>P\u00e1zm\u00e1ny P\u00e9ter Katolikus Egyetem<\/em>, Magyarorsz\u00e1g<\/p>\n<p><em>\u00c9szak-Pesti K\u00f6zponti K\u00f3rh\u00e1z &#8211; Katonai K\u00f3rh\u00e1z<\/em>, Magyarorsz\u00e1g<\/p>\n<p><em>Universit\u00e9 de Toulouse<\/em>, Franciaorsz\u00e1g<\/p>\n<p><em>Goethe Universit\u00e4t<\/em>, N\u00e9metorsz\u00e1g<\/p>\n<p><strong>Alkalmazott m\u00f3dszerek<\/strong><\/p>\n<p>A gyullad\u00e1sos folyamatok felt\u00e9rk\u00e9pez\u00e9s\u00e9re meghat\u00e1rozzuk a gyullad\u00e1sos markerek (pl. COX2, MPO, PTX3, TNF-\u03b1) \u00e9s k\u00fcl\u00f6nf\u00e9le receptorok (pl. Toll-like receptorok, kannabinoid receptor 1 \u00e9s 2) sz\u00f6veti szintj\u00e9t feh\u00e9rje (Western blot, ELISA) \u00e9s RNS szinten (RT-qPCR) egyar\u00e1nt. Emellett paraffinba \u00e1gyazott sz\u00f6vettani metszeteken v\u00e9gz\u00fcnk hematoxilin-eozin fest\u00e9st \u00e9s immunhisztok\u00e9miai vizsg\u00e1latokat, melyek lehet\u0151v\u00e9 teszik a morfol\u00f3giai \u00e9s molekul\u00e1ris elv\u00e1ltoz\u00e1sok pontosabb \u00e9rt\u00e9kel\u00e9s\u00e9t a b\u00e9lrendszer diszt\u00e1lis szakaszaiban. A mikrobiom vizsg\u00e1lat\u00e1hoz pedig 16S rRNS szekven\u00e1l\u00e1st alkalmazunk.<\/p>\n<p>B\u00e1r az NSAID-ok \u00e1ltal okozott bakt\u00e9riumok abnorm\u00e1lis \u00e1llapota a b\u00e9lben m\u00e1r \u00e9vtizedek \u00f3ta ismert, a h\u00e1tter\u00e9ben \u00e1ll\u00f3 mechanizmusokr\u00f3l egyel\u0151re keveset tudunk. Tov\u00e1bb\u00e1, a jelenleg elfogadott koncepci\u00f3 szerint az NSAID-ok hat\u00e1s\u00e1ra megn\u0151 a bizonyos epesavak ar\u00e1nya, \u00e9s az epe hidrof\u00f3bicit\u00e1sra hozz\u00e1j\u00e1rul a b\u00e9lk\u00e1rosod\u00e1shoz. Ezen koncepci\u00f3 alapj\u00e1t azonban az indomethacin epe\u00fati hat\u00e1sait le\u00edr\u00f3 korai publik\u00e1ci\u00f3k k\u00e9pezik, \u00e9s nem t\u00f6rt\u00e9ntek olyan vizsg\u00e1latok, melyek m\u00e1s NSAID-okkal, valamint a b\u00e9lk\u00e1rosod\u00e1s hely\u00e9n v\u00e9gzett epesav anal\u00edzissel igazolt\u00e1k volna a helyess\u00e9g\u00e9t. Az NSAID-ok b\u00e9lbeli epesavakra \u00e9s epe hidrof\u00f3bicit\u00e1sra gyakorolt hat\u00e1sair\u00f3l ugyanis jelenleg meglehet\u0151sen keveset tudunk. P\u00e1ly\u00e1zatunk c\u00e9lja az NSAID-ok \u00e1ltal okozott b\u00e9lk\u00e1rosod\u00e1s, diszbi\u00f3zis \u00e9s epesav elt\u00e9r\u00e9sek k\u00f6z\u00f6tti bonyolult kapcsolatok, valamint a h\u00e1tter\u00fckben \u00e1ll\u00f3 mechanizmusok felt\u00e9rk\u00e9pez\u00e9se. Els\u0151k\u00e9nt vizsg\u00e1ln\u00e1nk a mint\u00e1zat felismer\u0151 receptorok, antimikrobi\u00e1lis feh\u00e9rj\u00e9k \u00e9s peroxisz\u00f3ma prolifer\u00e1tor-aktiv\u00e1lt receptorok (PPAR) expresszi\u00f3j\u00e1ban \u00e9s m\u0171k\u00f6d\u00e9s\u00e9ben bek\u00f6vetkez\u0151 v\u00e1ltoz\u00e1sok potenci\u00e1lis szerep\u00e9t az NSAID-ok \u00e1ltal induk\u00e1lt bakteri\u00e1lis \u00e9s epesav elt\u00e9r\u00e9sek kialakul\u00e1s\u00e1ban. Vizsg\u00e1latainkat modern m\u00f3dszerekkel, p\u00e9ld\u00e1ul 16S rRNS szekven\u00e1l\u00e1ssal \u00e9s folyad\u00e9kkromatogr\u00e1fia-kapcsolt tandem t\u00f6megspektrometri\u00e1val v\u00e9gezz\u00fck. Hasonl\u00f3an komplex vizsg\u00e1latokat, t\u00f6bb NSAID alkalmaz\u00e1s\u00e1val, sz\u00e1mos b\u00e9lk\u00e1rosod\u00e1sban szerepet j\u00e1tsz\u00f3 faktor m\u00e9r\u00e9s\u00e9vel, majd az \u00f6sszes m\u00e9rt param\u00e9ter (gyullad\u00e1sos markerek, az egyes b\u00e9lbakt\u00e9riumok \u00e9s epesavak) k\u00f6z\u00f6tti (t\u00f6bb ezer) korrel\u00e1ci\u00f3 sz\u00e1m\u00edt\u00e1s\u00e1val jelenleg m\u00e1sok nem v\u00e9geznek, \u00edgy munk\u00e1nk komoly tudom\u00e1nyos \u00e9rdekl\u0151d\u00e9sre tarthat sz\u00e1mot. Ezen fel\u00fcl, b\u00e1r az endokannabinoid rendszer fontoss\u00e1g\u00e1t sz\u00e1mos \u00e9lettani \u00e9s patol\u00f3giai folyamatban igazolt\u00e1k, mi vizsg\u00e1ln\u00e1nk els\u0151k\u00e9nt az esetleges v\u00e9d\u0151 szerep\u00e9t az NSAID enterop\u00e1ti\u00e1ban. \u00d6sszess\u00e9g\u00e9ben, p\u00e1ly\u00e1zatunkkal \u00e9rt\u00e9kes \u00faj ismeretekhez juthatunk az NSAID-ok \u00e1ltal okozott b\u00e9lk\u00e1rosod\u00e1s, diszbi\u00f3zis \u00e9s epesav elt\u00e9r\u00e9sek h\u00e1tter\u00e9ben \u00e1ll\u00f3 mechanizmusokr\u00f3l, \u00e9s rem\u00e9nyeink szerint \u00faj ter\u00e1pi\u00e1s c\u00e9lpontot azonos\u00edthatunk az NSAID enterop\u00e1tia kezel\u00e9s\u00e9hez.<\/p>\n<p><strong>K\u00e9pek<\/strong><\/p>\n\r\n        [slb_exclude]\r\n        <div class=\"row galeria-wrapper mx-0 h-auto\">\r\n            <div class=\"col-9 pl-0 pr-2\">\r\n            <span class=\"gallery-item frame\">\r\n\t\t\t\t<div class=\"galeria-left-img\"><a href=\"https:\/\/semmelweis.hu\/pharmacology\/files\/2025\/10\/otka-fk-zz4.jpg\"><img src=https:\/\/semmelweis.hu\/pharmacology\/files\/2025\/10\/otka-fk-zz4.jpg  \r\n                            alt=\"\" \r\n                            class=\"attachment-sote-gallery-big size-sote-gallery-big\" \r\n                            srcset=\"https:\/\/semmelweis.hu\/pharmacology\/files\/2025\/10\/otka-fk-zz4-400x267.jpg 400w, https:\/\/semmelweis.hu\/pharmacology\/files\/2025\/10\/otka-fk-zz4-1024x683.jpg 1024w, https:\/\/semmelweis.hu\/pharmacology\/files\/2025\/10\/otka-fk-zz4-768x512.jpg 768w, https:\/\/semmelweis.hu\/pharmacology\/files\/2025\/10\/otka-fk-zz4-1536x1024.jpg 1536w, https:\/\/semmelweis.hu\/pharmacology\/files\/2025\/10\/otka-fk-zz4-2048x1366.jpg 2048w, https:\/\/semmelweis.hu\/pharmacology\/files\/2025\/10\/otka-fk-zz4-753x502.jpg 753w, https:\/\/semmelweis.hu\/pharmacology\/files\/2025\/10\/otka-fk-zz4-203x135.jpg 203w\" ><\/a><\/div>\r\n            <\/span>\r\n\r\n            <\/div>\r\n\r\n\t\t\t<div class=\"col-3 pl-0 pr-0\">\r\n\t\t\t\t<div class=\"galeria-right-img d-flex justify-content-between flex-column h-100 w-100 px-0 mx-0 \">\r\n                <div class=\"galeria-box\">\r\n\t\t\t\t\t<h3 class=\"galeria-title\">Gal\u00e9ria<\/h3>\r\n\t\t\t\t\t<div class=\"galeria-subtitle\">\r\n\r\n\t\t\t\t\t\t<div class=\"galeria-page-counter\"><span>1<\/span>k\u00e9p<\/div>\r\n                    <\/div> <\/div>\r\n                    <span class=\"gallery-item frame d-none d-md-flex\">\r\n\t\t\t\t\t<div class=\"galeria-small-img mt-0\"><img src=https:\/\/semmelweis.hu\/pharmacology\/wp-content\/themes\/se18\/dist\/images\/100x100.svg \r\n                                alt=\"\"  \r\n                                class=\"attachment-sote-gallery-small size-sote-gallery-small\" \r\n                                srcset=\"\" ><\/div>\r\n                    <\/span>\r\n                    <span class=\"gallery-item frame d-none d-md-flex\">\r\n\t\t\t\t\t<div class=\"galeria-small-img mt-0\"><img src=https:\/\/semmelweis.hu\/pharmacology\/wp-content\/themes\/se18\/dist\/images\/100x100.svg \r\n                                alt=\"\" \r\n                                class=\"attachment-sote-gallery-small size-sote-gallery-small\" \r\n                                srcset=\"\" ><\/div>\r\n                    <\/span>\r\n\r\n                <\/div>\r\n\r\n            <\/div>\r\n\r\n            \r\n            <\/div>\r\n\r\n            [\/slb_exclude]\r\n\t\n","protected":false},"excerpt":{"rendered":"<p>A nem-szteroid gyullad\u00e1sg\u00e1tl\u00f3k \u00e1ltal v\u00e9konyb\u00e9lben okozott bakt\u00e9ri\u00e1lis \u00e9s epesav elt\u00e9r\u00e9sek anal\u00edzise, valamint a cannabinoidok enterop\u00e1ti\u00e1ra gyakorolt hat\u00e1s\u00e1nak vizsg\u00e1lata \u00a0 P\u00e1ly\u00e1zat: FK OTKA 138842 T\u00e1mogat\u00e1si \u00f6sszeg: 38.125.000 Ft Id\u0151tartam: 2021.09.01.-2025.08.31. Vezet\u0151 kutat\u00f3: Dr. Z\u00e1dori Zolt\u00e1n &nbsp; Szakmai \u00f6sszefoglal\u00f3 A f\u00e1jdalom- \u00e9s l\u00e1zcsillap\u00edt\u00f3, valamint gyullad\u00e1scs\u00f6kkent\u0151 hat\u00e1s\u00fa nem-szteroid gyullad\u00e1sg\u00e1tl\u00f3k (NSAID-ok) vil\u00e1gszerte a leggyakrabban alkalmazott gy\u00f3gyszerek k\u00f6z\u00e9 tartoznak, azonban &hellip;<\/p>\n","protected":false},"author":102427,"featured_media":0,"parent":15122,"menu_order":11,"comment_status":"closed","ping_status":"closed","template":"","meta":{"_acf_changed":false,"footnotes":""},"categories":[],"tags":[],"class_list":["post-15242","page","type-page","status-publish","hentry"],"acf":[],"_links":{"self":[{"href":"https:\/\/semmelweis.hu\/pharmacology\/wp-json\/wp\/v2\/pages\/15242","targetHints":{"allow":["GET"]}}],"collection":[{"href":"https:\/\/semmelweis.hu\/pharmacology\/wp-json\/wp\/v2\/pages"}],"about":[{"href":"https:\/\/semmelweis.hu\/pharmacology\/wp-json\/wp\/v2\/types\/page"}],"author":[{"embeddable":true,"href":"https:\/\/semmelweis.hu\/pharmacology\/wp-json\/wp\/v2\/users\/102427"}],"replies":[{"embeddable":true,"href":"https:\/\/semmelweis.hu\/pharmacology\/wp-json\/wp\/v2\/comments?post=15242"}],"version-history":[{"count":1,"href":"https:\/\/semmelweis.hu\/pharmacology\/wp-json\/wp\/v2\/pages\/15242\/revisions"}],"predecessor-version":[{"id":15244,"href":"https:\/\/semmelweis.hu\/pharmacology\/wp-json\/wp\/v2\/pages\/15242\/revisions\/15244"}],"up":[{"embeddable":true,"href":"https:\/\/semmelweis.hu\/pharmacology\/wp-json\/wp\/v2\/pages\/15122"}],"wp:attachment":[{"href":"https:\/\/semmelweis.hu\/pharmacology\/wp-json\/wp\/v2\/media?parent=15242"}],"wp:term":[{"taxonomy":"category","embeddable":true,"href":"https:\/\/semmelweis.hu\/pharmacology\/wp-json\/wp\/v2\/categories?post=15242"},{"taxonomy":"post_tag","embeddable":true,"href":"https:\/\/semmelweis.hu\/pharmacology\/wp-json\/wp\/v2\/tags?post=15242"}],"curies":[{"name":"wp","href":"https:\/\/api.w.org\/{rel}","templated":true}]}}